Raporty NOAA


Wybierz miesiac lub rok

Report for 2017 Marz
                   Monthly Climatological Summary for mar 2017

Name: Pogoda w Radlinie   City: Radlin   State: Woj. slaskie
Elevation: 283 m  Lat: N 50° 02' 43"   Lon: E 018° 29' 36"

                  Temperature (°C), Rain (mm), Wind Speed (km/h)

                                      Heat  Cool        Avg
    Mean                              Deg   Deg         Wind                 Dom
Day Temp  High   Time   Low    Time   Days  Days  Rain  Speed High   Time    Dir
----------------------------------------------------------------------------------
 1   7,1  10,0   01:06   4,4   23:54   8,4   0,0   1,4   0,0   0,0   00:00   ---
 2   7,2  12,1   14:56   3,3   02:51   8,3   0,0   0,1   0,0   0,0   00:00   ---
 3   7,3  11,6   11:42   3,8   05:57   8,2   0,0   0,1   0,0   0,0   00:00   ---
 4  11,8  16,9   14:30   4,5   07:07   3,9   0,2   0,0   0,0   0,0   00:00   ---
 5  12,5  16,8   13:11   7,3   23:46   3,1   0,0   9,3   0,0   0,0   00:00   ---
 6   6,9  10,8   11:13   3,2   22:32   8,6   0,0   3,2   0,0   0,0   00:00   ---
 7   5,1   8,8   11:32   2,5   01:51  10,4   0,0   1,0   0,0   0,0   00:00   ---
 8   4,9  10,8   14:44   1,4   23:11  10,6   0,0   0,1   0,0   0,0   00:00   ---
 9   3,7   6,4   13:18   0,8   01:14  11,8   0,0   2,3   0,0   0,0   00:00   ---
10   4,7   9,2   17:02   2,1   02:06  10,8   0,0   0,0   1,1  62,3   16:54     N
11   4,9   8,3   13:59   1,2   23:43  10,6   0,0   0,1   9,4  23,4   13:23     N
12   3,8   6,7   12:51   1,3   00:00  11,7   0,0   0,0   6,5  24,5   12:47    NE
13   3,7   9,1   14:30  -1,4   06:15  11,7   0,0   0,0   4,7  17,3   10:23    NE
14   3,6   9,7   14:07  -1,8   05:36  11,9   0,0   0,0   1,0   7,0   03:13   NNE
15   6,4  12,0   14:30   2,6   00:27   9,1   0,0   0,3   6,5  33,0   15:45   WNW
16   6,5  10,4   14:07   1,8   05:39   9,0   0,0   0,0  10,5  32,0   11:54    NW
17   8,0  14,3   13:15   1,7   05:15   7,5   0,0   3,2  12,3  40,0   12:38   WSW
18   5,6   9,8   15:59   3,1   03:31   9,9   0,0   3,9  17,6  44,0   18:32     W
19   4,8   9,3   14:39   2,3   04:27  10,7   0,0   3,5  13,0  32,0   05:09    NW
20   9,7  13,1   13:15   4,7   00:00   5,8   0,0   1,7  10,9  28,0   00:55   WSW
21  11,0  14,6   12:36   8,2   21:13   4,5   0,0   0,0   9,6  27,0   09:39   WSW
22   5,6   9,5   00:48   3,5   15:46   9,9   0,0  13,5  11,7  34,0   23:22   NNE
23   7,6  12,1   14:07   4,4   00:47   7,9   0,0   0,1   9,0  28,0   05:35     E
24   6,2   8,1   10:35   1,7   23:55   9,3   0,0   0,0   7,5  22,0   11:37     N
25   6,1  11,5   12:12   0,5   02:49   9,4   0,0   0,0   9,4  32,0   13:40   NNW
26   3,9   8,7   14:35  -0,2   06:08  11,1   0,0   0,0   7,5  22,0   09:25   NNE
27   6,5  14,7   16:13  -1,1   06:43   9,0   0,0   0,0   6,6  18,0   12:43   WSW
28  11,8  20,1   15:59   4,7   06:38   4,7   1,0   0,0   8,6  21,0   05:40    SW
29  13,3  19,7   16:20   8,2   07:17   3,1   0,9   0,3  13,0  34,0   19:12   WNW
30  11,6  15,5   14:51   9,0   23:58   3,9   0,0   0,2   6,4  18,0   14:52    NW
31  13,9  20,9   16:38   7,3   05:48   3,0   1,4   0,0  11,2  27,0   11:48   SSW
----------------------------------------------------------------------------------
     7,3  20,9    31    -1,8    14   257,8   3,5  44,3   6,4  62,3    10     WNW

Max >=  25,0:  0
Max <=  15,0: 25
Min <=  10,0: 31
Min <= -10,0:  0
Max Rain: 13,5 on day 22
Days of Rain: 13 (>= 0,2 mm)  7 (>= 2,0 mm)  0 (>= 20,0 mm)
Heat Base: 15,5  Cool Base: 15,5  Method: Integration