Raporty NOAA



Report for 2017 Lut
                   Monthly Climatological Summary for lut 2017

Name: Pogoda w Radlinie   City: Radlin   State: Woj. slaskie
Elevation: 283 m  Lat: N 50° 02' 43"   Lon: E 018° 29' 36"

                  Temperature (°C), Rain (mm), Wind Speed (km/h)

                                      Heat  Cool        Avg
    Mean                              Deg   Deg         Wind                 Dom
Day Temp  High   Time   Low    Time   Days  Days  Rain  Speed High   Time    Dir
----------------------------------------------------------------------------------
 1   0,6   3,3   14:43  -1,5   00:00  14,9   0,0   4,1   0,0   0,0   00:00   ---
 2   1,4   2,3   11:25   0,7   10:16  14,1   0,0   6,5   0,0   0,0   00:00   ---
 3   2,4   5,2   13:33   1,2   00:00  13,1   0,0   9,9   0,0   0,0   00:00   ---
 4   1,7   3,1   14:52   0,8   06:30  13,8   0,0   0,1   0,0   0,0   00:00   ---
 5   2,8   6,1   13:38   1,2   01:50  12,7   0,0   0,1   0,0   0,0   00:00   ---
 6   0,2   2,3   00:00  -1,9   23:33  15,3   0,0   0,0   0,0   0,0   00:00   ---
 7  -3,0  -1,9   00:00  -4,8   23:46  18,5   0,0   0,0   0,0   0,0   00:00   ---
 8  -6,0  -4,8   00:00  -6,9   08:18  21,5   0,0   0,0   0,0   0,0   00:00   ---
 9  -5,4  -3,6   14:22  -6,7   06:31  20,9   0,0   0,0   0,0   0,0   00:00   ---
10  -2,9   1,5   14:47  -6,1   01:39  18,4   0,0   0,0   0,0   0,0   00:00   ---
11  -3,3   2,5   13:20  -6,5   07:32  18,8   0,0   0,0   0,0   0,0   00:00   ---
12  -3,8   1,9   13:26  -8,9   07:21  19,3   0,0   0,0   0,0   0,0   00:00   ---
13  -6,1  -4,8   14:47  -7,5   03:50  21,6   0,0   0,0   0,0   0,0   00:00   ---
14  -2,7   4,5   14:36  -7,2   03:54  18,2   0,0   0,1   0,0   0,0   00:00   ---
15   2,1  10,8   13:21  -4,4   06:39  13,4   0,0   0,0   0,0   0,0   00:00   ---
16   4,3   9,2   14:05  -0,4   00:00  11,2   0,0   0,1   0,0   0,0   00:00   ---
17   2,4   4,4   11:32   0,9   19:20  13,1   0,0   4,9   0,0   0,0   00:00   ---
18   2,9   4,7   13:16   1,0   02:24  12,6   0,0   0,8   0,0   0,0   00:00   ---
19   2,8   4,7   14:57   1,3   23:37  12,7   0,0   0,1   0,0   0,0   00:00   ---
20   3,5   7,4   13:12   0,4   07:05  12,0   0,0   2,2   0,0   0,0   00:00   ---
21   5,4   7,0   12:37   4,0   23:57  10,1   0,0   4,9   0,0   0,0   00:00   ---
22   6,3   9,5   20:42   1,8   05:51   9,2   0,0   1,8   0,0   0,0   00:00   ---
23   8,0  12,3   22:21   4,9   01:39   7,5   0,0   8,3   0,0   0,0   00:00   ---
24   6,4  11,8   01:11  -0,9   23:40   9,1   0,0   0,0   0,0   0,0   00:00   ---
25   1,5   6,0   15:15  -1,8   02:42  14,0   0,0   0,1   0,0   0,0   00:00   ---
26   4,8   6,8   11:42   0,7   00:00  10,7   0,0   0,0   0,0   0,0   00:00   ---
27   9,1  17,4   14:46   2,6   06:20   6,5   0,1   0,0   0,0   0,0   00:00   ---
28   9,3  12,6   11:18   4,1   06:36   6,2   0,0   0,0   0,0   0,0   00:00   ---
----------------------------------------------------------------------------------
     1,6  17,4    27    -8,9    12   389,4   0,1  44,0   0,0   0,0     0     ---

Max >=  25,0:  0
Max <=  15,0: 27
Min <=  10,0: 28
Min <= -10,0:  0
Max Rain: 9,9 on day 3
Days of Rain: 9 (>= 0,2 mm)  7 (>= 2,0 mm)  0 (>= 20,0 mm)
Heat Base: 15,5  Cool Base: 15,5  Method: Integration