Raporty NOAA


Wybierz miesiac lub rok

Report for 2017 Sty
                   Monthly Climatological Summary for sty 2017

Name: Pogoda w Radlinie   City: Radlin   State: Woj. slaskie
Elevation: 283 m  Lat: N 50° 02' 43"   Lon: E 018° 29' 36"

                  Temperature (°C), Rain (mm), Wind Speed (km/h)

                                      Heat  Cool        Avg
    Mean                              Deg   Deg         Wind                 Dom
Day Temp  High   Time   Low    Time   Days  Days  Rain  Speed High   Time    Dir
----------------------------------------------------------------------------------
 1  -1,0   3,5   13:31  -4,0   05:39  16,5   0,0   0,0   1,1  33,1   14:48     N
 2  -3,0  -1,1   01:09  -4,9   07:56  18,5   0,0   0,0   0,4  39,2   01:55     N
 3  -1,5   1,0   17:48  -5,0   05:32  17,0   0,0   0,0   0,1  28,1   23:53     N
 4   0,8   3,1   14:31  -1,3   03:59  14,7   0,0   4,1   0,4  34,2   00:36     N
 5  -4,2   0,0   00:00  -9,7   23:38  19,7   0,0   0,0   0,1  28,1   15:08   NNE
 6 -11,6  -8,9   11:53 -17,4   23:50  27,1   0,0   0,0   0,0   0,0   00:00   ---
 7 -16,1 -12,7   13:36 -19,4   07:56  31,7   0,0   0,0   0,0   0,0   00:05   ---
 8 -13,5  -6,8   13:25 -19,9   07:44  29,0   0,0   0,0   0,0   0,0   00:00   ---
 9 -12,3  -5,3   12:33 -17,5   06:05  27,8   0,0   0,0   0,0   0,0   00:00   ---
10  -9,8  -3,8   13:32 -15,0   04:31  25,3   0,0   0,0   0,0   0,0   00:00   ---
11  -6,6  -0,9   13:17 -12,4   07:31  22,1   0,0   0,0   0,0   0,0   00:00   ---
12  -1,4   1,9   13:22  -5,0   01:43  16,9   0,0   1,3   0,0   0,0   00:00   ---
13   3,0   6,0   13:47   0,1   00:00  12,5   0,0   0,3   0,0   0,0   00:00   ---
14   0,3   4,2   12:34  -1,3   23:50  15,2   0,0   0,7   0,0   0,0   00:00   ---
15  -0,9   1,9   13:14  -1,8   03:34  16,4   0,0   1,3   0,0   0,0   00:00   ---
16  -2,0  -0,2   14:22  -3,4   08:10  17,6   0,0   0,4   0,0   0,0   00:00   ---
17  -2,9  -2,4   19:06  -3,3   00:00  18,4   0,0   0,0   0,0   0,0   00:00   ---
18  -4,9  -2,4   00:00  -7,0   20:59  20,5   0,0   0,0   0,0   0,0   00:00   ---
19  -7,8  -4,7   13:31 -11,9   22:43  23,3   0,0   0,0   0,0   0,0   00:00   ---
20  -4,1   0,1   15:07 -11,1   00:00  19,6   0,0   0,0   0,0   0,0   00:00   ---
21  -0,3   2,0   13:50  -2,2   05:57  15,8   0,0   0,1   0,0   0,0   00:00   ---
22  -0,6   5,4   13:34  -4,8   06:51  16,1   0,0   0,1   0,0   0,0   00:00   ---
23  -2,2   1,1   10:47  -5,7   23:52  17,7   0,0   0,0   0,0   0,0   00:00   ---
24  -4,7  -3,9   23:55  -5,8   00:08  20,2   0,0   0,0   0,0   0,0   00:00   ---
25  -2,1  -1,0   23:29  -3,9   00:00  17,5   0,0   0,0   0,0   0,0   00:00   ---
26  -1,5   3,0   12:43  -6,1   23:57  16,9   0,0   0,2   0,0   0,0   00:00   ---
27  -2,3   3,7   13:34  -6,4   00:28  17,8   0,0   0,0   0,0   0,0   00:00   ---
28  -5,4  -1,0   14:10  -8,5   07:49  20,9   0,0   0,0   0,0   0,0   00:00   ---
29  -4,8   0,4   13:46  -7,3   06:24  20,2   0,0   0,0   0,0   0,0   00:00   ---
30  -4,4   1,4   13:25  -7,4   05:51  19,9   0,0   0,0   0,0   0,0   00:00   ---
31  -2,0   1,0   14:50  -6,2   00:00  17,5   0,0   0,1   0,0   0,0   00:00   ---
----------------------------------------------------------------------------------
    -4,2   6,0    13   -19,9     8   610,3   0,0   8,6   0,1  39,2     2       N

Max >=  25,0:  0
Max <=  15,0: 31
Min <=  10,0: 31
Min <= -10,0:  8
Max Rain: 4,1 on day 4
Days of Rain: 7 (>= 0,2 mm)  1 (>= 2,0 mm)  0 (>= 20,0 mm)
Heat Base: 15,5  Cool Base: 15,5  Method: Integration