Raporty NOAA



Report for 2017
                   Annual Climatological Summary for 2017

Name: Pogoda w Radlinie   City: Radlin   State: Woj. slaskie
Elevation: 283 m  Lat: N 50° 02' 43"   Lon: E 018° 29' 36"

                  Temperature (°C), Heat Base: 15,5  Cool Base: 15,5
                          Dep.  Heat  Cool                       Max  Max  Min  Min
        Mean  Mean        From  Deg   Deg                        >=   <=   <=   <=
 YR MO  Max   Min   Mean  Norm  Days  Days  Hi  Date  Low  Date 25,0 15,0 10,0 -10,0
------------------------------------------------------------------------------------
 17  1  -0,5  -7,6  -4,2  -2,1   610     0   6,0  13 -19,9    8    0   31   31    8
 17  2   5,1  -1,4   1,6   2,6   389     0  17,4  27  -8,9   12    0   27   28    0
 17  3  12,0   3,1   7,3   4,3   257     3  20,9  31  -1,8   14    0   25   31    0
 17  4  12,3   4,1   8,0   0,3   234     8  24,4   2  -2,7   21    0   23   29    0
 17  5  20,1   9,6  15,0   1,7    74    58  30,2  30  -0,2   10    5    4   13    0
 17  6  24,3  14,0  19,3   3,2    13   128  31,8  28   9,9    8   15    1    1    0
 17  7  25,2  14,6  19,6   1,6     6   135  34,3  31   8,4   14   13    0    1    0
 17  8  26,0  15,2  20,4   3,6    10   162  35,3   1   9,8   24   19    0    1    0
 17  9  17,4  10,9  13,8   0,5    74    23  25,0  14   6,7   29    1   10    7    0
 17 10  14,7   7,5  10,7   2,3   158     9  23,9  18   0,9   30    0   18   23    0
 17 11   8,1   2,7   5,0   1,9   314     0  15,3   5  -1,5   16    0   29   30    0
 17 12   3,7  -1,0   1,5   1,7   154     0  12,9  11  -6,4    2    0   11   11    0
------------------------------------------------------------------------------------
        14,0   6,0   9,8   1,8  2299   529  35,3 sie -19,9  sty   53  179  206    8

                                Precipitation (mm)

              Dep.   Max        Days of Rain
              From   Obs.           >=
 YR MO Total  Norm   Day Date  0,2  2,0 20,0
---------------------------------------------
 17  1   8,6 -25,4   4,1   4     7    1    0
 17  2  44,0  18,0   9,9   3     9    7    0
 17  3  44,3  -4,7  13,5  22    13    7    0
 17  4  91,8  46,8  19,9  28    23   14    0
 17  5  28,4-114,6   4,7  24    14    7    0
 17  6  45,1 -47,9  10,1  10     9    6    0
 17  7  76,6-102,4  21,3   7    17   11    1
 17  8  44,1 -69,9  12,2  20    10    6    0
 17  9 125,5  67,5  36,9  17    19   13    1
 17 10  85,2  43,2  25,0   3    15    8    2
 17 11  44,3  17,3   9,9   2    18    9    0
 17 12   8,6 -16,4   5,2   1     3    2    0
---------------------------------------------
       646,5-188,5  36,9  wrz  157   91    4

                                Wind Speed (km/h)
                          Dom
 YR MO   Avg.  Hi   Date  Dir
------------------------------
 17  1   0,1  39,2    2     N
 17  2   0,0   0,0    0   ---
 17  3   6,4  62,3   10    NW
 17  4  10,7  55,0    6    NW
 17  5   8,7  58,0   30     N
 17  6   8,6  56,0   28     W
 17  7   6,6  76,0   27     W
 17  8   5,6  59,0    3    SW
 17  9   7,6  56,0   13     W
 17 10   9,2  60,0   29   WSW
 17 11  10,1  51,0   10    SW
 17 12  11,8  51,0   11   SSW
------------------------------
         7,1  76,0  lip     W