Raporty NOAA


Wybierz miesiac lub rok

Report for 2016 Gru
                   Monthly Climatological Summary for gru 2016

Name: Pogoda w Radlinie   City: Radlin   State: Woj. slaskie
Elevation: 283 m  Lat: N 50° 02' 43"   Lon: E 018° 29' 36"

                  Temperature (°C), Rain (mm), Wind Speed (km/h)

                                      Heat  Cool        Avg
    Mean                              Deg   Deg         Wind                 Dom
Day Temp  High   Time   Low    Time   Days  Days  Rain  Speed High   Time    Dir
----------------------------------------------------------------------------------
 1   1,0   3,3   23:51  -0,8   00:40  14,5   0,0  24,8  13,1  30,6   23:39    NE
 2   2,2   4,5   03:43   0,3   16:39  13,3   0,0   3,2  19,7  52,6   05:42     N
 3   0,3   1,4   01:18  -2,5   23:51  15,2   0,0   0,4   9,8  27,0   06:59     N
 4  -2,8   0,9   14:33  -5,4   06:58  18,3   0,0   0,0   5,0  13,3   06:44     N
 5  -1,2   4,4   12:54  -5,1   06:55  16,7   0,0   0,1  14,5  36,7   19:46     N
 6  -1,1   0,5   19:19  -3,4   04:11  16,6   0,0   0,0  11,1  30,6   00:07     N
 7   0,7   3,5   13:19  -0,5   03:43  14,8   0,0   0,5  13,1  43,9   19:14     N
 8   1,2   5,3   11:20   0,5   00:00  14,3   0,0   0,2  29,3  50,0   05:19    SE
 9   2,1   3,9   19:21  -0,2   03:20  13,4   0,0   0,1  20,1  41,8   00:56   ESE
10   6,4   8,2   13:58   3,6   00:00   9,1   0,0   0,0  19,5  37,8   07:50   SSE
11   6,3   7,4   00:00   5,3   23:21   9,2   0,0   1,8  20,0  51,5   16:20   SSE
12   1,4   5,4   03:08  -5,0   23:13  14,1   0,0   7,4  11,0  37,8   13:29    NW
13  -2,7   0,9   13:32  -6,8   04:50  18,2   0,0   0,0   6,4  31,7   11:00   SSE
14  -0,3   1,3   18:11  -1,9   07:29  15,8   0,0   1,0   9,1  33,1   08:32   SSE
15   0,7   1,2   03:40   0,0   23:56  14,8   0,0   0,9   6,1  18,4   04:48   WSW
16  -0,6   2,9   13:47  -2,8   08:24  16,2   0,0   0,1   7,1  31,7   22:48   SSE
17  -0,3   5,1   13:45  -2,9   20:24  15,8   0,0   0,1  13,3  34,2   11:44     W
18  -0,7   0,6   19:46  -2,9   01:25  16,2   0,0   0,0   9,0  25,6   03:18     W
19   0,3   1,7   15:07  -1,2   23:37  15,2   0,0   0,4   3,9  23,4   22:24     N
20  -2,2  -0,9   13:30  -3,6   21:43  17,7   0,0   0,0   7,4  19,4   01:44    SE
21  -2,0   2,0   12:13  -4,5   05:38  17,5   0,0   0,3  13,2  43,9   23:52    SE
22  -2,9   0,2   23:21  -3,7   05:27  18,4   0,0   0,0  24,3  55,1   11:09     N
23  -2,3  -0,6   12:44  -3,5   06:23  17,7   0,0   0,0  14,2  33,1   02:38     N
24   0,1   2,3   22:40  -1,7   00:00  15,4   0,0   1,3  21,7  55,1   05:54     N
25   3,2   5,1   23:28   1,7   00:20  12,3   0,0   8,2  13,1  30,6   06:19     N
26   6,3   9,0   14:43   4,3   23:59   9,2   0,0   0,9  11,6  35,6   19:39     N
27   3,1   4,5   14:34   2,0   03:22  12,4   0,0   1,4   7,2  45,4   14:48     N
28   0,9   2,6   12:59  -0,1   07:58  14,6   0,0   0,0   0,5  25,6   00:16     N
29  -1,3   0,5   11:37  -4,5   23:54  16,8   0,0   0,0   0,0   3,6   02:50     N
30  -2,6   3,4   13:11  -5,4   04:09  18,1   0,0   0,1   0,1   5,0   20:11     N
31  -1,4   3,7   13:38  -3,9   06:24  16,9   0,0   0,0   0,3  28,1   23:12     N
----------------------------------------------------------------------------------
     0,4   9,0    26    -6,8    13   468,7   0,0  53,2  11,4  55,1    22      NE

Max >=  25,0:  0
Max <=  15,0: 31
Min <=  10,0: 31
Min <= -10,0:  0
Max Rain: 24,8 on day 1
Days of Rain: 15 (>= 0,2 mm)  4 (>= 2,0 mm)  1 (>= 20,0 mm)
Heat Base: 15,5  Cool Base: 15,5  Method: Integration