Raporty NOAA



Report for 2016 Lis
                   Monthly Climatological Summary for lis 2016

Name: Pogoda w Radlinie   City: Radlin   State: Woj. slaskie
Elevation: 285 m  Lat: N 50° 02' 43"   Lon: E 018° 29' 36"

                  Temperature (°C), Rain (mm), Wind Speed (km/h)

                                      Heat  Cool        Avg
    Mean                              Deg   Deg         Wind                 Dom
Day Temp  High   Time   Low    Time   Days  Days  Rain  Speed High   Time    Dir
----------------------------------------------------------------------------------
 1   8,4  11,8   13:29   5,8   04:54   7,1   0,0   1,1  12,2  33,1   20:40   WSW
 2   7,1   9,7   00:55   5,5   07:37   8,4   0,0   2,1  12,6  29,5   20:36     W
 3   3,0   6,3   12:23  -0,8   23:34  12,5   0,0   1,3  11,8  34,2   12:19   WNW
 4   3,2   8,4   13:40  -0,9   00:24  12,3   0,0   0,1   9,9  29,5   12:54    SE
 5   6,9  10,7   14:54   2,7   01:11   8,6   0,0   0,0   6,0  20,9   14:39   SSW
 6   7,4  11,4   02:49   4,2   23:59   8,1   0,0  11,1   7,4  22,0   05:43   WNW
 7   4,5   7,0   12:30   1,5   23:56  11,0   0,0   0,4   8,4  24,5   15:11   WNW
 8   2,2   6,1   11:43  -1,2   23:56  13,3   0,0   0,0   4,4  18,4   00:15   WSW
 9  -0,1   4,2   14:07  -2,8   23:24  15,6   0,0   0,1   3,5  17,3   11:48     E
10   1,0   4,1   15:07  -2,8   00:12  14,5   0,0   0,7   7,3  30,6   19:51   ENE
11   3,0   5,4   13:27   1,3   23:46  12,6   0,0   0,2   7,5  30,6   00:23   WSW
12   0,5   1,3   00:00  -1,0   23:41  15,0   0,0   0,0  10,7  28,1   09:57   WNW
13  -1,0   0,7   13:51  -4,0   06:09  16,5   0,0   0,0  10,3  22,0   01:41     N
14   0,2   2,1   14:16  -2,7   20:17  15,3   0,0   0,8   6,0  20,9   01:17     W
15   0,5   4,4   12:56  -3,7   07:21  15,0   0,0   0,0  18,1  52,6   21:49     S
16   2,3   3,8   14:11   0,5   00:07  13,2   0,0   2,8  24,3  41,8   00:44   WNW
17   4,8   6,0   15:46   3,0   00:00  10,7   0,0   0,1  19,7  37,8   10:28     W
18   8,1  11,6   13:07   3,6   04:54   7,4   0,0   0,0  12,7  42,8   12:33   ENE
19  10,8  13,8   15:58   7,2   23:49   4,7   0,0   6,2  12,0  41,8   20:23    NE
20   9,1  13,1   13:35   5,1   06:48   6,4   0,0   0,0   7,3  25,6   16:16    NW
21  12,3  17,7   13:46   7,9   04:34   3,4   0,2   0,0  10,1  43,9   13:10   NNE
22  12,7  18,2   12:37   7,8   23:09   3,2   0,5   0,0  10,7  39,2   11:15    NE
23  10,5  14,9   13:19   6,1   07:07   5,0   0,0   0,0   5,5  22,0   12:37    NE
24   9,2  11,5   11:57   7,3   23:52   6,3   0,0   0,2   4,4  15,8   23:48     N
25   5,1   7,3   00:00   1,5   23:49  10,4   0,0   0,7   7,6  19,4   01:22   WNW
26   4,2   8,4   14:37   1,3   00:23  11,3   0,0   0,1   4,1  19,4   23:45   WNW
27   4,1   7,2   00:34   1,2   23:18  11,4   0,0   2,2  12,0  36,7   12:22     W
28  -0,4   1,4   00:00  -2,4   23:55  16,0   0,0   0,0  18,0  43,9   10:20     N
29  -0,5   1,1   15:59  -3,2   01:38  16,0   0,0   0,1  10,9  29,5   11:49     N
30  -0,7   0,6   00:07  -2,2   07:22  16,2   0,0   0,0  14,4  34,2   20:09   NNE
----------------------------------------------------------------------------------
     4,6  18,2    22    -4,0    13   327,4   0,7  30,3  10,3  52,6    15      NW

Max >=  25,0:  0
Max <=  15,0: 28
Min <=  10,0: 30
Min <= -10,0:  0
Max Rain: 11,1 on day 6
Days of Rain: 13 (>= 0,2 mm)  5 (>= 2,0 mm)  0 (>= 20,0 mm)
Heat Base: 15,5  Cool Base: 15,5  Method: Integration