Raporty NOAA


Wybierz miesiac lub rok

Report for 2016 Paz
                   Monthly Climatological Summary for paź 2016

Name: Pogoda w Radlinie   City: Radlin   State: Woj. slaskie
Elevation: 285 m  Lat: N 50° 02' 43"   Lon: E 018° 29' 36"

                  Temperature (°C), Rain (mm), Wind Speed (km/h)

                                      Heat  Cool        Avg
    Mean                              Deg   Deg         Wind                 Dom
Day Temp  High   Time   Low    Time   Days  Days  Rain  Speed High   Time    Dir
----------------------------------------------------------------------------------
 1  17,6  23,9   15:45  11,6   07:13   0,7   2,7   0,0   5,0  17,3   13:15   WSW
 2  15,5  19,8   13:22  11,8   07:08   1,0   1,0   2,6   5,1  22,0   17:17   WNW
 3  11,5  14,0   00:43   8,4   22:41   4,1   0,0  12,9   8,4  24,5   06:21     W
 4  10,3  12,3   07:46   5,6   23:53   5,2   0,0   9,1  14,6  41,8   11:11    NW
 5   5,1   5,9   00:28   4,6   06:54  10,4   0,0  11,6  16,6  30,6   08:49   WNW
 6   5,6   8,2   16:13   2,5   23:58   9,9   0,0   3,6   8,7  30,6   01:13    NW
 7   4,7   8,9   15:24   1,1   02:33  10,8   0,0   0,1   3,0  12,2   15:26     N
 8   5,6   8,3   18:42   3,5   00:46  10,0   0,0   1,6   5,2  14,8   03:57     W
 9   8,1  10,8   14:07   5,2   07:28   7,4   0,0   0,1   4,5  17,3   09:55    NW
10   8,1  10,1   16:07   6,8   23:40   7,4   0,0   1,1   4,7  15,8   15:51     W
11   6,9   8,3   11:21   6,1   04:30   8,6   0,0   6,3   5,0  27,0   21:41    NW
12   6,7   7,5   13:09   6,0   01:54   8,8   0,0   6,5  11,4  30,6   18:28    NW
13   6,0   7,2   12:30   4,1   21:21   9,5   0,0   0,1  11,9  35,6   01:30     N
14   6,9  11,7   14:18   1,8   07:12   8,6   0,0   0,0  11,6  27,0   09:48    NE
15  12,1  18,2   15:14   7,2   07:34   3,8   0,4   0,0   6,1  19,4   05:25     E
16   7,1  10,7   00:00   5,4   23:29   8,4   0,0   0,2   7,8  27,0   20:42     N
17   7,2   9,5   16:25   4,9   04:42   8,3   0,0   0,0   5,4  19,4   00:13   NNE
18   9,5  12,2   11:38   8,3   22:47   6,0   0,0   1,6   5,7  23,4   22:52     E
19   9,0  10,3   16:28   8,0   05:42   6,5   0,0   1,5  10,0  29,5   10:52    SE
20   7,6   9,1   00:00   6,5   22:50   7,9   0,0  14,8   3,9  14,8   05:34    SE
21   6,0   7,6   16:46   4,3   07:07   9,5   0,0   1,0   5,7  14,8   23:37     E
22   6,5  10,7   15:26   4,3   01:55   9,0   0,0   0,1   6,5  18,4   15:10    SE
23   9,0  14,9   14:48   4,9   06:27   6,5   0,0   1,5   6,0  19,4   13:20   SSE
24  11,0  16,6   15:39   6,9   05:14   4,6   0,1   0,0   4,8  17,3   12:35     N
25  12,4  15,4   11:07   9,3   23:55   3,1   0,0   3,5  10,6  31,7   09:33   SSE
26   8,3  10,3   14:27   4,6   23:48   7,2   0,0   0,2   4,9  18,4   10:32    NE
27   5,2   9,6   13:48   1,8   23:44  10,2   0,0   0,0   2,5  11,2   01:45   ESE
28   6,2  11,2   12:46   0,8   03:07   9,2   0,0   1,3  12,1  29,5   13:58   WSW
29   8,8  10,6   11:50   6,0   22:27   6,7   0,0   0,7  13,4  34,2   11:46   WSW
30   6,9  10,0   12:49   5,2   02:40   9,0   0,0   1,1  10,5  34,2   10:45     N
31   6,4   8,1   13:45   4,7   05:10   9,1   0,0   1,0   6,1  20,9   10:55     W
----------------------------------------------------------------------------------
     8,3  23,9     1     0,8    28   227,4   4,2  84,1   7,7  41,8     4      NW

Max >=  25,0:  0
Max <=  15,0: 26
Min <=  10,0: 29
Min <= -10,0:  0
Max Rain: 14,8 on day 20
Days of Rain: 21 (>= 0,2 mm)  9 (>= 2,0 mm)  0 (>= 20,0 mm)
Heat Base: 15,5  Cool Base: 15,5  Method: Integration