Raporty NOAA



Report for 2016 Wrz
                   Monthly Climatological Summary for wrz 2016

Name: Pogoda w Radlinie   City: Radlin   State: Woj. slaskie
Elevation: 285 m  Lat: N 50° 02' 43"   Lon: E 018° 29' 36"

                  Temperature (°C), Rain (mm), Wind Speed (km/h)

                                      Heat  Cool        Avg
    Mean                              Deg   Deg         Wind                 Dom
Day Temp  High   Time   Low    Time   Days  Days  Rain  Speed High   Time    Dir
----------------------------------------------------------------------------------
 1  19,0  26,0   16:53  11,8   06:21   0,8   4,3   0,0   6,5  20,9   12:37     S
 2  19,7  25,4   13:50  14,3   06:07   0,1   4,3   0,0   3,8  14,8   12:20   WSW
 3  19,9  26,1   15:47  14,2   06:07   0,2   4,6   0,0   7,6  22,0   08:41   SSE
 4  21,1  27,4   15:15  16,2   06:20   0,0   5,6   8,4  10,9  33,1   15:52   SSE
 5  16,6  19,0   16:47  14,8   23:36   0,1   1,2  15,9   8,6  22,0   02:57     W
 6  15,6  18,7   16:16  13,5   04:49   0,7   0,9   4,7  10,8  29,5   03:08    NW
 7  19,0  24,1   16:14  14,3   03:56   0,2   3,7   0,0   5,1  23,4   11:36     N
 8  20,6  27,0   15:16  14,6   06:24   0,1   5,2   0,0   5,9  20,9   14:41    SW
 9  21,7  28,3   15:16  15,7   05:36   0,0   6,2   0,0   6,2  18,4   13:50    SE
10  21,7  27,9   14:50  16,2   06:26   0,0   6,2   0,0   4,0  13,3   14:00   ESE
11  21,8  28,6   15:07  15,6   06:16   0,0   6,3   0,0   3,4  12,2   22:07   ENE
12  21,7  27,9   15:43  15,9   06:41   0,0   6,3   0,0   5,7  27,0   14:08    NE
13  21,5  27,8   15:35  15,7   06:38   0,0   6,0   0,0   5,8  18,4   13:36   NNE
14  19,8  25,1   14:00  14,9   23:58   0,0   4,4   0,0   5,9  19,4   11:48   NNW
15  17,9  24,7   15:33  10,5   06:50   1,1   3,6   0,0   6,3  15,8   11:40   WNW
16  20,4  26,4   16:29  13,8   06:26   0,2   5,1   0,0   4,3  14,8   12:07     S
17  17,7  20,6   12:52  16,0   22:56   0,0   2,2   8,9   4,8  18,4   13:53   SSE
18  15,3  17,7   12:54  12,4   22:47   0,7   0,5   4,5   6,0  20,9   08:34    NE
19  12,4  13,1   10:39  10,9   23:44   3,1   0,0   1,4   4,9  18,4   15:36     N
20  11,2  14,4   15:09   7,5   06:37   4,3   0,0   0,0   7,2  24,5   11:41   WNW
21  11,5  14,6   14:41   8,6   23:56   4,0   0,0   0,3   5,8  17,3   12:36   WSW
22  11,0  16,4   15:41   6,6   05:41   4,6   0,1   0,0   4,8  23,4   13:13   NNW
23  12,3  17,8   14:11   7,0   06:41   3,6   0,5   0,0   4,1  13,3   08:33   WNW
24  13,6  19,5   15:49   9,1   06:53   2,7   0,8   0,0   5,3  13,3   16:28    NW
25  12,9  18,5   14:36   8,1   06:11   3,2   0,6   0,0   5,6  18,4   12:37    NE
26  12,3  19,3   15:42   6,0   06:38   3,9   0,7   0,0   5,2  15,8   18:26    NE
27  12,3  18,8   16:26   7,8   06:16   3,7   0,5   0,0   4,1  12,2   01:40   ENE
28  14,7  20,0   15:52   9,0   04:11   2,3   1,5   0,0   9,9  30,6   16:58    SE
29  18,5  22,9   14:40  15,8   07:13   0,0   3,0   0,0  12,0  30,6   16:13   SSE
30  19,2  24,0   15:59  15,5   07:12   0,0   3,7   0,0  10,8  28,1   10:39     S
----------------------------------------------------------------------------------
    17,1  28,6    11     6,0    26    39,6  88,0  44,1   6,4  33,1     4       S

Max >=  25,0: 12
Max <=  15,0:  3
Min <=  10,0:  9
Min <= -10,0:  0
Max Rain: 15,9 on day 5
Days of Rain: 7 (>= 0,2 mm)  5 (>= 2,0 mm)  0 (>= 20,0 mm)
Heat Base: 15,5  Cool Base: 15,5  Method: Integration