Raporty NOAA



Report for 2016 Sie
                   Monthly Climatological Summary for sie 2016

Name: Pogoda w Radlinie   City: Radlin   State: Woj. slaskie
Elevation: 285 m  Lat: N 50° 02' 43"   Lon: E 018° 29' 36"

                  Temperature (°C), Rain (mm), Wind Speed (km/h)

                                      Heat  Cool        Avg
    Mean                              Deg   Deg         Wind                 Dom
Day Temp  High   Time   Low    Time   Days  Days  Rain  Speed High   Time    Dir
----------------------------------------------------------------------------------
 1  18,6  21,9   17:52  15,5   23:52   0,0   3,1   2,6   9,5  27,0   09:22    NW
 2  19,1  24,2   17:37  12,5   05:52   0,4   4,1   0,0   4,8  18,4   22:22   NNE
 3  20,4  23,6   17:07  17,3   05:52   0,0   4,9   0,0   6,1  18,4   12:07   WNW
 4  24,1  29,3   16:37  19,6   02:52   0,0   8,6   0,0   9,7  20,9   16:52   SSW
 5  22,5  29,0   15:22  15,6   23:52   0,0   7,0  11,7  12,5  31,7   16:37   WSW
 6  16,1  18,9   18:52  14,5   06:07   0,3   0,8   6,9   6,5  17,3   00:37     N
 7  18,4  23,2   16:22  12,9   05:37   0,3   3,3   0,0   6,0  20,9   14:07     N
 8  21,0  27,3   16:37  13,9   05:52   0,3   5,8   0,0  10,6  20,9   18:22     S
 9  19,0  25,5   14:37  13,5   23:37   0,2   3,8  20,7   9,6  31,7   15:37     W
10  12,5  13,5   00:07  11,9   06:07   3,0   0,0  13,8   4,2  14,8   00:07     N
11  13,2  17,3   16:22  10,5   07:07   2,5   0,2   0,2   6,1  18,4   15:22    NW
12  15,0  20,7   15:52   8,2   06:07   2,1   1,6   0,0   9,1  19,4   14:07   SSE
13  17,1  21,6   15:37  12,8   05:07   0,7   2,3   0,0  10,3  19,4   07:52   SSE
14  19,2  24,9   14:52  16,2   04:07   0,0   3,7   9,7   7,2  23,4   15:37     S
15  18,1  22,0   14:52  14,0   06:07   0,1   2,7   0,0   4,5  18,4   12:52   NNW
16  16,7  20,3   14:52  13,5   04:07   0,5   1,7   0,0   3,6  11,2   08:07     N
17  16,0  20,5   17:37  12,4   07:22   0,9   1,4   1,0   4,4  14,8   13:07   NNW
18  17,9  24,0   16:22  12,1   05:22   0,9   3,3   0,0   7,5  24,5   15:37    NE
19  19,8  25,1   15:47  13,7   05:30   0,2   4,5   0,0   6,0  18,4   16:10     E
20  21,4  26,9   17:07  15,4   05:43   0,0   6,0   0,0   6,8  23,4   11:50    NE
21  18,3  21,4   10:36  14,7   23:50   0,0   2,8  14,9   5,7  29,5   15:15     W
22  16,3  19,2   15:16  14,1   23:51   0,4   1,1   0,1   5,0  22,0   10:52   NNE
23  17,9  23,5   15:59  12,2   06:10   0,8   3,2   0,0   3,2  15,8   11:31     W
24  19,5  24,5   16:21  15,8   05:20   0,0   4,0   0,0   4,1  19,4   17:15     W
25  18,9  24,3   16:55  13,0   06:08   0,4   3,8   0,0   8,2  24,5   13:54    NE
26  20,7  27,0   16:51  13,5   06:21   0,2   5,4   0,0   6,3  22,0   01:16   NNE
27  21,8  28,2   15:46  15,1   06:17   0,0   6,3   0,0   7,3  22,0   12:27    SW
28  22,6  28,6   16:16  15,8   06:21   0,0   7,1   0,0   9,8  30,6   16:27   SSE
29  21,9  26,4   13:07  17,8   23:50   0,0   6,4   1,4   7,6  27,0   08:08   SSW
30  18,0  21,9   15:56  13,0   23:58   0,2   2,7   0,1   8,1  34,2   12:46     W
31  16,6  22,6   16:47   9,7   05:36   1,5   2,6   0,0   5,5  14,8   15:16    NE
----------------------------------------------------------------------------------
    18,7  29,3     4     8,2    12    15,9 114,2  83,1   6,6  34,2    30     WNW

Max >=  25,0: 10
Max <=  15,0:  1
Min <=  10,0:  2
Min <= -10,0:  0
Max Rain: 20,7 on day 9
Days of Rain: 10 (>= 0,2 mm)  7 (>= 2,0 mm)  1 (>= 20,0 mm)
Heat Base: 15,5  Cool Base: 15,5  Method: Integration