Raporty NOAA



Report for 2016 Lip
                   Monthly Climatological Summary for lip 2016

Name: Pogoda w Radlinie   City: Radlin   State: Woj. slaskie
Elevation: 285 m  Lat: N 50° 02' 43"   Lon: E 018° 29' 36"

                  Temperature (°C), Rain (mm), Wind Speed (km/h)

                                      Heat  Cool        Avg
    Mean                              Deg   Deg         Wind                 Dom
Day Temp  High   Time   Low    Time   Days  Days  Rain  Speed High   Time    Dir
----------------------------------------------------------------------------------
 1  23,3  28,7   18:53  18,1   03:40   0,0   7,9   0,4   5,0  22,0   20:46   WNW
 2  24,4  31,2   17:07  18,3   04:46   0,0   9,0   6,7   9,1  39,2   19:26     E
 3  16,3  19,1   16:31  13,2   07:55   0,4   1,2  14,1   8,2  36,7   03:27   NNW
 4  18,1  23,4   16:34  12,8   05:07   0,4   3,1   0,0   5,8  19,4   07:58     N
 5  19,6  26,0   17:09  12,7   04:39   0,4   4,5   6,0   7,0  41,8   20:11   ESE
 6  17,7  20,9   15:25  15,4   23:11   0,0   2,2   0,1  12,4  36,7   16:37   WNW
 7  17,1  21,9   17:31  12,7   05:15   0,5   2,0   0,0  11,4  40,3   13:56   WNW
 8  19,1  25,9   17:26  11,1   05:09   0,9   4,5   0,0   5,9  23,4   16:49    SW
 9  19,2  22,8   14:49  15,1   04:30   0,0   3,8   2,3  12,3  39,2   10:15     W
10  20,5  27,4   18:12  13,0   04:07   0,5   5,5   0,0   8,1  23,4   13:07    SE
11  26,0  34,2   17:59  18,8   04:53   0,0  10,5   0,1  14,8  43,9   11:38   SSE
12  23,2  26,8   17:27  19,5   23:56   0,0   7,7  19,1   8,6  36,7   07:40    SE
13  19,4  24,1   17:06  16,7   07:45   0,0   3,9  27,4   6,6  24,5   00:53    NW
14  16,2  19,2   00:00  12,0   23:20   0,7   1,4  10,9  10,6  35,6   19:16   WSW
15  15,1  19,0   16:08  11,7   04:26   1,3   0,9   0,0  11,0  33,1   17:52    SW
16  14,7  17,9   12:51  13,2   04:46   1,1   0,3   6,9   8,4  23,4   01:44   WNW
17  16,3  20,5   18:58  13,0   04:47   0,8   1,6   0,0   7,1  24,5   12:32   WNW
18  17,0  19,4   16:20  15,4   22:47   0,0   1,5   3,9   8,3  23,4   17:45   WNW
19  17,8  21,9   14:48  14,7   03:25   0,1   2,5   0,1   5,7  25,6   15:20    NW
20  19,0  23,3   16:32  15,1   05:49   0,0   3,6   0,0   5,2  19,4   11:24    NW
21  20,6  26,8   18:16  12,8   05:07   0,4   5,4   0,0   4,2  13,3   11:39    SW
22  22,7  27,4   17:39  16,5   05:39   0,0   7,2   0,0   4,1  19,4   14:36   ENE
23  22,1  28,1   17:43  14,3   05:27   0,1   6,7   0,0   4,0  13,3   13:31   NNW
24  22,5  28,1   17:27  16,4   05:07   0,0   7,0   0,0   4,1  17,3   13:32     N
25  21,3  26,0   14:52  18,5   23:35   0,0   5,8  11,5   5,4  23,4   16:55    NE
26  22,3  27,8   16:22  18,0   01:51   0,0   6,8   0,1   4,7  22,0   17:16   NNW
27  23,0  28,0   16:58  18,3   03:45   0,0   7,5   0,0   5,2  23,4   19:05    NE
28  21,3  24,3   18:37  19,6   23:56   0,0   5,8   0,0   4,7  17,3   02:37     W
29  20,3  25,4   10:58  17,2   05:59   0,0   4,8  11,8   5,9  28,1   13:28    SW
30  21,8  27,5   16:43  16,1   05:24   0,0   6,3   0,1   9,9  30,6   14:14   ESE
31  20,8  29,3   12:51  17,8   23:36   0,0   5,3  21,5   7,2  31,7   14:36     E
----------------------------------------------------------------------------------
    20,0  34,2    11    11,1     8     7,6 146,2 143,0   7,5  43,9    11       W

Max >=  25,0: 17
Max <=  15,0:  0
Min <=  10,0:  0
Min <= -10,0:  0
Max Rain: 27,4 on day 13
Days of Rain: 13 (>= 0,2 mm)  12 (>= 2,0 mm)  2 (>= 20,0 mm)
Heat Base: 15,5  Cool Base: 15,5  Method: Integration