Raporty NOAA


Wybierz miesiac lub rok

Report for 2016 Cze
                   Monthly Climatological Summary for cze 2016

Name: Pogoda w Radlinie   City: Radlin   State: Woj. slaskie
Elevation: 285 m  Lat: N 50° 02' 43"   Lon: E 018° 29' 36"

                  Temperature (°C), Rain (mm), Wind Speed (km/h)

                                      Heat  Cool        Avg
    Mean                              Deg   Deg         Wind                 Dom
Day Temp  High   Time   Low    Time   Days  Days  Rain  Speed High   Time    Dir
----------------------------------------------------------------------------------
 1  17,5  23,3   12:13  14,0   22:07   0,4   2,3   5,8   6,9  27,0   16:25    SE
 2  15,4  19,8   11:07  12,3   03:11   0,9   0,7   9,5   3,3  20,9   11:48     E
 3  17,2  21,3   14:14  13,8   02:32   0,5   2,1   0,2   6,9  22,0   15:59   NNE
 4  19,3  24,8   16:07  13,2   05:18   0,2   4,0   0,0   5,4  19,4   10:33   NNE
 5  19,2  24,7   13:42  13,3   05:07   0,3   4,0   0,0   3,7  24,5   12:52    NW
 6  16,7  21,4   14:59  11,5   06:33   0,9   2,0   1,3   7,5  27,0   13:33   NNW
 7  15,8  21,4   17:27   8,4   04:44   1,7   2,1   0,0   4,7  18,4   14:50   NNW
 8  18,0  24,2   16:42  10,1   04:34   1,2   3,7   0,0   5,9  20,9   16:59   WSW
 9  17,0  20,1   17:46  13,3   23:41   0,4   1,9   0,0   8,7  28,1   11:23   WNW
10  17,1  22,8   15:28  10,7   05:07   1,1   2,6   1,2   7,5  30,6   16:22    NW
11  16,4  19,1   12:23  12,8   05:47   0,3   1,2   0,0   4,2  14,8   10:30   WNW
12  17,9  22,5   16:39  12,7   03:30   0,5   3,0   0,0   7,3  29,5   10:15   ENE
13  18,7  22,9   12:08  14,3   06:11   0,1   3,3   0,0   7,0  23,4   13:25    NE
14  18,8  22,6   17:56  14,3   04:37   0,1   3,4   0,0   6,4  29,5   13:11     W
15  17,8  24,3   13:08  13,6   04:59   0,3   2,6   1,7   6,1  33,1   13:21     W
16  19,8  25,4   17:46  12,2   04:46   0,6   4,9   0,1  10,9  29,5   13:47   WSW
17  21,4  27,4   09:11  17,0   23:46   0,0   5,9   0,0  17,4  74,5   10:12   SSE
18  19,7  24,8   18:43  13,3   05:07   0,2   4,4   0,0   8,3  24,5   13:47    SE
19  20,6  26,1   14:13  12,9   05:07   0,4   5,5   0,4   5,8  24,5   12:38   NNE
20  15,6  17,5   00:00  14,3   05:07   0,4   0,5   4,4   8,5  30,6   01:53   WNW
21  19,4  25,4   16:55  13,8   00:51   0,3   4,2   0,0   6,9  28,1   11:36     E
22  22,2  27,7   16:51  15,0   04:48   0,0   6,7   0,0   4,0  18,4   14:10     N
23  24,4  29,8   16:58  16,6   04:59   0,0   8,9   0,0   4,3  15,8   11:21   SSE
24  26,9  32,3   16:39  20,1   05:12   0,0  11,4   0,0   6,4  18,4   02:49    SE
25  26,1  33,5   16:27  21,2   06:54   0,0  10,6   3,0   8,7  35,6   18:58    NE
26  19,9  24,2   10:08  16,3   21:49   0,0   4,4  16,3   8,1  35,6   10:31     E
27  16,9  20,0   15:14  14,6   04:46   0,1   1,5   1,9   5,1  20,9   16:26    NE
28  18,7  23,5   16:22  14,6   03:43   0,1   3,3   1,5   3,9  14,8   16:20    SW
29  21,9  28,2   17:29  14,1   04:53   0,2   6,6   0,0   6,2  24,5   13:23    SE
30  23,0  30,6   14:50  17,5   04:27   0,0   7,5   0,0   7,5  37,8   17:52    NW
----------------------------------------------------------------------------------
    19,3  33,5    25     8,4     7    11,2 125,2  47,3   6,8  74,5    17     NNE

Max >=  25,0: 10
Max <=  15,0:  0
Min <=  10,0:  1
Min <= -10,0:  0
Max Rain: 16,3 on day 26
Days of Rain: 12 (>= 0,2 mm)  5 (>= 2,0 mm)  0 (>= 20,0 mm)
Heat Base: 15,5  Cool Base: 15,5  Method: Integration