Raporty NOAA



Report for 2016 Maj
                   Monthly Climatological Summary for maj 2016

Name: Pogoda w Radlinie   City: Radlin   State: Woj. slaskie
Elevation: 285 m  Lat: N 50° 02' 43"   Lon: E 018° 29' 36"

                  Temperature (°C), Rain (mm), Wind Speed (km/h)

                                      Heat  Cool        Avg
    Mean                              Deg   Deg         Wind                 Dom
Day Temp  High   Time   Low    Time   Days  Days  Rain  Speed High   Time    Dir
----------------------------------------------------------------------------------
 1  11,7  17,6   14:49   5,8   05:30   4,1   0,3   0,0   9,2  23,4   15:14   ENE
 2  12,0  16,4   16:38   6,4   05:44   3,5   0,1   0,3   7,8  22,0   10:44   ENE
 3  12,1  18,1   13:08   9,5   06:25   3,6   0,2   3,9   9,3  30,6   18:44     E
 4  10,9  13,2   12:10   9,4   05:44   4,6   0,0   3,3  13,4  37,8   13:24   ENE
 5  11,5  19,4   16:14   6,2   15:36   4,5   0,5   0,0  10,4  27,0   16:37    NW
 6  15,3  21,6   13:55   7,1   05:50   2,2   2,0   0,0   5,2  28,1   17:11    NW
 7  15,1  20,5   14:27   8,1   05:07   2,1   1,7   0,0   8,8  30,6   14:30   NNE
 8  13,8  18,3   13:46   8,5   05:34   2,3   0,6   0,0   9,0  29,5   15:11    NE
 9  14,4  19,5   15:56   8,4   05:16   2,3   1,3   0,0   9,2  28,1   13:54    NE
10  16,0  22,4   17:54   8,1   05:39   2,0   2,5   1,7   8,7  27,0   15:26     E
11  16,9  23,9   16:31   8,4   05:45   1,6   3,1   0,0   6,5  23,4   18:20   SSE
12  17,7  23,7   15:18   9,6   05:25   1,3   3,4   0,0   8,8  28,1   11:53     E
13  16,1  20,8   12:20  12,8   05:21   0,7   1,3   0,4   8,4  20,9   16:17    SE
14  14,6  19,5   16:07  10,4   23:52   1,7   0,9   0,3  16,7  43,9   16:21   WNW
15  10,2  14,0   14:11   6,7   23:42   5,3   0,0   0,0  11,7  33,1   12:12    NW
16   8,6  13,9   15:20   3,9   05:36   6,9   0,0   2,9   8,2  34,2   14:34     W
17   8,6  12,3   11:58   5,6   05:08   6,9   0,0   1,6   7,9  27,0   12:22    SW
18  11,2  15,3   16:07   7,9   07:20   4,3   0,0   0,3   5,7  17,3   02:58     N
19  14,8  20,6   14:59   8,6   05:27   2,2   1,6   0,0   6,0  17,3   10:19    SW
20  16,4  22,6   14:37   9,7   05:21   1,6   2,5   0,0   5,3  22,0   15:17    NW
21  17,9  23,5   17:38  12,0   04:22   0,9   3,4   0,0   5,9  23,4   12:32   WSW
22  19,7  26,3   17:43  11,5   05:07   0,7   4,9   0,0   7,7  25,6   14:33    SW
23  22,0  28,1   17:38  14,2   05:09   0,1   6,6   0,0   8,1  23,4   13:40     E
24  20,0  25,5   13:08  15,2   23:57   0,0   4,5   0,0   7,2  42,8   14:24    SE
25  17,5  22,6   16:58  13,5   04:47   0,4   2,4   0,0  13,9  29,5   08:07   WNW
26  15,1  18,2   17:47  12,5   23:51   0,9   0,5   0,0   5,8  20,9   01:40   WNW
27  18,3  25,5   16:23  10,4   04:51   1,2   4,0   0,2   4,3  15,8   09:22   NNW
28  19,9  26,5   12:57  14,6   04:44   0,1   4,4   0,2   6,3  17,3   10:31   SSE
29  18,3  21,8   18:24  15,8   06:20   0,0   2,8   4,8   7,3  23,4   18:39    NE
30  21,0  26,8   17:33  16,3   05:21   0,0   5,5   0,3   7,8  29,5   15:36   NNE
31  19,8  25,6   14:38  15,9   23:55   0,0   4,3   3,0   5,8  29,5   17:27   WNW
----------------------------------------------------------------------------------
    15,4  28,1    23     3,9    16    68,0  65,3  23,2   8,3  43,9    14       N

Max >=  25,0:  7
Max <=  15,0:  4
Min <=  10,0: 18
Min <= -10,0:  0
Max Rain: 4,8 on day 29
Days of Rain: 14 (>= 0,2 mm)  5 (>= 2,0 mm)  0 (>= 20,0 mm)
Heat Base: 15,5  Cool Base: 15,5  Method: Integration