Raporty NOAA


Wybierz miesiac lub rok

Report for 2016 Kwi
                   Monthly Climatological Summary for kwi 2016

Name: Pogoda w Radlinie   City: Radlin   State: Woj. slaskie
Elevation: 285 m  Lat: N 50° 02' 43"   Lon: E 018° 29' 36"

                  Temperature (°C), Rain (mm), Wind Speed (km/h)

                                      Heat  Cool        Avg
    Mean                              Deg   Deg         Wind                 Dom
Day Temp  High   Time   Low    Time   Days  Days  Rain  Speed High   Time    Dir
----------------------------------------------------------------------------------
 1   5,4   8,7   00:00   0,8   23:55  10,1   0,0   0,6   9,4  34,2   10:17    NW
 2   7,0  16,6   15:42  -1,0   06:07   8,5   0,0   0,1   9,6  30,6   14:24     E
 3  11,7  21,2   18:48   2,1   05:39   5,0   1,2   0,0   4,7  22,0   10:48    SE
 4  16,5  24,7   14:33   7,2   06:32   2,3   3,3   0,0   6,7  27,0   11:46   SSW
 5  18,5  26,5   15:10   9,8   05:16   1,4   4,4   0,0   7,1  15,8   08:45     S
 6  13,5  16,9   00:00   9,1   23:58   2,1   0,1   0,0   9,5  35,6   04:38    NW
 7  11,4  18,9   12:08   7,1   02:36   4,4   0,3   4,3   8,6  34,2   15:46     S
 8   9,0  11,9   12:27   4,9   21:33   6,5   0,0   6,5   8,4  24,5   14:52   WNW
 9   6,0   6,7   00:00   5,3   09:08   9,5   0,0  11,6  11,1  23,4   07:08    NW
10   5,9   6,4   12:26   5,2   14:57   9,6   0,0   1,4  10,1  22,0   13:34   NNW
11   7,8   9,9   17:45   6,0   00:07   7,7   0,0   0,3   5,4  13,3   10:19    NW
12  11,2  17,5   15:37   8,3   05:15   4,4   0,0   0,0   3,9  17,3   18:52     W
13  13,4  20,7   16:07   6,5   05:40   3,5   1,3   0,0   7,7  22,0   11:59     W
14  10,0  12,8   00:41   7,7   23:50   5,5   0,0   5,3  11,5  36,7   16:40   WNW
15  10,7  16,1   13:56   5,9   06:29   4,8   0,0   0,1   9,4  31,7   17:53   WSW
16  14,8  20,0   13:56   9,9   05:43   2,0   1,3   0,1  10,5  27,0   10:39     W
17  15,5  21,9   13:12   8,8   05:22   1,8   1,8   4,0  12,4  40,3   13:49     W
18   9,3  12,8   16:50   7,1   22:50   6,2   0,0   4,4   7,4  30,6   00:11   NNE
19   9,1  13,6   14:07   3,8   06:18   6,5   0,0   0,0   9,5  29,5   15:45     W
20   8,1  12,1   15:29   4,9   05:52   7,4   0,0   0,0  12,4  39,2   14:50    NW
21   9,7  16,1   16:49   1,8   04:52   5,8   0,1   0,0   7,9  23,4   14:18   SSW
22  10,4  15,3   15:42   4,6   06:07   5,1   0,0   0,0  12,0  37,8   13:42     W
23  10,1  15,5   12:47   3,8   05:42   5,4   0,0   0,4   4,5  24,5   23:46   NNE
24   5,2   8,8   16:43   2,2   06:33  10,4   0,0   4,0  15,0  39,2   05:39    NW
25   4,7   8,2   14:08   1,3   05:51  10,8   0,0   0,0   9,1  27,0   13:13   WNW
26   6,8  14,2   16:25  -0,8   05:46   8,7   0,0   1,6  15,0  46,4   18:27   SSW
27   5,4   6,5   13:07   4,1   23:31  10,3   0,0   7,4   8,0  23,4   17:51     W
28   6,5  12,4   15:31   1,8   05:31   9,0   0,0   0,7   9,2  29,5   12:31    SW
29   8,7  15,2   16:16   1,0   05:46   6,9   0,0   0,1   5,2  17,3   19:01   NNE
30  11,4  18,0   16:58   3,5   05:31   4,5   0,4   0,0   8,3  28,1   21:22     E
----------------------------------------------------------------------------------
     9,8  26,5     5    -1,0     2   186,1  14,2  52,9   9,1  46,4    26       W

Max >=  25,0:  1
Max <=  15,0: 14
Min <=  10,0: 30
Min <= -10,0:  0
Max Rain: 11,6 on day 9
Days of Rain: 14 (>= 0,2 mm)  8 (>= 2,0 mm)  0 (>= 20,0 mm)
Heat Base: 15,5  Cool Base: 15,5  Method: Integration