Raporty NOAA



Report for 2016 Marz
                   Monthly Climatological Summary for mar 2016

Name: Pogoda w Radlinie   City: Radlin   State: Woj. slaskie
Elevation: 285 m  Lat: N 50° 02' 43"   Lon: E 018° 29' 36"

                  Temperature (°C), Rain (mm), Wind Speed (km/h)

                                      Heat  Cool        Avg
    Mean                              Deg   Deg         Wind                 Dom
Day Temp  High   Time   Low    Time   Days  Days  Rain  Speed High   Time    Dir
----------------------------------------------------------------------------------
 1   0,9   4,1   00:00  -1,0   21:10  14,6   0,0   2,8  11,8  27,0   12:10     W
 2   2,4   5,2   14:54  -0,7   00:00  13,1   0,0   3,1  14,8  45,4   11:46     W
 3   4,4   6,5   14:15   2,6   23:48  11,1   0,0   1,1   7,0  19,4   20:47     W
 4   2,7   4,3   16:28   1,0   23:11  12,8   0,0   1,4   8,6  23,4   04:54     W
 5   5,7  11,6   13:34  -0,9   05:17   9,9   0,0   0,1   8,8  29,5   15:49     W
 6   7,2  11,1   11:39   1,6   23:26   8,3   0,0   0,0  13,7  47,9   09:58     W
 7   3,2   5,2   11:34   1,4   00:30  12,3   0,0   0,0   6,3  18,4   13:45     W
 9   2,9   9,2   16:30   0,9   04:46  12,6   0,0   0,0   6,9  23,4   20:55     W
10   4,4   6,7   14:39   1,2   04:42  11,1   0,0   0,0   8,0  22,0   00:19     W
11   4,0   4,6   01:52   3,2   21:54  11,5   0,0   1,6  12,8  28,1   11:40     W
12   2,9   3,9   22:37   2,2   11:27  12,5   0,0   1,7  13,1  25,6   06:51     W
13   3,3   5,4   13:07   1,0   23:59  12,2   0,0   0,1  11,2  27,0   15:17     W
14   2,6   8,1   15:10  -2,2   05:40  12,9   0,0   0,3   8,8  24,5   15:50     W
15   0,9   2,0   00:00   0,3   03:58  14,6   0,0   6,7   6,8  33,1   21:26     W
16   3,7  10,1   13:11  -0,9   05:53  11,8   0,0   0,0   9,1  33,1   00:47    NE
17   3,8  11,1   14:07  -3,4   05:38  11,7   0,0   0,0   4,6  19,4   12:46   NNE
18   5,8  13,0   12:45   0,0   05:23   9,7   0,0   0,0  13,6  34,2   10:36   NNW
19   3,4   7,4   13:31   1,0   23:42  12,2   0,0   0,0   8,6  22,0   00:00   NNE
20   4,0   6,8   11:12   0,4   01:27  11,5   0,0   0,0   9,6  22,0   10:27   WSW
21   5,9   9,6   12:28   4,0   05:50   9,6   0,0   0,1  11,6  27,0   11:56     W
22   5,4   8,8   15:14   3,2   23:58  10,1   0,0   2,4   9,6  36,7   12:27   WSW
23   4,4   9,7   11:36   0,9   01:51  11,1   0,0   0,0   4,9  18,4   15:43    SW
24   4,3  10,0   13:56  -0,5   06:29  11,2   0,0   0,0   9,4  25,6   13:23    SW
25   6,1  10,6   12:27   0,6   02:45   9,5   0,0   0,0   7,3  27,0   10:42    SW
26   6,8   9,7   15:12   4,7   03:11   8,7   0,0   0,3   6,0  24,5   13:57   WSW
27   8,5  15,1   15:49   3,3   06:42   7,0   0,0   0,0   7,8  20,9   16:52   NNW
28  10,1  16,4   14:15   4,8   07:07   5,4   0,0   0,0  13,2  31,7   11:19     W
29  10,9  16,3   13:41   7,0   03:45   4,7   0,0   0,0  19,0  50,0   12:20     W
30  10,4  15,3   15:20   5,2   06:21   5,1   0,0   0,3  12,9  36,7   16:40     S
31  12,7  20,3   16:32   7,0   05:31   3,6   0,8   0,1   5,6  22,0   19:20    NW
----------------------------------------------------------------------------------
     5,1  20,3    31    -3,4    17   312,4   0,8  22,1   9,7  50,0    29       W

Max >=  25,0:  0
Max <=  15,0: 25
Min <=  10,0: 30
Min <= -10,0:  0
Max Rain: 6,7 on day 15
Days of Rain: 11 (>= 0,2 mm)  4 (>= 2,0 mm)  0 (>= 20,0 mm)
Heat Base: 15,5  Cool Base: 15,5  Method: Integration