Raporty NOAA



Report for 2016 Lut
                   Monthly Climatological Summary for lut 2016

Name: Pogoda w Radlinie   City: Radlin   State: Woj. slaskie
Elevation: 285 m  Lat: N 50° 02' 43"   Lon: E 018° 29' 36"

                  Temperature (°C), Rain (mm), Wind Speed (km/h)

                                      Heat  Cool        Avg
    Mean                              Deg   Deg         Wind                 Dom
Day Temp  High   Time   Low    Time   Days  Days  Rain  Speed High   Time    Dir
----------------------------------------------------------------------------------
 1   5,3  10,3   23:35   2,5   05:54  10,2   0,0   1,0  14,4  34,2   23:32     W
 2  10,0  10,9   12:24   9,1   07:09   5,5   0,0   0,0  24,9  49,0   09:15    SW
 3   6,0   9,7   01:27   2,8   23:29   9,5   0,0   4,3  11,1  50,0   00:13    SW
 4   3,2   5,7   11:35   2,0   03:12  12,3   0,0   0,0  10,7  31,7   11:22    SW
 5   1,0   4,9   13:30  -0,5   07:16  14,5   0,0   3,5   6,1  30,6   23:50    SW
 6   4,6   9,2   14:36   1,5   00:00  10,9   0,0   0,0  15,9  35,6   11:07    SW
 7   7,3  13,1   12:10   2,9   00:00   8,2   0,0   0,0  17,6  50,0   13:44     S
 8   8,9  10,8   13:26   6,8   07:18   6,6   0,0   0,4  21,1  55,1   23:26     S
 9  10,0  13,2   13:50   7,0   05:58   5,5   0,0   0,5  25,0  52,6   20:16     S
10   4,5  11,5   00:32   0,8   17:08  11,1   0,0  10,9  14,2  39,2   00:12   WSW
11   3,3   5,8   12:30   1,6   00:00  12,2   0,0   0,6  12,4  31,7   13:40   WSW
12   3,3   7,4   11:14   0,5   06:56  12,2   0,0   0,1  11,6  25,6   10:16   WSW
13   2,8   4,1   13:26   1,5   05:48  12,7   0,0   0,9   5,4  22,0   00:36     N
14   5,8  12,8   13:08   0,8   07:15   9,7   0,0   6,2   8,4  34,2   12:16   SSW
15   5,7   6,4   14:09   4,1   23:59   9,8   0,0   2,2   9,2  25,6   14:39    NW
16   2,8   4,2   00:00   0,8   23:57  12,7   0,0   0,0  10,9  27,0   08:27    NW
17   2,5   9,4   23:52  -1,2   03:10  13,0   0,0   0,3  15,9  40,3   09:46   ENE
18   6,6   9,5   00:36   3,8   06:52   8,9   0,0   1,8   5,9  20,9   00:25   ENE
19   1,3   4,0   00:09   0,2   13:57  14,2   0,0   6,5  10,0  28,1   05:20    NW
20   2,5   5,8   15:10   0,1   04:48  13,0   0,0   9,2  11,6  47,9   21:14    NE
21   6,3  10,4   23:57   2,5   00:47   9,2   0,0   7,2  16,5  37,8   04:33     S
22  12,5  16,1   13:07  10,2   06:25   3,0   0,0   0,1  23,5  57,6   10:10     W
23   3,5  11,6   00:00   0,5   17:57  12,0   0,0   6,8   6,7  29,5   00:57     W
24   1,6   6,9   12:58  -0,7   23:56  13,9   0,0   6,9   6,1  24,5   13:09     W
25   0,4   3,9   11:56  -2,7   05:38  15,1   0,0   0,4   6,2  23,4   13:32     W
26   0,5   5,1   12:20  -2,2   05:47  15,0   0,0   1,2   3,4  15,8   11:17     W
27   1,8   7,4   12:32  -3,4   02:17  13,8   0,0   0,0   9,6  24,5   16:17     W
28   4,4   8,3   14:14   2,3   05:52  11,1   0,0   0,0   7,1  17,3   14:50     W
29   4,2   4,9   19:32   3,7   08:15  11,3   0,0   5,2   8,5  24,5   20:51     W
----------------------------------------------------------------------------------
     4,6  16,1    22    -3,4    27   317,1   0,0  76,2  12,1  57,6    22     WSW

Max >=  25,0:  0
Max <=  15,0: 28
Min <=  10,0: 28
Min <= -10,0:  0
Max Rain: 10,9 on day 10
Days of Rain: 20 (>= 0,2 mm)  11 (>= 2,0 mm)  0 (>= 20,0 mm)
Heat Base: 15,5  Cool Base: 15,5  Method: Integration