Raporty NOAA


Wybierz miesiac lub rok

Report for 2016 Sty
                   Monthly Climatological Summary for sty 2016

Name: Pogoda w Radlinie   City: Radlin   State: Woj. slaskie
Elevation: 285 m  Lat: N 50° 02' 43"   Lon: E 018° 29' 36"

                  Temperature (°C), Rain (mm), Wind Speed (km/h)

                                      Heat  Cool        Avg
    Mean                              Deg   Deg         Wind                 Dom
Day Temp  High   Time   Low    Time   Days  Days  Rain  Speed High   Time    Dir
----------------------------------------------------------------------------------
 1  -4,5  -1,7   13:14  -8,3   23:55  19,9   0,0   0,0  10,9  23,4   10:12   ENE
 2  -9,8  -7,0   13:59 -11,9   06:41  25,3   0,0   0,0  14,4  34,2   19:49   ENE
 3 -12,7  -9,5   13:42 -14,7   08:26  28,2   0,0   0,0   8,8  25,6   00:52   ESE
 4 -11,2  -8,1   15:47 -15,1   04:34  26,8   0,0   0,0   4,4  15,8   00:26   NNE
 5  -5,8  -3,3   19:47  -9,2   00:26  21,3   0,0   0,0   9,2  35,6   21:32   ESE
 6  -1,8   0,2   13:07  -3,5   00:00  17,3   0,0   0,5  11,6  27,0   00:58    SW
 7  -1,9  -1,3   16:10  -3,5   23:56  17,4   0,0   0,0   4,2  33,1   18:47   ENE
 8   0,0   4,1   13:10  -5,0   03:33  15,5   0,0   0,4  15,1  36,7   13:44    SW
 9   0,9   3,8   13:05  -3,3   08:20  14,6   0,0   0,6   5,1  15,8   00:20    SW
10   2,1   5,0   13:20   0,7   08:05  13,4   0,0   0,5  10,8  29,5   20:05    SW
11   2,9   4,4   12:05   1,4   03:20  12,6   0,0   5,0   8,6  20,9   07:50    SW
12   3,6   5,0   17:09   1,9   03:35  11,9   0,0   0,5  15,4  31,7   09:20   WSW
13   2,9   5,2   13:20   1,3   23:20  12,7   0,0   4,1  13,9  25,6   14:20   WNW
14   0,7   3,1   14:20  -1,6   07:50  14,8   0,0   0,0   9,8  40,3   00:05   WNW
15   1,2   4,8   14:05  -0,6   23:20  14,3   0,0   0,0   7,9  15,8   06:50     S
16  -2,4  -0,6   00:05  -6,5   20:35  17,9   0,0   0,0  10,9  20,9   14:05   NNW
17  -5,5  -1,9   13:05  -9,6   07:05  21,0   0,0   0,0   4,9  14,8   12:20     E
18  -4,4  -0,7   13:35  -6,4   08:35  19,9   0,0   0,0   4,3  15,8   12:20   ESE
19  -6,1  -2,1   13:46  -8,0   07:46  21,6   0,0   0,0   4,3  22,0   14:46   SSW
20  -4,9  -3,3   13:28  -8,2   01:31  20,4   0,0   0,0  11,7  39,2   12:31   WSW
21  -4,3  -2,9   13:54  -5,3   00:19  19,8   0,0   0,0   8,6  22,0   06:25   WSW
22  -5,5   0,7   11:52  -9,5   23:59  21,0   0,0   0,0   5,7  13,3   00:49   WSW
23  -5,4  -1,0   12:14 -10,0   01:40  20,9   0,0   0,0  16,6  35,6   21:58    SW
24  -0,5   2,1   15:17  -3,7   00:00  16,0   0,0   0,0   8,7  28,1   23:13    SW
25   1,8   2,6   21:54   0,9   02:32  13,7   0,0   6,1  16,6  36,7   07:31    SW
26   4,7   6,9   22:10   2,3   00:00  10,8   0,0   0,8  16,4  34,2   22:56   WSW
27   7,4   9,3   20:51   5,1   02:47   8,1   0,0   0,4  20,9  39,2   10:46   WSW
28   7,5  11,3   12:47   2,1   23:50   8,0   0,0   2,4  14,9  40,3   03:54   WSW
29   4,7   9,6   14:32   0,9   02:13  10,8   0,0   0,0  14,5  40,3   20:23    SW
30   7,8  12,5   13:17   4,9   04:55   7,7   0,0   0,0  25,6  58,7   12:42   SSW
31   4,2   7,7   01:14   0,5   06:59  11,3   0,0   1,4  17,1  41,8   01:59   WSW
----------------------------------------------------------------------------------
    -1,1  12,5    30   -15,1     4   514,9   0,0  22,7  12,6  58,7    30      SW

Max >=  25,0:  0
Max <=  15,0: 31
Min <=  10,0: 31
Min <= -10,0:  4
Max Rain: 6,1 on day 25
Days of Rain: 12 (>= 0,2 mm)  4 (>= 2,0 mm)  0 (>= 20,0 mm)
Heat Base: 15,5  Cool Base: 15,5  Method: Integration