Raporty NOAA



Report for 2016
                   Annual Climatological Summary for 2016

Name: Pogoda w Radlinie   City: Radlin   State: Woj. slaskie
Elevation: 283 m  Lat: N 50° 02' 43"   Lon: E 018° 29' 36"

                  Temperature (°C), Heat Base: 15,5  Cool Base: 15,5
                          Dep.  Heat  Cool                       Max  Max  Min  Min
        Mean  Mean        From  Deg   Deg                        >=   <=   <=   <=
 YR MO  Max   Min   Mean  Norm  Days  Days  Hi  Date  Low  Date 25,0 15,0 10,0 -10,0
------------------------------------------------------------------------------------
 16  1   1,8  -3,9  -1,1   1,0   514     0  12,5  30 -15,1    4    0   31   31    4
 16  2   8,4   2,0   4,6   5,6   317     0  16,1  22  -3,4   27    0   28   28    0
 16  3   9,3   1,6   5,1   2,1   312     0  20,3  31  -3,4   17    0   25   30    0
 16  4  14,9   4,8   9,8   2,1   186    14  26,5   5  -1,0    2    1   14   30    0
 16  5  20,8  10,1  15,4   2,1    67    65  28,1  23   3,9   16    7    4   18    0
 16  6  24,4  14,1  19,3   3,2    11   125  33,5  25   8,4    7   10    0    1    0
 16  7  24,9  15,4  20,0   2,0     7   146  34,2  11  11,1    8   17    0    0    0
 16  8  23,5  13,9  18,7   1,9    15   114  29,3   4   8,2   12   10    1    2    0
 16  9  22,3  12,4  17,1   3,8    39    87  28,6  11   6,0   26   12    3    9    0
 16 10  11,4   5,6   8,3  -0,1   227     4  23,9   1   0,8   28    0   26   29    0
 16 11   7,7   1,5   4,6   1,5   327     0  18,2  22  -4,0   13    0   28   30    0
 16 12   3,0  -1,8   0,4   0,6   468     0   9,0  26  -6,8   13    0   31   31    0
------------------------------------------------------------------------------------
        14,3   6,3  10,2   2,1  2496   558  34,2 lip -15,1  sty   57  191  239    4

                                Precipitation (mm)

              Dep.   Max        Days of Rain
              From   Obs.           >=
 YR MO Total  Norm   Day Date  0,2  2,0 20,0
---------------------------------------------
 16  1  22,7 -11,3   6,1  25    12    4    0
 16  2  76,2  50,2  10,9  10    20   11    0
 16  3  22,1 -26,9   6,7  15    11    4    0
 16  4  52,9   7,9  11,6   9    14    8    0
 16  5  23,2-119,8   4,8  29    14    5    0
 16  6  47,3 -45,7  16,3  26    12    5    0
 16  7 139,8 -39,2  27,4  13    13   12    2
 16  8  83,1 -30,9  20,7   9    10    7    1
 16  9  44,1 -13,9  15,9   5     7    5    0
 16 10  84,1  42,1  14,8  20    21    9    0
 16 11  30,3   3,3  11,1   6    13    5    0
 16 12  53,2  28,2  24,8   1    15    4    1
---------------------------------------------
       679,0-156,0  27,4  lip  162   79    4

                                Wind Speed (km/h)
                          Dom
 YR MO   Avg.  Hi   Date  Dir
------------------------------
 16  1  12,6  58,7   30    SW
 16  2  12,1  57,6   22   WSW
 16  3   9,7  50,0   29     W
 16  4   9,1  46,4   26   WNW
 16  5   8,3  43,9   14     N
 16  6   6,8  74,5   17   NNE
 16  7   7,4  43,9   11   WNW
 16  8   6,6  34,2   30   WSW
 16  9   6,4  33,1    4    NW
 16 10   7,7  41,8    4    NW
 16 11  10,3  52,6   15   WNW
 16 12  11,4  55,1   24     N
------------------------------
         9,0  74,5  cze   WNW