Raporty NOAA



Report for 2015 Gru
                   Monthly Climatological Summary for gru 2015

Name: Pogoda w Radlinie   City: Radlin   State: Woj. slaskie
Elevation: 285 m  Lat: N 50° 02' 43"   Lon: E 018° 29' 36"

                  Temperature (°C), Rain (mm), Wind Speed (km/h)

                                      Heat  Cool        Avg
    Mean                              Deg   Deg         Wind                 Dom
Day Temp  High   Time   Low    Time   Days  Days  Rain  Speed High   Time    Dir
----------------------------------------------------------------------------------
 1   6,2   9,9   06:40   2,6   23:49   9,3   0,0   0,4  18,3  63,7   07:15   WNW
 2   5,6   9,0   16:50   2,6   00:00   9,9   0,0   2,0   9,0  23,4   10:11   WNW
 3   7,1   9,4   12:44   3,0   23:55   8,4   0,0   0,0   7,0  17,3   11:19    NW
 4   5,1   9,3   11:39   0,9   04:34  10,4   0,0   0,2  18,1  58,7   13:16   WSW
 5   6,9  10,3   12:20   4,2   06:56   8,6   0,0   0,0  19,7  47,9   11:15   WSW
 6   5,3   7,5   12:44   4,3   20:43  10,2   0,0   0,0  26,7  60,1   19:48    SW
 7   5,4   7,5   10:51   3,8   06:36  10,1   0,0   0,0  17,6  41,8   03:16   SSW
 8   5,6   7,4   13:56   3,6   07:12   9,9   0,0   0,0   8,6  19,4   00:08    SW
 9   4,8   6,2   01:07   3,3   18:20  10,7   0,0   2,5  13,3  34,2   12:52   WSW
10   4,5   6,5   12:35   0,9   23:57  11,0   0,0   0,4   9,3  24,5   00:30   WNW
11   2,5   6,5   11:26   0,3   02:51  13,0   0,0   0,7  22,7  43,9   14:13    SW
12   3,9   7,6   12:44   1,7   21:36  11,6   0,0   0,4  13,8  34,2   01:50    SW
13   4,9   9,0   10:07   1,6   01:21  10,6   0,0   1,3  19,9  50,0   13:48     W
14   2,5   7,0   11:42  -0,4   22:29  13,0   0,0   0,1   5,3  15,8   23:56   NNW
15   2,9   5,1   08:33   0,7   00:00  12,6   0,0   0,0  15,3  39,2   13:33   WSW
16   4,1   9,5   12:50   2,3   20:33  11,4   0,0   0,0   9,3  31,7   22:33     W
17   2,8   4,6   10:52   1,7   05:52  12,7   0,0   0,9  24,8  51,5   09:56    SW
18   4,5   6,8   12:41   3,2   01:16  11,0   0,0   4,3  22,1  43,9   09:57    SW
19   5,1   6,4   14:52   4,0   09:12  10,4   0,0   0,0  17,3  36,7   22:47   WSW
20   4,1   5,1   00:00   2,9   21:18  11,5   0,0   0,4  25,1  55,1   22:55    SW
21   3,9   4,9   11:56   3,2   16:49  11,6   0,0   1,5  27,7  54,0   01:56   WSW
22   8,2  10,5   20:16   4,0   00:00   7,3   0,0   0,0  20,8  39,2   06:22     W
23   9,1  12,5   13:42   5,5   23:40   6,4   0,0   0,0  17,3  42,8   10:50   WSW
24   6,2  11,4   12:52   2,4   06:26   9,3   0,0   0,0   7,2  19,4   23:16   WSW
25   5,8   8,9   12:25   3,9   09:07   9,7   0,0   0,0  20,3  40,3   07:45   WSW
26   8,5  11,7   13:42   5,9   00:58   7,0   0,0   0,0  22,6  41,8   06:24   WSW
27   7,2  10,2   13:37   4,8   23:55   8,3   0,0   0,0  20,0  36,7   10:25   WSW
28   4,4   5,4   18:57   3,3   01:55  11,1   0,0   0,4   9,5  27,0   02:58     W
29   2,3   6,3   11:33  -2,4   23:56  13,2   0,0   0,0  11,2  29,5   11:41     E
30  -4,1  -0,1   12:49  -6,7   23:46  19,6   0,0   0,0  13,7  30,6   12:38   ENE
31  -4,8   1,7   13:46  -9,3   07:58  20,3   0,0   0,0   5,9  14,8   11:16   ENE
----------------------------------------------------------------------------------
     4,5  12,5    23    -9,3    31   340,1   0,0  15,5  16,1  63,7     1     WSW

Max >=  25,0:  0
Max <=  15,0: 31
Min <=  10,0: 31
Min <= -10,0:  0
Max Rain: 4,3 on day 18
Days of Rain: 13 (>= 0,2 mm)  3 (>= 2,0 mm)  0 (>= 20,0 mm)
Heat Base: 15,5  Cool Base: 15,5  Method: Integration