Raporty NOAA



Report for 2015 Lis
                   Monthly Climatological Summary for lis 2015

Name: Pogoda w Radlinie   City: Radlin   State: Woj. slaskie
Elevation: 285 m  Lat: N 50° 02' 43"   Lon: E 018° 29' 36"

                  Temperature (°C), Rain (mm), Wind Speed (km/h)

                                      Heat  Cool        Avg
    Mean                              Deg   Deg         Wind                 Dom
Day Temp  High   Time   Low    Time   Days  Days  Rain  Speed High   Time    Dir
----------------------------------------------------------------------------------
 1   7,8  14,3   13:07   2,7   01:20   7,7   0,0   0,1  13,4  33,1   13:34   SSW
 2   8,8  16,1   12:57   4,8   22:33   6,8   0,0   0,0  13,6  42,8   04:22    SW
 3   8,3  16,5   13:28   2,9   04:51   7,3   0,1   0,0  10,4  22,0   09:47     S
 4   8,2  15,7   13:18   4,1   02:20   7,3   0,0   0,0   7,6  24,5   12:40    SW
 5   5,5  12,4   13:36   0,8   06:28  10,0   0,0   0,0   3,5  14,8   12:38   SSW
 6   7,5  14,2   12:29  -0,2   06:11   8,0   0,0   0,0   8,0  22,0   20:09   SSW
 7  11,0  12,8   11:29   9,9   01:13   4,5   0,0   1,6  13,9  28,1   08:10   SSW
 8  12,5  17,3   12:53   6,4   22:50   3,2   0,2   0,1  12,5  42,8   11:40   WSW
 9   9,6  12,0   14:58   5,6   01:08   5,9   0,0   1,8  12,2  33,1   07:30   SSW
10  13,5  16,1   13:58  11,6   04:50   2,1   0,0   0,2  10,2  30,6   14:44     W
11  13,4  14,7   13:33  12,3   06:14   2,1   0,0   1,6   7,9  20,9   04:46     S
12  11,5  13,1   00:16   7,8   23:49   4,0   0,0   0,0  10,2  24,5   02:22    SW
13   8,5  12,4   13:26   4,3   06:47   7,0   0,0   0,0  11,0  35,6   13:58   SSW
14   7,6  10,6   12:30   5,3   23:15   7,9   0,0   6,6  13,1  33,1   04:00   WSW
15   7,3  11,4   23:46   4,7   05:08   8,2   0,0  10,5  18,4  42,8   13:54   SSW
16   9,0  11,5   00:09   6,8   07:07   6,5   0,0   4,1   6,8  34,2   02:11   WNW
17   9,6  11,2   23:24   8,1   00:15   5,9   0,0   3,8  15,7  31,7   10:10   SSW
18  12,0  14,1   08:46   9,8   21:49   3,5   0,0   7,4  18,0  47,9   14:54   WSW
19  10,7  12,9   13:11   8,8   02:19   4,8   0,0   2,2  19,3  41,8   10:49    SW
20   7,4   9,6   02:52   5,0   23:38   8,1   0,0   8,3  10,6  25,6   16:43   WSW
21   3,6   5,0   00:00   2,0   22:14  11,9   0,0   3,7   4,9  24,5   04:49     W
22   1,9   3,7   13:46   0,1   07:43  13,6   0,0   0,5   4,1  13,3   14:14   WNW
23   1,1   4,5   12:15  -1,0   07:07  14,4   0,0   0,1  11,7  30,6   10:46   WSW
24   0,2   3,9   12:57  -2,9   23:54  15,3   0,0   0,8   9,0  23,4   15:15    SW
25  -0,2   4,8   12:39  -5,1   05:59  15,7   0,0   0,0   8,8  25,6   20:36    SW
26   1,1   4,1   13:07  -1,6   21:07  14,4   0,0   0,1   6,8  18,4   00:12    NW
27   0,0   2,2   13:20  -2,1   05:36  15,5   0,0   0,0   6,0  17,3   19:58   NNE
28   1,2   4,3   14:07   0,0   00:36  14,3   0,0   0,0   7,4  19,4   10:59     W
29   2,7   5,1   23:32   0,1   06:08  12,8   0,0   3,2  17,2  35,6   10:34   SSW
30   6,3  10,4   12:44   3,8   21:34   9,2   0,0   5,9  17,7  42,8   13:44   WSW
----------------------------------------------------------------------------------
     6,9  17,3     8    -5,1    25   257,9   0,3  62,6  10,9  47,9    18      SW

Max >=  25,0:  0
Max <=  15,0: 25
Min <=  10,0: 28
Min <= -10,0:  0
Max Rain: 10,5 on day 15
Days of Rain: 16 (>= 0,2 mm)  10 (>= 2,0 mm)  0 (>= 20,0 mm)
Heat Base: 15,5  Cool Base: 15,5  Method: Integration