Raporty NOAA



Report for 2015 Paz
                   Monthly Climatological Summary for paź 2015

Name: Pogoda w Radlinie   City: Radlin   State: Woj. slaskie
Elevation: 285 m  Lat: N 50° 02' 43"   Lon: E 018° 29' 36"

                  Temperature (°C), Rain (mm), Wind Speed (km/h)

                                      Heat  Cool        Avg
    Mean                              Deg   Deg         Wind                 Dom
Day Temp  High   Time   Low    Time   Days  Days  Rain  Speed High   Time    Dir
----------------------------------------------------------------------------------
 1  10,0  16,2   16:20   4,3   07:05   5,5   0,0   0,0   7,0  23,4   11:41     E
 2  10,8  19,6   15:16   2,7   07:05   5,4   0,8   0,0   4,0  13,3   12:25     S
 3  14,4  22,2   13:40   7,1   06:45   2,9   1,8   0,0   7,8  27,0   22:08     S
 4  16,8  22,4   14:29  10,5   06:51   0,9   2,1   0,0   9,0  30,6   13:47    SW
 5  15,5  21,0   15:39  11,0   23:54   1,3   1,3   0,0   4,3  19,4   16:25   NNW
 6  14,2  21,2   14:43   7,8   06:36   2,6   1,3   0,0   5,6  22,0   22:17   ESE
 7  12,7  16,1   14:30   7,9   23:42   2,8   0,0   0,0  15,7  33,1   11:19     E
 8   9,1  14,8   14:51   3,8   07:08   6,4   0,0   0,2   5,9  15,8   21:23   ENE
 9   8,1  12,3   14:36   5,4   07:50   7,4   0,0   3,1   7,5  20,9   21:10    NE
10   6,1  13,1   15:06   2,3   06:16   9,4   0,0   0,0  13,0  29,5   15:20    NE
11   5,1   9,4   14:05   1,4   06:47  10,4   0,0   0,0  15,6  37,8   15:06    NE
12   2,0   4,1   00:00   0,8   08:43  13,5   0,0   3,4   8,5  29,5   03:12   NNE
13   3,5   5,5   15:13   1,4   00:00  12,0   0,0   0,1   5,2  14,8   13:08     E
14   6,8   8,7   17:38   5,0   00:00   8,7   0,0   1,5   9,0  27,0   20:40   ENE
15   7,6   9,5   15:51   5,9   03:56   7,9   0,0   7,6  10,8  25,6   18:18     E
16  11,2  14,9   13:36   8,4   00:00   4,3   0,0   7,4   5,7  15,8   15:45   ENE
17  10,9  13,0   13:14   8,0   23:54   4,6   0,0   0,1   5,8  18,4   20:10   SSW
18   7,7  12,4   14:32   3,3   07:40   7,8   0,0   0,0   4,9  22,0   13:29   SSW
19   8,4  11,9   13:25   5,8   07:16   7,1   0,0   0,0   5,5  18,4   10:49     N
20   8,0  18,9   17:00   6,8   20:42   7,6   0,1   0,0   6,3  11,2   19:28   NNE
21   7,6   8,7   14:34   6,9   01:30   7,8   0,0   3,7   7,2  19,4   08:10     W
22   7,5   9,3   15:41   6,5   06:40   8,0   0,0   0,5   6,0  20,9   23:32    SW
23   9,5  11,8   14:30   7,1   00:14   6,0   0,0   0,9   9,3  27,0   11:29     W
24  10,4  15,4   15:07   7,3   23:46   5,1   0,0   0,0   4,3  14,8   22:20   SSW
25   9,2  11,6   13:33   6,1   04:07   6,5   0,0   0,1   8,1  23,4   05:37   SSW
26   8,3  12,6   13:16   3,4   23:43   7,2   0,0   0,0   4,2  13,3   00:45    NW
27   7,1  16,4   13:34   2,4   05:41   8,4   0,0   0,0   5,9  22,0   19:09   ESE
28   8,1  16,8   13:44   1,5   06:19   7,5   0,0   0,0   3,5  15,8   16:29   ESE
29   9,5  15,1   13:20   3,8   06:07   6,0   0,0   0,0   2,6  11,2   18:08    NE
30   9,2  14,5   14:26   5,3   23:57   6,3   0,0   0,0   2,8  11,2   11:59     N
31   5,0  10,2   13:52   2,3   23:30  10,5   0,0   0,0   5,5  13,3   11:37     E
----------------------------------------------------------------------------------
     9,0  22,4     4     0,8    12   207,8   7,4  28,6   7,1  37,8    11     ENE

Max >=  25,0:  0
Max <=  15,0: 19
Min <=  10,0: 29
Min <= -10,0:  0
Max Rain: 7,6 on day 15
Days of Rain: 9 (>= 0,2 mm)  5 (>= 2,0 mm)  0 (>= 20,0 mm)
Heat Base: 15,5  Cool Base: 15,5  Method: Integration