Raporty NOAA



Report for 2015 Wrz
                   Monthly Climatological Summary for wrz 2015

Name: Pogoda w Radlinie   City: Radlin   State: Woj. slaskie
Elevation: 285 m  Lat: N 50° 02' 43"   Lon: E 018° 29' 36"

                  Temperature (°C), Rain (mm), Wind Speed (km/h)

                                      Heat  Cool        Avg
    Mean                              Deg   Deg         Wind                 Dom
Day Temp  High   Time   Low    Time   Days  Days  Rain  Speed High   Time    Dir
----------------------------------------------------------------------------------
 1  26,5  33,1   15:12  19,3   06:13   0,0  11,0   0,0  10,0  28,1   10:46   SSW
 2  18,2  23,4   01:22  15,9   09:55   0,0   2,7   0,1   9,7  40,3   05:39   NNW
 3  18,2  23,3   16:09  12,7   06:18   0,3   3,1   0,0   6,9  23,4   15:22     E
 4  16,2  19,6   17:10  14,2   06:58   0,3   1,1   8,1   7,2  24,5   14:17   NNW
 5  16,6  22,3   15:14  12,3   03:37   0,9   2,0   0,0   9,4  31,7   16:16   WSW
 6  13,2  16,8   15:19  11,4   09:56   2,3   0,0   2,3  13,5  47,9   15:28   WSW
 7  13,2  16,9   16:18  11,4   05:13   2,4   0,1   0,0  12,6  30,6   09:18   WNW
 8  12,8  18,6   16:32   8,5   06:12   3,0   0,3   0,1   8,5  30,6   21:33    NW
 9  12,7  16,1   17:17  10,5   06:19   2,9   0,0   0,0   4,5  15,8   15:54     N
10  14,0  18,4   14:13   8,4   06:26   2,3   0,8   0,4   9,7  30,6   13:27   ENE
11  14,5  18,0   13:57  11,7   07:18   1,5   0,4   3,9   4,8  18,4   07:58     E
12  16,7  22,0   16:28  12,2   06:42   0,9   2,1   0,0   5,8  20,9   14:34   SSW
13  18,0  26,6   15:30  12,1   03:21   0,9   3,4   0,0   7,0  24,5   14:16   SSE
14  19,9  26,5   14:44  14,4   06:27   0,1   4,4   3,6  14,0  41,8   11:17   SSE
15  18,3  23,0   16:39  13,9   05:56   0,2   2,9   0,1   6,1  20,9   02:15   SSE
16  21,7  26,7   16:43  16,4   05:50   0,0   6,2   0,0   9,0  46,4   12:43     S
17  23,7  29,7   14:13  16,6   05:23   0,0   8,2   0,0  10,0  35,6   23:44     S
18  18,4  25,8   00:00  15,1   07:09   0,0   2,9   0,2   7,4  42,8   00:16     N
19  15,9  19,7   16:48  14,1   09:22   0,5   0,9   3,3   3,2  12,2   16:16   NNE
20  14,1  15,9   11:27  10,1   23:52   1,5   0,0   0,0   9,6  31,7   09:11   NNW
21  12,3  16,3   13:58   9,0   02:06   3,2   0,1   0,0   5,4  24,5   12:26   WSW
22  13,2  20,7   15:32   6,1   06:37   3,5   1,2   0,0   7,5  23,4   11:21   SSE
23  16,8  22,1   14:58  13,0   00:32   0,8   2,1   0,0   7,7  22,0   11:35   ESE
24  14,7  18,1   15:37  10,7   05:50   1,5   0,7   0,0   7,3  24,5   09:34   NNW
25  15,3  17,5   16:43  13,4   08:10   0,6   0,4   0,1   8,7  23,4   14:33   NNW
26  11,9  14,9   00:00  10,4   13:33   3,6   0,0   7,4   7,6  24,5   13:05   NNW
27  11,6  15,3   14:20   9,2   07:51   3,9   0,0   0,0   8,4  27,0   15:12   NNW
28  10,7  15,9   14:16   5,2   06:27   4,8   0,0   0,0   6,9  23,4   13:38     N
29  11,1  15,4   13:35   8,2   07:06   4,4   0,0   0,0   7,7  24,5   13:35   NNE
30  10,0  12,3   16:19   7,6   22:28   5,5   0,0   0,0   6,8  27,0   13:31    NE
----------------------------------------------------------------------------------
    15,7  33,1     1     5,2    28    51,8  57,0  29,6   8,1  47,9     6      NW

Max >=  25,0:  6
Max <=  15,0:  2
Min <=  10,0:  8
Min <= -10,0:  0
Max Rain: 8,1 on day 4
Days of Rain: 8 (>= 0,2 mm)  6 (>= 2,0 mm)  0 (>= 20,0 mm)
Heat Base: 15,5  Cool Base: 15,5  Method: Integration