Raporty NOAA


Wybierz miesiac lub rok

Report for 2015 Sie
                   Monthly Climatological Summary for sie 2015

Name: Pogoda w Radlinie   City: Radlin   State: Woj. slaskie
Elevation: 285 m  Lat: N 50° 02' 43"   Lon: E 018° 29' 36"

                  Temperature (°C), Rain (mm), Wind Speed (km/h)

                                      Heat  Cool        Avg
    Mean                              Deg   Deg         Wind                 Dom
Day Temp  High   Time   Low    Time   Days  Days  Rain  Speed High   Time    Dir
----------------------------------------------------------------------------------
 1  19,0  25,3   17:27  11,1   05:23   1,0   4,5   0,0   7,3  24,5   21:57   ENE
 2  20,4  24,6   13:46  16,0   05:39   0,0   4,9   0,0   3,7  20,9   00:42    NE
 3  22,5  29,8   17:49  14,7   05:18   0,1   7,1   0,0   4,5  18,4   18:11     E
 4  24,1  30,9   15:45  17,6   05:34   0,0   8,6   0,0   5,2  25,6   17:56     E
 5  24,7  30,4   16:22  20,2   02:35   0,0   9,2   0,0   8,3  27,0   07:26    NW
 6  25,5  31,8   14:57  18,1   05:52   0,0  10,0   0,0   4,9  39,2   03:37     E
 7  27,2  33,4   16:46  20,0   05:19   0,0  11,7   0,0   6,7  24,5   10:17   ENE
 8  28,4  34,5   15:33  21,6   05:45   0,0  12,9   0,0   8,1  25,6   10:38   SSE
 9  27,6  33,9   14:51  21,8   06:13   0,0  12,1   0,0   5,7  17,3   07:52   WNW
10  26,6  33,6   15:33  20,4   05:41   0,0  11,1   0,0   4,9  27,0   15:45   ENE
11  27,0  34,7   16:15  21,9   06:07   0,0  11,5   0,1   5,6  24,5   17:57   ESE
12  25,4  33,2   14:52  20,1   05:22   0,0   9,9   0,1   4,9  30,6   20:55   NNW
13  25,7  31,7   17:07  19,3   06:07   0,0  10,2   0,0   6,7  22,0   16:56    NE
14  26,1  31,9   14:44  21,0   06:07   0,0  10,6   0,0  10,9  25,6   11:45     E
15  25,2  32,3   12:18  20,0   05:49   0,0   9,7   0,0   6,4  24,5   17:56    SE
16  22,0  25,8   15:22  18,8   23:18   0,0   6,5   0,1   8,8  27,0   16:54   ENE
17  18,8  20,7   18:24  17,0   04:45   0,0   3,3   1,1   4,8  18,4   14:30    NE
18  21,3  25,4   14:54  18,3   05:51   0,0   5,8   0,0  14,5  34,2   15:10     E
19  19,5  24,1   16:06  14,5   06:09   0,1   4,0   0,0  15,5  36,7   13:42    NE
20  17,9  23,2   14:57  11,1   06:05   0,7   3,1   0,0  13,4  39,2   12:17   ENE
21  18,4  24,0   15:07  11,6   05:47   0,7   3,6   0,0  10,5  33,1   12:51     E
22  17,0  22,9   13:53  12,1   05:47   0,6   2,1   0,3   7,3  29,5   13:19    NE
23  18,9  25,3   14:50  13,4   06:14   0,5   3,9   0,0   4,7  18,4   13:14    SE
24  21,3  26,5   14:14  15,3   04:35   0,0   5,8   0,0  11,6  33,1   12:51   SSE
25  18,1  22,3   09:55  13,8   23:51   0,2   2,8   6,2   8,3  31,7   09:15   SSW
26  18,3  24,7   17:11  11,7   06:07   1,0   3,8   0,1   5,8  14,8   12:35   SSE
27  21,6  28,8   15:32  13,2   06:40   0,2   6,3   0,0   9,7  28,1   13:14   SSW
28  24,2  31,7   15:24  17,7   06:10   0,0   8,7   0,0   9,7  31,7   10:40    SW
29  21,4  25,0   17:07  18,4   06:21   0,0   5,9   0,0   6,3  15,8   00:37   NNE
30  23,5  33,7   15:23  17,0   04:44   0,0   8,0   0,0   5,5  29,5   15:11   SSW
31  26,8  33,7   14:33  18,9   05:21   0,0  11,3   0,0   9,0  31,7   14:48   SSW
----------------------------------------------------------------------------------
    22,7  34,7    11    11,1     1     5,1 228,9   8,0   7,7  39,2     6       E

Max >=  25,0: 23
Max <=  15,0:  0
Min <=  10,0:  0
Min <= -10,0:  0
Max Rain: 6,2 on day 25
Days of Rain: 3 (>= 0,2 mm)  1 (>= 2,0 mm)  0 (>= 20,0 mm)
Heat Base: 15,5  Cool Base: 15,5  Method: Integration