Raporty NOAA


Wybierz miesiac lub rok

Report for 2015 Lip
                   Monthly Climatological Summary for lip 2015

Name: Pogoda w Radlinie   City: Radlin   State: Woj. slaskie
Elevation: 285 m  Lat: N 50° 02' 43"   Lon: E 018° 29' 36"

                  Temperature (°C), Rain (mm), Wind Speed (km/h)

                                      Heat  Cool        Avg
    Mean                              Deg   Deg         Wind                 Dom
Day Temp  High   Time   Low    Time   Days  Days  Rain  Speed High   Time    Dir
----------------------------------------------------------------------------------
 1  20,5  25,9   16:28  14,5   05:07   0,1   5,1   0,0   5,2  18,4   13:29   NNW
 2  21,7  27,0   17:10  14,6   05:07   0,1   6,3   0,0   8,8  23,4   14:49   ENE
 3  22,8  28,2   17:08  14,9   05:12   0,0   7,3   0,0   7,8  20,9   22:25   ESE
 4  24,8  30,9   17:14  17,0   04:57   0,0   9,3   0,0   7,3  23,4   14:10   SSW
 5  26,0  32,7   16:17  18,5   05:26   0,0  10,5   0,0   6,2  17,3   07:15   SSW
 6  25,4  31,0   15:22  20,5   23:58   0,0   9,9   0,0   9,8  35,6   17:20    NW
 7  25,1  32,2   17:50  16,5   05:07   0,0   9,6   0,0   6,2  25,6   17:08   SSE
 8  21,1  26,8   02:20  17,3   23:43   0,0   5,6  16,2  12,1  80,6   04:46     S
 9  16,7  22,5   13:34  12,7   23:55   0,5   1,8   0,1  11,4  54,0   15:32   WSW
10  15,0  18,7   16:56  10,9   05:07   1,4   0,8   0,0  11,9  34,2   17:15   WNW
11  16,7  22,9   16:43   9,1   04:38   1,5   2,8   0,0   7,8  22,0   13:50   WSW
12  20,1  26,7   16:44  12,1   05:10   0,5   5,1   0,0   5,1  27,0   22:52     W
13  16,4  19,4   18:26  14,8   04:58   0,1   1,0  10,6   8,0  27,0   09:10   WNW
14  18,7  22,8   17:29  15,8   04:23   0,0   3,2   0,3   6,8  18,4   08:25    SW
15  19,7  24,6   16:29  17,0   06:16   0,0   4,2   0,2   7,8  27,0   14:12   WNW
16  21,6  27,8   17:29  14,3   05:37   0,1   6,1   0,0   5,4  19,4   15:53   SSW
17  24,7  31,4   16:52  17,5   05:18   0,0   9,2   0,0   4,9  19,4   12:47     W
18  25,4  33,6   16:50  20,7   04:56   0,0   9,9   0,1  10,4  49,0   18:08     S
19  25,9  32,8   16:16  20,0   01:31   0,0  10,4   0,0   9,3  42,8   16:30     S
20  22,5  26,8   16:48  18,2   08:07   0,0   7,0   0,0   9,0  30,6   00:32    NW
21  23,9  31,0   17:34  15,9   04:37   0,0   8,4   0,3   5,9  28,1   11:33     S
22  27,1  33,5   18:26  19,9   05:37   0,0  11,6   0,1   6,4  17,3   01:09   ENE
23  24,3  27,5   11:40  21,7   23:54   0,0   8,8   4,2   9,4  40,3   11:11    NW
24  24,1  29,3   17:40  19,3   06:24   0,0   8,6   0,0   9,6  28,1   18:22   ENE
25  23,7  31,1   12:13  18,8   23:50   0,0   8,2  12,4  11,0  58,7   13:10    SE
26  18,7  23,1   19:11  14,9   06:38   0,0   3,3   3,0   8,9  28,1   00:43   WSW
27  16,9  21,2   17:17  13,0   04:26   0,5   1,8   1,0  11,1  31,7   17:08   SSE
28  18,8  23,6   14:14  15,2   05:17   0,0   3,3   0,1  12,4  39,2   16:29     S
29  18,6  22,9   17:25  15,4   06:34   0,0   3,1   0,5  10,4  39,2   15:30     S
30  18,6  23,2   17:59  13,1   05:53   0,2   3,3   0,0  10,4  34,2   10:44    SW
31  17,2  22,3   16:26  10,9   05:53   0,7   2,5   0,0   6,2  22,0   14:47   WNW
----------------------------------------------------------------------------------
    21,4  33,6    18     9,1    11     5,7 188,0  49,1   8,5  80,6     8      SW

Max >=  25,0: 19
Max <=  15,0:  0
Min <=  10,0:  1
Min <= -10,0:  0
Max Rain: 16,2 on day 8
Days of Rain: 10 (>= 0,2 mm)  5 (>= 2,0 mm)  0 (>= 20,0 mm)
Heat Base: 15,5  Cool Base: 15,5  Method: Integration