Raporty NOAA



Report for 2015 Cze
                   Monthly Climatological Summary for cze 2015

Name: Pogoda w Radlinie   City: Radlin   State: Woj. slaskie
Elevation: 285 m  Lat: N 50° 02' 43"   Lon: E 018° 29' 36"

                  Temperature (°C), Rain (mm), Wind Speed (km/h)

                                      Heat  Cool        Avg
    Mean                              Deg   Deg         Wind                 Dom
Day Temp  High   Time   Low    Time   Days  Days  Rain  Speed High   Time    Dir
----------------------------------------------------------------------------------
 1  19,5  25,4   14:46  12,5   02:39   0,6   4,6   0,0   8,4  29,5   09:31    SW
 2  21,8  26,7   15:29  15,0   04:28   0,0   6,3   0,0   9,7  31,7   13:33   SSW
 3  23,8  29,0   16:14  17,1   04:48   0,0   8,3   0,0  11,4  30,6   13:54   SSW
 4  19,2  22,3   00:00  14,0   23:48   0,0   3,8   0,0   7,9  25,6   00:20     N
 5  18,7  24,5   16:19  11,3   05:07   0,8   4,1   0,0   9,6  28,1   09:18     E
 6  21,9  29,0   17:54  12,7   05:10   0,3   6,7   0,0   7,4  19,4   14:07     S
 7  22,9  27,1   15:44  17,5   23:57   0,0   7,4   0,0  11,1  27,0   11:32    NW
 8  16,8  21,3   17:07  12,0   04:54   0,7   2,0   0,0   9,5  23,4   19:59   NNE
 9  16,4  19,5   13:43  13,0   23:47   0,2   1,2   0,0  11,2  28,1   16:24   NNE
10  16,0  21,1   16:55  11,3   01:42   1,4   1,9   0,0   9,1  25,6   16:31     N
11  19,4  25,1   18:13  12,2   05:18   0,5   4,4   0,0   5,9  19,4   10:37   NNE
12  23,3  29,3   14:43  15,7   04:52   0,0   7,8   0,0  10,0  40,3   15:56     S
13  25,4  31,5   16:54  18,5   05:25   0,0   9,9   0,0   5,9  23,4   22:50    SW
14  21,4  27,5   16:05  17,4   05:30   0,0   5,9   9,4   7,3  41,8   21:42   WSW
15  16,4  18,2   00:00  14,4   17:26   0,1   1,0   0,4   9,5  35,6   14:33   NNW
16  15,1  18,5   16:20  11,8   23:58   1,1   0,7   0,0  10,7  27,0   15:27   NNW
17  13,5  18,1   16:07   9,6   04:07   2,3   0,3   0,0   8,7  25,6   13:32     N
18  15,1  20,7   17:39   8,5   04:45   2,2   1,7   0,0   8,9  25,6   14:11    SW
19  14,1  17,0   00:00  11,3   23:46   1,5   0,1   3,5   9,0  25,6   07:27    NW
20  13,2  16,9   13:31   9,3   03:50   2,4   0,1   0,0   6,8  25,6   12:49   WNW
21  12,8  16,8   16:35  11,2   04:16   2,7   0,1   6,5   8,0  25,6   14:14     W
22  14,1  20,3   15:18   9,2   05:16   2,1   0,7   6,5  12,6  31,7   09:20   SSW
23  13,6  17,4   19:33  10,7   23:29   2,1   0,2   2,0  10,2  30,6   10:35   SSW
24  14,6  19,2   15:07   9,7   05:27   1,8   0,9   0,0   7,5  19,4   20:17     W
25  14,9  19,7   18:15   9,0   03:48   1,7   1,0   0,0   4,4  15,8   15:10   NNW
26  18,1  23,2   15:56  11,2   06:33   0,9   3,5   0,0   4,9  18,4   10:42    NW
27  19,2  22,3   14:16  16,6   03:55   0,0   3,7   0,0   7,7  24,5   10:38   WNW
28  16,5  17,7   16:32  15,2   23:54   0,0   1,0   5,6   8,5  33,1   14:37   NNW
29  16,8  20,1   15:10  13,9   03:59   0,4   1,6   0,1   5,0  20,9   15:42    NW
30  18,2  24,6   15:07  11,8   04:50   0,8   3,5   4,8   4,7  25,6   17:35   SSW
----------------------------------------------------------------------------------
    17,8  31,5    13     8,5    18    26,6  94,4  38,8   8,4  41,8    14     WNW

Max >=  25,0:  9
Max <=  15,0:  0
Min <=  10,0:  6
Min <= -10,0:  0
Max Rain: 9,4 on day 14
Days of Rain: 8 (>= 0,2 mm)  7 (>= 2,0 mm)  0 (>= 20,0 mm)
Heat Base: 15,5  Cool Base: 15,5  Method: Integration