Raporty NOAA


Wybierz miesiac lub rok

Report for 2015 Maj
                   Monthly Climatological Summary for maj 2015

Name: Pogoda w Radlinie   City: Radlin   State: Woj. slaskie
Elevation: 285 m  Lat: N 50° 02' 43"   Lon: E 018° 29' 36"

                  Temperature (°C), Rain (mm), Wind Speed (km/h)

                                      Heat  Cool        Avg
    Mean                              Deg   Deg         Wind                 Dom
Day Temp  High   Time   Low    Time   Days  Days  Rain  Speed High   Time    Dir
----------------------------------------------------------------------------------
 1  11,0  12,7   15:09   8,8   04:58   4,5   0,0   0,2   9,7  37,8   10:53   SSW
 2  10,9  16,3   16:57   7,6   22:21   4,6   0,0   0,1   5,4  28,1   15:19   NNW
 3  12,3  18,7   13:43   4,7   05:34   3,9   0,6   0,0   6,8  24,5   18:56   SSE
 4  13,0  20,6   16:23  10,3   01:18   5,8   0,8   0,4   7,4  25,6   16:52     S
 5  19,8  25,6   15:58  12,9   02:22   0,5   4,8   0,0   8,6  30,6   12:11   SSE
 6  15,5  18,6   00:00  12,6   23:18   0,7   0,7  17,7   7,3  29,5   03:55   NNW
 7  14,9  19,5   14:15  10,7   23:26   1,7   1,0   0,1   9,4  25,6   08:46   WNW
 8  14,4  20,1   18:40   7,1   05:34   2,3   1,2   0,0   6,6  18,4   12:21    SE
 9  16,2  20,9   14:45  11,0   05:11   1,1   1,8   0,0   4,8  17,3   02:33    NW
10  14,3  18,4   16:10   9,8   22:55   1,8   0,6   3,0  13,9  46,4   10:56   NNW
11  12,8  18,8   18:59   9,0   05:40   3,2   0,5   0,0   6,5  17,3   08:36     N
12  15,9  23,2   15:33   6,8   05:27   2,3   2,7   0,0  13,8  37,8   10:22   SSW
13  15,2  19,4   18:43  11,1   23:59   1,2   0,9   1,3   7,8  23,4   02:09     W
14  10,5  14,6   18:59   6,7   23:58   5,0   0,0   3,9   5,5  40,3   13:51   NNW
15  11,3  17,1   15:47   5,2   05:23   4,3   0,2   0,0   4,3  19,4   16:34   NNW
16  14,8  21,3   16:30   6,9   05:07   2,5   1,8   0,0   6,2  22,0   13:43   WSW
17  12,9  16,1   15:47   8,7   23:59   2,7   0,0   0,1  10,5  30,6   01:28   NNW
18  14,0  21,3   17:19   5,8   05:17   3,0   1,5   0,0   8,0  27,0   16:21   SSW
19  16,7  24,4   12:45  12,0   03:46   1,0   2,2   4,0   7,5  34,2   11:45   WSW
20  13,8  18,4   12:36   9,6   23:19   2,0   0,3   3,5   9,6  33,1   14:30   NNW
21  10,8  12,8   15:35   9,0   04:17   4,7   0,0   5,2   6,6  20,9   03:18     N
22  12,9  16,2   15:42  10,3   05:12   2,6   0,0   0,1   7,5  22,0   13:59    NE
23  11,7  13,3   14:24  10,5   23:51   3,8   0,0   5,4   7,4  24,5   10:38   NNE
24  11,6  14,7   17:31  10,1   05:26   3,9   0,0   1,8   6,4  18,4   10:18   NNE
25  14,1  18,2   15:38  10,5   00:00   1,8   0,4   1,8   4,6  17,3   15:30   NNE
26  12,5  13,6   00:08  10,6   22:46   3,0   0,0   6,4  10,1  33,1   12:24   NNW
27  10,5  12,8   13:29   7,8   06:25   5,0   0,0   0,0  13,8  36,7   13:36   NNW
28  11,4  15,3   18:46   8,6   05:11   4,1   0,0   0,0   7,8  18,4   03:33   WNW
29  15,1  22,1   15:52   7,0   04:07   2,6   2,2   0,0  11,7  31,7   16:50   SSW
30  16,7  22,7   12:57  12,1   03:53   0,7   1,9   0,7  10,8  31,7   12:50    SW
31  15,6  21,0   17:51   9,4   05:35   1,5   1,6   0,1   6,2  23,4   16:29     W
----------------------------------------------------------------------------------
    13,6  25,6     5     4,7     3    87,8  27,7  55,8   8,2  46,4    10     WNW

Max >=  25,0:  1
Max <=  15,0:  7
Min <=  10,0: 18
Min <= -10,0:  0
Max Rain: 17,7 on day 6
Days of Rain: 14 (>= 0,2 mm)  8 (>= 2,0 mm)  0 (>= 20,0 mm)
Heat Base: 15,5  Cool Base: 15,5  Method: Integration