Raporty NOAA


Wybierz miesiac lub rok

Report for 2015 Kwi
                   Monthly Climatological Summary for kwi 2015

Name: Pogoda w Radlinie   City: Radlin   State: Woj. slaskie
Elevation: 285 m  Lat: N 50° 02' 43"   Lon: E 018° 29' 36"

                  Temperature (°C), Rain (mm), Wind Speed (km/h)

                                      Heat  Cool        Avg
    Mean                              Deg   Deg         Wind                 Dom
Day Temp  High   Time   Low    Time   Days  Days  Rain  Speed High   Time    Dir
----------------------------------------------------------------------------------
 1   4,7   7,0   15:40   1,7   23:53  10,8   0,0   0,0  19,4  58,7   17:31     W
 2   1,9   4,7   12:42   0,0   19:25  13,6   0,0   3,9  15,7  55,1   11:18   WSW
 3   2,4   6,9   15:46  -0,5   03:22  13,1   0,0   0,8  13,0  37,8   16:42     W
 4   2,8   7,1   13:22  -0,8   23:50  12,7   0,0   0,5   7,5  30,6   13:24     N
 5   1,8   5,2   12:18  -0,8   00:00  13,7   0,0   0,5   9,4  29,5   14:26     N
 6   1,0   4,9   13:09  -0,8   05:35  14,5   0,0   2,4   9,0  34,2   15:39   NNW
 7   4,0   9,5   14:56  -1,7   04:30  11,5   0,0   0,1  11,5  30,6   12:39   NNW
 8   6,8  10,7   16:47   5,1   06:18   8,7   0,0   0,7  12,8  25,6   05:14    NW
 9   8,8  14,7   15:56   2,9   06:27   6,7   0,0   0,0   8,4  19,4   08:25   NNW
10  11,6  18,8   15:58   5,0   04:47   4,5   0,7   0,0  10,3  30,6   13:50   SSW
11  14,6  21,1   14:37   6,9   06:15   2,5   1,7   0,0  11,1  31,7   14:41    SW
12  13,2  17,0   16:07   8,7   22:48   2,4   0,1   0,0   8,9  35,6   10:30    NW
13  10,7  17,1   10:59   6,6   23:52   4,9   0,1   0,0  17,7  50,0   12:26   WNW
14   8,8  13,2   16:40   4,3   05:54   6,7   0,0   0,0  10,2  37,8   11:46   WNW
15  15,4  21,8   14:35   9,0   00:07   2,1   2,0   0,0  15,0  29,5   13:35   SSW
16  14,6  21,3   14:12  10,1   23:53   2,0   1,1   0,4  10,8  33,1   16:08   WNW
17  10,5  14,2   14:54   8,0   07:59   5,0   0,0   0,3   8,3  25,6   20:53    NW
18   5,3   8,1   00:00   2,0   05:59  10,2   0,0   0,0  14,3  36,7   18:46   NNW
19   7,8  13,6   15:50   2,3   05:47   7,7   0,0   0,0   9,6  28,1   15:13   WNW
20   9,5  14,7   14:10   3,3   05:48   6,0   0,0   0,0  18,3  51,5   14:28   NNW
21  10,6  18,9   16:43   0,7   05:44   5,5   0,6   0,0  14,5  49,0   15:24   NNW
22  11,0  17,5   16:33   3,4   06:07   4,8   0,3   0,0   7,5  20,9   14:32   NNW
23  13,0  20,8   16:26   4,3   06:07   3,8   1,4   0,0   6,6  20,9   17:35     W
24  15,6  21,8   15:15  10,2   06:23   1,7   1,8   0,0   7,1  31,7   14:30   WSW
25  17,0  23,2   16:52   8,5   05:42   1,4   2,9   0,0  12,5  35,6   11:28   SSW
26  15,7  21,5   13:09  11,0   22:55   1,0   1,2   0,1   7,4  31,7   17:07    SW
27  17,7  25,3   14:18   9,9   05:07   1,5   3,7   0,0  11,0  30,6   12:17     S
28  12,7  18,8   08:15   4,0   23:55   3,4   0,6   6,2  14,4  51,5   19:51   NNW
29   7,1  12,2   18:07   4,0   00:00   8,4   0,0   1,3   8,9  29,5   08:21   NNW
30  10,9  17,3   15:07   3,4   02:15   4,9   0,3   0,0   7,6  28,1   11:23   SSE
----------------------------------------------------------------------------------
     9,6  25,3    27    -1,7     7   195,7  18,5  17,2  11,3  58,7     1     WNW

Max >=  25,0:  1
Max <=  15,0: 15
Min <=  10,0: 27
Min <= -10,0:  0
Max Rain: 6,2 on day 28
Days of Rain: 10 (>= 0,2 mm)  3 (>= 2,0 mm)  0 (>= 20,0 mm)
Heat Base: 15,5  Cool Base: 15,5  Method: Integration