Raporty NOAA



Report for 2015 Marz
                   Monthly Climatological Summary for mar 2015

Name: Pogoda w Radlinie   City: Radlin   State: Woj. slaskie
Elevation: 285 m  Lat: N 50° 02' 43"   Lon: E 018° 29' 36"

                  Temperature (°C), Rain (mm), Wind Speed (km/h)

                                      Heat  Cool        Avg
    Mean                              Deg   Deg         Wind                 Dom
Day Temp  High   Time   Low    Time   Days  Days  Rain  Speed High   Time    Dir
----------------------------------------------------------------------------------
 1   4,9  10,3   13:16   0,5   07:38  10,6   0,0   0,2  13,8  46,4   20:07    SW
 2   5,6   8,2   15:31   1,5   22:50   9,9   0,0   2,7  16,1  39,2   09:43    SW
 3   3,1   7,6   13:59   0,5   05:28  12,4   0,0   1,8  13,9  36,7   12:19     W
 4   4,0   7,4   13:56   1,3   23:59  11,5   0,0   1,2  13,8  39,2   12:11     W
 5   1,6   5,2   11:07  -1,6   22:37  13,9   0,0   0,0   7,3  22,0   15:59   WNW
 6   1,6   5,3   15:25  -1,4   04:39  13,9   0,0   0,0   5,2  17,3   02:12    NW
 7   4,1   9,8   15:21   1,3   01:09  11,4   0,0   0,0   6,5  19,4   11:48   WSW
 8   6,5  12,5   14:57   1,2   00:55   9,0   0,0   0,0  16,4  39,2   10:29    SW
 9   7,0  12,5   14:18   2,7   05:07   8,5   0,0   0,0  15,7  41,8   09:33    SW
10   6,9  14,7   15:15   0,5   05:55   8,6   0,0   0,0   7,9  23,4   07:25   SSW
11   3,2   4,4   06:42   1,8   21:21  12,3   0,0   2,0  14,3  34,2   15:50   NNW
12   3,3   5,5   12:11   1,1   05:53  12,2   0,0   0,0  16,7  34,2   10:25   NNW
13   2,2   3,5   00:00   1,5   23:13  13,3   0,0   1,1   9,8  20,9   00:50   NNE
14   2,5   4,0   14:21   1,3   05:56  13,0   0,0   3,0   6,5  15,8   09:12   NNE
15   6,1  12,0   15:07   2,0   04:53   9,4   0,0   0,2  11,3  28,1   19:22   ESE
16   7,8  13,7   14:13   4,0   06:13   7,7   0,0   0,0  14,4  29,5   17:41     E
17   8,0  15,3   13:42   1,8   05:55   7,5   0,0   0,0  14,7  39,2   21:57     E
18   5,5  11,0   12:39   0,2   06:29  10,0   0,0   0,0  14,7  31,7   10:33   ENE
19   4,2  10,1   13:58  -1,6   06:07  11,3   0,0   0,0  10,9  33,1   12:41   ENE
20   4,6  11,3   14:41  -2,3   06:19  10,9   0,0   0,0   7,9  22,0   13:12   SSW
21   8,3  14,9   14:28   2,1   05:49   7,2   0,0   0,0  13,9  35,6   15:18   SSW
22   2,2   7,2   00:00  -2,9   23:51  13,3   0,0   0,0  10,4  29,5   00:18     N
23   2,9  10,1   13:52  -4,4   05:38  12,5   0,0   0,0   6,4  22,0   07:48   ESE
24   9,4  16,8   13:48   0,9   06:09   6,2   0,1   0,0  12,9  36,7   15:17     S
25  12,7  19,5   13:21   4,6   03:43   3,6   0,8   0,0   7,5  27,0   12:56     S
26  12,3  15,2   10:13   8,7   06:17   3,2   0,0   1,3   7,4  25,6   10:15   SSE
27   7,8  11,3   00:07   6,3   23:09   7,7   0,0   0,4   9,0  28,1   07:56    NW
28   5,7   8,0   12:18   3,1   05:11   9,8   0,0   0,4  10,8  30,6   11:32    NW
29   5,9  10,1   12:10  -0,2   05:07   9,2   0,0   1,6  16,1  40,3   12:22   SSW
30   7,4  10,7   12:11   3,8   23:09   8,1   0,0   5,2  20,3  57,6   13:18   WSW
31   5,5   8,6   17:33   2,8   06:33  10,0   0,0   1,5  19,6  54,0   14:06    SW
----------------------------------------------------------------------------------
     5,6  19,5    25    -4,4    23   308,1   0,9  22,6  12,0  57,6    30      SW

Max >=  25,0:  0
Max <=  15,0: 27
Min <=  10,0: 31
Min <= -10,0:  0
Max Rain: 5,2 on day 30
Days of Rain: 14 (>= 0,2 mm)  4 (>= 2,0 mm)  0 (>= 20,0 mm)
Heat Base: 15,5  Cool Base: 15,5  Method: Integration