Raporty NOAA



Report for 2015 Lut
                   Monthly Climatological Summary for lut 2015

Name: Pogoda w Radlinie   City: Radlin   State: Woj. slaskie
Elevation: 285 m  Lat: N 50° 02' 43"   Lon: E 018° 29' 36"

                  Temperature (°C), Rain (mm), Wind Speed (km/h)

                                      Heat  Cool        Avg
    Mean                              Deg   Deg         Wind                 Dom
Day Temp  High   Time   Low    Time   Days  Days  Rain  Speed High   Time    Dir
----------------------------------------------------------------------------------
 1  -0,6   3,8   13:36  -3,5   07:27  16,1   0,0   0,4  10,5  23,4   00:59    SW
 2  -1,4   3,4   14:19  -3,5   04:32  16,9   0,0   0,2   8,8  19,4   06:14   SSW
 3  -1,1   2,2   14:09  -3,6   05:46  16,6   0,0   0,4  13,9  31,7   11:31    SW
 4  -1,1   2,7   12:14  -4,1   01:14  16,6   0,0   0,0   6,4  22,0   15:38     W
 5  -2,2   0,1   13:15  -4,6   07:31  17,7   0,0   0,0   7,1  20,9   23:47    NE
 6  -2,6  -1,4   14:11  -3,6   05:08  18,1   0,0   0,0  17,0  36,7   08:54    NE
 7  -2,5   0,8   14:46  -4,9   07:32  18,0   0,0   0,0   9,7  29,5   23:53     W
 8  -2,0   0,1   04:59  -5,4   22:45  17,5   0,0   1,7  20,0  57,6   08:58   NNW
 9  -1,5   1,7   20:53  -4,9   00:00  17,3   0,0   0,2  12,4  29,5   20:15    NW
10   1,9   3,0   06:46   1,5   04:43  13,6   0,0   2,8  12,2  33,1   04:14    NW
11   1,5   2,1   12:33   0,9   23:44  14,0   0,0   0,5   4,4  13,3   01:35    NW
12   2,1   5,6   13:47   0,1   23:12  13,4   0,0   0,0  11,9  34,2   10:11    SW
13   1,7   7,1   14:14  -1,9   06:34  13,8   0,0   0,0  10,1  22,0   00:36    SW
14   1,9   9,1   13:32  -3,5   07:21  13,6   0,0   0,0   4,0  18,4   00:12     W
15   3,1  11,2   14:20  -3,2   07:44  12,4   0,0   0,0   7,2  27,0   21:41   NNW
16  -1,4   0,1   00:00  -3,4   23:56  16,9   0,0   0,1  17,7  39,2   08:34   ENE
17  -0,8   5,0   14:47  -5,4   06:59  16,3   0,0   0,0   7,9  18,4   01:31   ENE
18   0,5   2,6   14:56  -1,5   02:10  15,0   0,0   0,0   9,7  22,0   05:53    SW
19   0,4   3,6   13:20  -2,9   05:40  15,1   0,0   0,0  14,8  31,7   20:21    SW
20   3,2   7,9   14:16   0,1   06:28  12,3   0,0   0,0  21,4  45,4   07:24   SSW
21   3,9  10,0   12:23  -0,8   02:21  11,6   0,0   0,0   9,4  35,6   14:44    SW
22   3,9   9,9   14:08  -0,7   06:34  11,6   0,0   0,0   5,8  22,0   19:16   NNW
23   5,9  11,0   13:44   1,6   03:20   9,6   0,0   0,0   8,8  28,1   20:32    SW
24   6,1   8,8   12:20   4,3   07:11   9,4   0,0   0,7   9,8  33,1   01:22    SW
25   3,9   4,8   12:27   2,2   23:57  11,6   0,0   6,2   9,5  25,6   20:51    NW
26   3,3   4,2   15:36   2,4   00:00  12,2   0,0   2,7   8,2  22,0   01:19    NW
27   4,9   7,1   14:29   3,0   05:28  10,6   0,0   0,0   4,6  13,3   02:18    NW
28   4,0   5,6   10:58   2,4   22:24  11,5   0,0   0,0   5,0  15,8   11:23   WNW
----------------------------------------------------------------------------------
     1,3  11,2    15    -5,4     8   399,3   0,0  15,9  10,3  57,6     8       W

Max >=  25,0:  0
Max <=  15,0: 28
Min <=  10,0: 28
Min <= -10,0:  0
Max Rain: 6,2 on day 25
Days of Rain: 10 (>= 0,2 mm)  3 (>= 2,0 mm)  0 (>= 20,0 mm)
Heat Base: 15,5  Cool Base: 15,5  Method: Integration