Raporty NOAA



Report for 2015 Sty
                   Monthly Climatological Summary for sty 2015

Name: Pogoda w Radlinie   City: Radlin   State: Woj. slaskie
Elevation: 285 m  Lat: N 50° 02' 43"   Lon: E 018° 29' 36"

                  Temperature (°C), Rain (mm), Wind Speed (km/h)

                                      Heat  Cool        Avg
    Mean                              Deg   Deg         Wind                 Dom
Day Temp  High   Time   Low    Time   Days  Days  Rain  Speed High   Time    Dir
----------------------------------------------------------------------------------
 1  -2,4  -0,1   23:55  -4,3   00:00  17,9   0,0   0,0  15,6  31,7   23:43   SSW
 2   2,1   4,2   12:25  -0,1   00:00  13,4   0,0   1,6  26,0  60,1   11:29   SSW
 3   2,2   3,7   12:20   0,1   22:55  13,3   0,0   0,1  17,2  42,8   12:40    SW
 4   1,1   2,6   12:28   0,2   17:53  14,4   0,0   1,9  19,4  47,9   21:16    NW
 5  -0,4   0,7   00:00  -1,8   17:52  15,9   0,0   0,0  10,7  33,1   00:08   NNW
 6  -3,7  -1,4   00:00  -7,8   23:56  19,2   0,0   0,1   8,2  19,4   22:56   NNE
 7  -6,1  -2,5   13:55 -10,0   05:11  21,6   0,0   0,0  14,7  39,2   20:11   SSW
 8  -2,0   0,0   12:36  -4,3   00:13  17,5   0,0   0,0  23,0  46,4   16:36    SW
 9   2,7   6,1   19:23  -0,2   00:00  12,8   0,0   4,8  20,1  52,6   19:43    SW
10   7,1  11,9   20:24   1,3   00:00   8,4   0,0   7,2  20,6  51,5   22:21   WSW
11   2,7   5,3   00:53   1,1   08:07  12,8   0,0   0,2  15,1  35,6   10:47     W
12   3,1   4,9   19:25   1,8   00:48  12,4   0,0   0,6  22,1  40,3   18:49   WSW
13   6,4  10,9   14:52   2,9   04:15   9,1   0,0   0,0  20,4  42,8   08:20    SW
14   5,7   8,5   13:36   3,6   04:22   9,8   0,0   0,0  17,0  49,0   10:24    SW
15   3,6   5,5   14:25   0,8   08:12  11,9   0,0   0,4  11,2  34,2   00:56    SW
16   6,1  11,2   12:44   2,9   07:50   9,4   0,0   0,0   9,2  31,7   13:41    SW
17   6,3  10,9   10:49   0,4   23:55   9,2   0,0   4,3  12,3  35,6   04:29   WSW
18   1,2   1,9   13:31   0,4   00:00  14,3   0,0   5,4   1,4  14,8   23:56    NE
19   1,9   2,7   12:36   1,2   00:14  13,6   0,0   0,1   6,0  15,8   00:07   SSE
20   1,9   3,8   14:07   0,9   08:38  13,6   0,0   0,0   6,2  17,3   12:33   ESE
21   2,8   4,3   12:45   1,4   03:07  12,7   0,0   0,0   3,0   9,7   00:12   ENE
22   3,4   4,9   14:16   2,4   01:56  12,1   0,0   0,0   6,1  17,3   06:15   ENE
23   2,0   3,2   00:00  -0,9   23:57  13,5   0,0   0,0   8,4  28,1   17:29   NNE
24  -0,9  -0,3   05:24  -2,2   23:50  16,4   0,0   0,0  12,6  27,0   11:17     N
25  -1,7  -0,2   21:41  -3,0   04:14  17,2   0,0   0,0  10,8  24,5   00:24    NW
26  -1,2   0,9   13:07  -4,5   23:54  16,7   0,0   2,2   8,2  19,4   00:07   WNW
27  -1,3   0,3   13:33  -5,1   01:54  16,8   0,0   0,0  14,0  36,7   08:47    SW
28   0,6   3,3   11:34  -0,3   05:10  14,9   0,0   2,7  11,2  30,6   23:57   WSW
29   0,5   2,5   14:17  -1,9   22:07  15,0   0,0   1,2  20,8  55,1   01:46   SSW
30   1,2   3,4   10:19  -0,9   00:07  14,3   0,0   2,1   8,4  28,1   01:30     S
31  -0,4   1,3   13:54  -2,6   07:54  15,9   0,0   3,1   7,1  34,2   21:32    SW
----------------------------------------------------------------------------------
     1,4  11,9    10   -10,0     7   436,0   0,0  38,0  13,1  60,1     2     WSW

Max >=  25,0:  0
Max <=  15,0: 31
Min <=  10,0: 31
Min <= -10,0:  1
Max Rain: 7,2 on day 10
Days of Rain: 14 (>= 0,2 mm)  8 (>= 2,0 mm)  0 (>= 20,0 mm)
Heat Base: 15,5  Cool Base: 15,5  Method: Integration