Raporty NOAA


Wybierz miesiac lub rok

Report for 2015
                   Annual Climatological Summary for 2015

Name: Pogoda w Radlinie   City: Radlin   State: Woj. slaskie
Elevation: 285 m  Lat: N 50° 02' 43"   Lon: E 018° 29' 36"

                  Temperature (°C), Heat Base: 15,5  Cool Base: 15,5
                          Dep.  Heat  Cool                       Max  Max  Min  Min
        Mean  Mean        From  Deg   Deg                        >=   <=   <=   <=
 YR MO  Max   Min   Mean  Norm  Days  Days  Hi  Date  Low  Date 25,0 15,0 10,0 -10,0
------------------------------------------------------------------------------------
 15  1   3,7  -0,9   1,4   3,5   436     0  11,9  10 -10,0    7    0   31   31    1
 15  2   4,7  -1,5   1,3   2,3   399     0  11,2  15  -5,4    8    0   28   28    0
 15  3  10,2   1,3   5,6   2,6   308     0  19,5  25  -4,4   23    0   27   31    0
 15  4  15,0   4,4   9,6   1,9   195    18  25,3  27  -1,7    7    1   15   27    0
 15  5  18,3   9,1  13,6   0,3    87    27  25,6   5   4,7    3    1    7   18    0
 15  6  22,3  12,8  17,8   1,7    26    94  31,5  13   8,5   18    9    0    6    0
 15  7  26,9  16,0  21,4   3,4     5   188  33,6  18   9,1   11   19    0    1    0
 15  8  28,7  17,0  22,7   5,9     5   228  34,7  11  11,1    1   23    0    0    0
 15  9  20,4  11,8  15,7   2,4    51    57  33,1   1   5,2   28    6    2    8    0
 15 10  13,9   5,2   9,0   0,6   207     7  22,4   4   0,8   12    0   19   29    0
 15 11  10,6   3,8   6,9   3,8   257     0  17,3   8  -5,1   25    0   25   28    0
 15 12   7,5   2,0   4,5   4,7   340     0  12,5  23  -9,3   31    0   31   31    0
------------------------------------------------------------------------------------
        15,2   6,7  10,8   2,8  2321   623  34,7 sie -10,0  sty   59  185  238    1

                                Precipitation (mm)

              Dep.   Max        Days of Rain
              From   Obs.           >=
 YR MO Total  Norm   Day Date  0,2  2,0 20,0
---------------------------------------------
 15  1  38,0   4,0   7,2  10    14    8    0
 15  2  15,9 -10,1   6,2  25    10    3    0
 15  3  22,6 -26,4   5,2  30    14    4    0
 15  4  17,2 -27,8   6,2  28    10    3    0
 15  5  55,8 -87,2  17,7   6    14    8    0
 15  6  38,8 -54,2   9,4  14     8    7    0
 15  7  49,1-129,9  16,2   8    10    5    0
 15  8   8,0-106,0   6,2  25     3    1    0
 15  9  29,6 -28,4   8,1   4     8    6    0
 15 10  28,6 -13,4   7,6  15     9    5    0
 15 11  62,6  35,6  10,5  15    16   10    0
 15 12  15,5  -9,5   4,3  18    13    3    0
---------------------------------------------
       381,7-453,3  17,7  maj  129   63    0

                                Wind Speed (km/h)
                          Dom
 YR MO   Avg.  Hi   Date  Dir
------------------------------
 15  1  13,1  60,1    2   WSW
 15  2  10,3  57,6    8     W
 15  3  12,0  57,6   30    SW
 15  4  11,3  58,7    1   WNW
 15  5   8,2  46,4   10    NW
 15  6   8,4  41,8   14    NW
 15  7   8,5  80,6    8    SW
 15  8   7,7  39,2    6     E
 15  9   8,1  47,9    6    NW
 15 10   7,1  37,8   11   ENE
 15 11  10,9  47,9   18    SW
 15 12  16,1  63,7    1   WSW
------------------------------
        10,1  80,6  lip   WSW