Raporty NOAA


Wybierz miesiac lub rok

Report for 2014 Gru
                   Monthly Climatological Summary for gru 2014

Name: Pogoda w Radlinie   City: Radlin   State: Woj. slaskie
Elevation: 285 m  Lat: N 50° 02' 43"   Lon: E 018° 29' 36"

                  Temperature (°C), Rain (mm), Wind Speed (km/h)

                                      Heat  Cool        Avg
    Mean                              Deg   Deg         Wind                 Dom
Day Temp  High   Time   Low    Time   Days  Days  Rain  Speed High   Time    Dir
----------------------------------------------------------------------------------
 1  -2,6  -1,5   13:28  -3,5   04:47  18,1   0,0   0,0  16,9  37,8   02:10     E
 2  -1,8  -0,9   14:38  -2,7   00:09  17,3   0,0   0,0  10,3  23,4   09:47   ENE
 3   0,9   3,4   14:49  -2,0   02:43  14,6   0,0   0,0   3,7   9,7   00:41   ENE
 4   1,4   4,9   12:35  -1,5   21:54  14,1   0,0   0,0   7,3  18,4   07:54     E
 5  -0,6   0,9   13:52  -2,0   05:30  16,1   0,0   0,0   6,9  17,3   08:20   ESE
 6   1,5   2,6   20:42   0,2   00:00  14,0   0,0   1,0   3,7  13,3   22:45    NE
 7   2,2   2,8   13:17   1,5   23:07  13,3   0,0   0,4   4,4  12,2   01:44     N
 8   1,7   3,8   11:42  -0,7   20:18  13,8   0,0   0,3   5,0  23,4   14:24     W
 9  -0,1   3,2   12:25  -2,5   21:07  15,6   0,0   0,1   4,2  19,4   12:50   NNE
10  -2,5   0,6   23:47  -5,7   07:40  18,0   0,0   0,0   9,8  31,7   19:23   SSW
11   2,5   5,0   21:35   0,3   02:54  13,0   0,0   0,1  18,8  40,3   22:41   SSW
12   6,1   9,3   14:08   2,0   05:15   9,4   0,0   0,4  24,7  56,2   18:11   SSW
13   7,8  10,0   13:10   5,2   20:40   7,7   0,0   0,0  21,3  50,0   01:41    SW
14   6,4   8,7   12:40   4,7   05:07   9,1   0,0   0,1  13,4  34,2   11:20   SSW
15   6,5   7,9   12:42   5,1   04:18   9,0   0,0   0,0  14,5  35,6   11:38   SSW
16   6,9   8,4   13:46   5,6   23:53   8,6   0,0   2,0   7,4  19,4   02:27   WSW
17   3,7   5,6   00:00   2,1   08:36  11,8   0,0   2,9   9,5  35,6   21:59   SSW
18   6,1   8,7   23:35   3,3   00:00   9,4   0,0   0,4  18,1  37,8   22:22    SW
19  10,0  11,9   12:54   6,8   23:47   5,5   0,0   4,8  20,5  39,2   15:18    SW
20   5,5   6,9   11:11   3,7   06:34  10,0   0,0   0,6  17,1  49,0   18:28   WSW
21   3,5   4,7   15:07   1,4   06:19  12,0   0,0   2,2  16,7  39,2   12:49     W
22   6,0   8,8   22:36   3,9   01:10   9,5   0,0   0,8  24,3  49,0   07:41    SW
23   8,8  10,0   10:43   7,1   05:07   6,7   0,0   2,7  21,2  46,4   15:14    SW
24   7,0   9,8   11:57   5,0   20:34   8,5   0,0   2,3  22,0  49,0   14:59    SW
25   4,1   6,1   12:50   2,4   06:42  11,4   0,0   2,9  13,9  35,6   05:38     W
26  -1,1   2,9   00:07  -7,9   23:48  16,6   0,0   0,2  12,3  29,5   11:48   SSW
27  -8,3  -5,3   12:32 -10,2   07:23  23,7   0,0   0,0   5,2  15,8   19:52   ESE
28  -6,8  -5,2   14:22  -9,6   20:39  22,3   0,0   0,0  11,9  27,0   17:11   NNE
29  -5,4  -3,4   12:55  -8,0   00:00  20,9   0,0   0,0  10,3  33,1   19:15     N
30  -8,2  -5,7   12:24 -11,6   21:07  23,7   0,0   0,0   6,6  22,0   10:09     N
31  -6,3  -2,2   11:40 -10,5   00:00  21,8   0,0   0,0  20,0  39,2   15:34   SSW
----------------------------------------------------------------------------------
     1,8  11,9    19   -11,6    30   425,5   0,0  24,2  13,0  56,2    12      SW

Max >=  25,0:  0
Max <=  15,0: 31
Min <=  10,0: 31
Min <= -10,0:  3
Max Rain: 4,8 on day 19
Days of Rain: 15 (>= 0,2 mm)  7 (>= 2,0 mm)  0 (>= 20,0 mm)
Heat Base: 15,5  Cool Base: 15,5  Method: Integration