Raporty NOAA


Wybierz miesiac lub rok

Report for 2014 Lis
                   Monthly Climatological Summary for lis 2014

Name: Pogoda w Radlinie   City: Radlin   State: Woj. slaskie
Elevation: 285 m  Lat: N 50° 02' 43"   Lon: E 018° 29' 36"

                  Temperature (°C), Rain (mm), Wind Speed (km/h)

                                      Heat  Cool        Avg
    Mean                              Deg   Deg         Wind                 Dom
Day Temp  High   Time   Low    Time   Days  Days  Rain  Speed High   Time    Dir
----------------------------------------------------------------------------------
 3   9,3  14,7   13:57   6,1   23:55   6,2   0,0   0,0  14,7  40,3   12:07   SSW
 4  12,5  17,4   13:49   6,0   00:05   3,2   0,3   0,0  21,0  57,6   12:54     S
 5  16,2  20,1   13:35  13,1   03:31   0,5   1,2   0,0  21,5  56,2   10:19     S
 6  15,0  19,0   12:21   9,9   23:14   1,3   0,8   0,0   9,5  35,6   11:26   SSW
 7  10,9  12,6   12:19   8,5   05:41   4,6   0,0   1,5   2,4  11,2   19:55     N
 8   9,6  13,4   03:39   8,2   19:09   5,9   0,0  12,6   5,1  27,0   04:15   NNW
 9   9,6  12,3   13:28   7,8   06:29   5,9   0,0   0,2   7,5  19,4   02:20     E
10  12,0  16,8   13:38   8,0   07:11   3,6   0,1   0,1   6,6  24,5   13:04     S
11  13,5  19,4   13:18   9,0   03:27   2,7   0,7   0,0   7,3  30,6   12:23     S
12  13,1  17,3   12:46   9,6   23:55   2,5   0,1   0,0   8,5  22,0   12:38    SE
13  10,2  15,8   13:25   7,2   06:22   5,3   0,0   0,0   2,6   9,7   10:21    SE
14   8,1   9,2   14:48   6,9   02:25   7,4   0,0   0,0   5,8  18,4   20:19     E
15   7,7  10,7   11:35   6,5   23:37   7,8   0,0   0,0  10,8  25,6   14:29   ESE
16   8,3  11,4   12:23   5,4   04:22   7,2   0,0   2,2   9,5  28,1   08:08    SE
17   7,1   8,0   00:05   6,3   08:03   8,4   0,0   0,0   6,2  18,4   16:25     E
18   6,2   7,4   13:50   5,0   22:47   9,3   0,0   3,9  13,3  29,5   08:14     E
19   5,9   6,9   14:06   4,6   07:38   9,5   0,0   0,8   4,3  15,8   00:43   ENE
20   4,3   5,8   00:00   3,6   23:10  11,2   0,0   1,2  10,0  22,0   03:37     N
21   3,4   4,1   12:17   2,5   22:07  12,1   0,0   0,6   5,5  13,3   07:32   NNE
22   3,2   3,9   12:26   2,4   01:07  12,3   0,0   0,0   3,6  12,2   10:09   ESE
23   4,4   6,7   13:45   2,0   23:54  11,1   0,0   0,0   8,4  18,4   22:38     E
24   2,1   5,1   16:32  -0,5   07:42  13,4   0,0   1,9  11,3  33,1   18:08     S
25   3,9   6,4   13:17   2,5   00:07  11,6   0,0   1,4   7,7  25,6   01:55    SW
26   3,3   5,3   12:07   1,4   07:09  12,2   0,0   0,0   4,1  12,2   12:20     S
27   2,1   4,0   11:38   0,5   23:58  13,4   0,0   0,0   9,1  19,4   16:26   ESE
28   0,0   0,9   11:57  -1,1   23:29  15,5   0,0   0,0  11,6  27,0   18:50     E
29  -2,7  -1,1   00:00  -3,8   07:16  18,2   0,0   0,0  14,6  30,6   09:49     E
30  -3,0  -2,0   12:29  -3,6   03:53  18,5   0,0   0,0  15,4  35,6   21:11     E
----------------------------------------------------------------------------------
     7,0  20,1     5    -3,8    29   240,8   3,2  26,4   9,2  57,6     4      SE

Max >=  25,0:  0
Max <=  15,0: 21
Min <=  10,0: 27
Min <= -10,0:  0
Max Rain: 12,6 on day 8
Days of Rain: 10 (>= 0,2 mm)  3 (>= 2,0 mm)  0 (>= 20,0 mm)
Heat Base: 15,5  Cool Base: 15,5  Method: Integration