Raporty NOAA


Wybierz miesiac lub rok

Report for 2014 Wrz
                   Monthly Climatological Summary for wrz 2014

Name: Pogoda w Radlinie   City: Radlin   State: Woj. slaskie
Elevation: 285 m  Lat: N 50° 02' 43"   Lon: E 018° 29' 36"

                  Temperature (°C), Rain (mm), Wind Speed (km/h)

                                      Heat  Cool        Avg
    Mean                              Deg   Deg         Wind                 Dom
Day Temp  High   Time   Low    Time   Days  Days  Rain  Speed High   Time    Dir
----------------------------------------------------------------------------------
 1  15,8  17,2   15:40  14,6   03:28   0,2   0,6   7,0   5,0  18,4   12:08     N
 2  16,0  16,8   14:25  14,8   22:44   0,1   0,6  20,8   7,0  15,8   11:20    NE
 3  16,2  19,0   16:25  13,7   06:09   0,5   1,2   0,0   8,1  24,5   13:45    NE
 4  18,0  22,6   14:25  14,7   06:36   0,1   2,6   0,0  13,7  36,7   13:59   ENE
 5  17,7  23,6   14:49  12,4   06:13   0,6   2,8   0,0   7,9  20,9   10:59     E
 6  19,0  25,9   16:25  12,0   06:16   0,8   4,3   0,0   5,5  17,3   12:06   SSW
 7  20,4  26,2   16:21  15,5   06:06   0,0   4,9   0,0   7,7  17,3   08:54   SSW
 8  20,6  26,4   15:58  15,5   05:48   0,0   5,1   0,0   7,2  19,4   06:52   SSW
 9  18,4  22,3   14:02  15,7   04:36   0,0   2,9   0,1   6,1  18,4   13:45     N
10  16,3  20,1   16:31  13,0   23:56   0,4   1,2   0,0   5,1  17,3   05:42     N
11  14,9  16,8   23:55  12,7   00:54   0,8   0,2   4,8   6,4  19,4   07:59    NE
12  16,7  19,3   15:08  14,8   23:58   0,0   1,2   6,5   7,1  22,0   05:30     E
13  15,3  20,5   16:42  11,7   05:14   1,1   0,9   0,3   4,8  17,3   17:51    NE
----------------------------------------------------------------------------------
    17,3  26,4     8    11,7    13     4,6  28,5  39,5   7,0  36,7     4     ENE

Max >=  25,0:  3
Max <=  15,0:  0
Min <=  10,0:  0
Min <= -10,0:  0
Max Rain: 20,8 on day 2
Days of Rain: 5 (>= 0,2 mm)  4 (>= 2,0 mm)  1 (>= 20,0 mm)
Heat Base: 15,5  Cool Base: 15,5  Method: Integration