Raporty NOAA


Wybierz miesiac lub rok

Report for 2014 Sie
                   Monthly Climatological Summary for sie 2014

Name: Pogoda w Radlinie   City: Radlin   State: Woj. slaskie
Elevation: 285 m  Lat: N 50° 02' 43"   Lon: E 018° 29' 36"

                  Temperature (°C), Rain (mm), Wind Speed (km/h)

                                      Heat  Cool        Avg
    Mean                              Deg   Deg         Wind                 Dom
Day Temp  High   Time   Low    Time   Days  Days  Rain  Speed High   Time    Dir
----------------------------------------------------------------------------------
 1  19,5  22,3   16:44  17,7   07:09   0,0   4,0   3,0   7,1  17,3   00:49   NNW
 2  24,5  31,2   16:54  20,3   00:00   0,0   9,0   0,0   7,4  23,4   15:37   ESE
 3  22,4  30,2   13:18  18,4   04:55   0,0   6,9   2,7   5,9  28,1   13:55   SSE
 4  19,1  24,9   10:48  17,0   22:07   0,0   3,6   7,6   5,0  20,9   14:11     S
 5  19,8  24,4   17:33  16,1   02:51   0,0   4,3   0,1   7,0  20,9   18:52   NNW
 6  19,8  23,9   15:41  15,9   06:07   0,0   4,3   0,0   9,0  22,0   11:09     N
 7  19,7  24,1   16:06  16,3   05:43   0,0   4,2   0,0   4,6  15,8   15:17   NNE
 8  21,7  27,0   17:28  17,5   04:10   0,0   6,2   0,0   6,0  23,4   11:37   NNW
 9  22,3  29,2   16:34  16,5   06:07   0,0   6,8   3,0  10,2  35,6   18:25   SSW
10  22,4  28,7   14:24  17,5   06:07   0,0   6,9   0,1   5,8  28,1   16:06   SSE
11  21,3  28,1   13:36  18,4   23:54   0,0   5,8  23,7   7,7  27,0   09:26    SW
12  17,8  20,1   15:44  15,9   23:59   0,0   2,3   0,5   8,4  24,5   16:38   SSW
13  18,4  21,9   11:15  14,8   02:54   0,1   3,0  13,2   7,9  28,1   20:49    SE
14  17,0  19,1   00:33  14,2   23:39   0,1   1,6   0,1   9,0  28,1   04:27    SW
15  16,7  22,8   15:35  12,7   05:27   0,6   1,9   2,0   8,6  34,2   16:16   SSW
16  14,9  18,2   11:31  13,3   23:54   0,8   0,2   7,4   7,9  27,0   11:49   WSW
17  15,7  20,9   17:18  11,3   04:26   1,2   1,4   0,0   9,8  29,5   13:13   SSW
18  18,1  23,9   15:24  12,4   05:20   0,6   3,2   1,0  13,6  50,0   17:39   SSW
19  15,2  16,7   09:20  13,3   23:56   0,5   0,2   6,7   7,3  17,3   00:28   SSW
20  16,4  21,7   15:16  12,5   05:09   0,9   1,8   0,1   8,0  25,6   14:59    SW
21  14,0  17,5   16:41  11,8   23:45   1,7   0,2   4,9   2,8  15,8   15:37    SE
22  15,2  20,4   12:52   9,5   05:32   1,9   1,6   0,1   7,4  40,3   02:31     S
23  16,9  21,0   14:47  12,4   01:58   0,7   2,1   8,4   6,9  23,4   03:53   WSW
24  13,4  15,9   00:00  11,4   22:20   2,1   0,0  12,9   9,3  33,1   10:31   WNW
25  13,8  19,6   16:44   7,8   06:07   2,6   0,9   0,0  10,3  31,7   16:25   SSW
26  12,5  13,6   16:18  11,4   06:47   3,0   0,0  19,6   4,6  14,8   03:12     S
27  12,8  15,4   17:44  11,1   23:54   2,7   0,0   2,7   4,7  20,9   13:33   NNW
28  14,4  20,3   16:55   8,8   05:52   2,3   1,2   0,0   6,1  19,4   15:13    SW
29  16,8  23,2   15:36  10,6   05:28   1,5   2,8   0,0  11,3  28,1   12:11   SSW
30  18,9  23,5   16:57  14,6   05:35   0,1   3,4   1,0   7,8  22,0   18:40    SW
31  17,8  22,8   13:30  15,2   22:42   0,0   2,3  13,4   6,4  22,0   15:21     S
----------------------------------------------------------------------------------
    17,7  31,2     2     7,8    25    23,4  92,1 134,2   7,6  50,0    18     SSW

Max >=  25,0:  6
Max <=  15,0:  1
Min <=  10,0:  3
Min <= -10,0:  0
Max Rain: 23,7 on day 11
Days of Rain: 18 (>= 0,2 mm)  15 (>= 2,0 mm)  1 (>= 20,0 mm)
Heat Base: 15,5  Cool Base: 15,5  Method: Integration