Raporty NOAA


Wybierz miesiac lub rok

Report for 2014 Lip
                   Monthly Climatological Summary for lip 2014

Name: Pogoda w Radlinie   City: Radlin   State: Woj. slaskie
Elevation: 285 m  Lat: N 50° 02' 43"   Lon: E 018° 29' 36"

                  Temperature (°C), Rain (mm), Wind Speed (km/h)

                                      Heat  Cool        Avg
    Mean                              Deg   Deg         Wind                 Dom
Day Temp  High   Time   Low    Time   Days  Days  Rain  Speed High   Time    Dir
----------------------------------------------------------------------------------
 1  15,3  20,1   19:22  11,5   04:50   1,3   1,0   0,0   8,7  25,6   07:54    NW
 2  14,1  19,7   17:07  10,4   04:14   2,4   1,0   0,0   4,6  23,4   13:10    SE
 3  17,4  23,6   19:10  15,4   00:47   0,1   1,9   0,0   4,4  25,6   11:52   NNW
 4  18,6  27,7   17:11  13,2   03:33   1,0   4,2   0,0  10,0  29,5   09:59     S
 5  21,4  26,0   15:07  17,3   04:54   0,0   5,9   0,2   9,3  35,6   12:49     S
 6  23,2  28,2   19:24  17,6   04:40   0,0   7,7   0,0   6,4  19,4   16:27   SSW
 7  25,2  30,7   18:44  18,3   04:39   0,0   9,6   0,0   6,6  23,4   18:56   SSE
 8  23,3  31,0   13:21  19,0   04:56   0,0   7,8   4,7   8,4  40,3   13:56    SE
 9  18,1  20,5   00:00  16,2   23:52   0,0   2,6   8,1   7,0  19,4   07:44   SSW
10  17,6  22,0   19:09  13,9   06:46   0,3   2,3   1,4   7,8  25,6   07:54   SSW
11  18,4  23,3   13:09  15,2   01:36   0,0   2,9   0,2   8,8  29,5   16:09   NNE
12  18,2  23,6   14:40  12,7   04:32   0,5   3,3   0,0   9,1  28,1   14:20    NW
13  20,3  25,7   19:33  14,8   05:20   0,1   4,9   0,0   8,8  25,6   16:52   SSW
14  22,1  27,8   16:00  16,4   04:21   0,0   6,6   0,0   9,1  22,0   08:24   SSW
15  21,7  28,2   15:27  15,9   05:33   0,0   6,2   8,6   6,4  28,1   17:54   NNE
16  22,5  28,0   17:24  16,4   05:08   0,0   7,0   0,1   6,3  27,0   15:50     N
17  22,3  29,0   15:33  16,9   05:24   0,0   6,8   0,0   5,6  29,5   16:41   ENE
18  22,7  27,3   19:07  18,0   04:56   0,0   7,2   0,0   4,6  20,9   16:50   ENE
19  24,5  30,7   19:11  17,1   05:40   0,0   9,0   0,0   4,6  22,0   12:36     E
20  25,8  31,8   19:07  18,7   04:36   0,0  10,3   0,0   7,7  20,9   15:56   SSE
21  25,0  29,3   12:36  21,4   06:07   0,0   9,5   0,0   8,8  22,0   15:39   ESE
22  23,7  27,9   14:21  19,1   05:42   0,0   8,2   0,0  11,8  33,1   14:47    NE
23  19,1  24,9   11:29  15,7   21:52   0,0   3,6   7,7   7,6  28,1   17:18   NNE
24  17,1  20,4   18:37  14,5   02:57   0,0   1,6   2,6   7,5  22,0   07:50   NNW
25  20,8  27,0   18:58  16,5   00:48   0,0   5,3   0,0   3,4  13,3   10:41   ESE
26  22,7  28,9   17:31  16,4   05:14   0,0   7,2   0,0   4,2  27,0   17:51   ESE
27  23,8  30,6   16:09  17,1   05:22   0,0   8,3   0,0   6,2  27,0   19:30    SE
28  21,7  30,1   15:09  17,3   04:57   0,0   6,2   2,1   5,9  39,2   15:50   SSE
29  21,8  27,8   15:33  17,0   05:14   0,0   6,3   0,2   5,3  22,0   16:35    SE
30  23,1  27,9   16:17  17,8   05:13   0,0   7,6   0,0   6,1  23,4   14:49     S
31  20,2  22,5   13:42  18,1   21:24   0,0   4,7   1,6   9,1  27,0   16:09   NNW
----------------------------------------------------------------------------------
    21,0  31,8    20    10,4     2     5,7 176,7  37,5   7,1  40,3     8      SE

Max >=  25,0: 21
Max <=  15,0:  0
Min <=  10,0:  0
Min <= -10,0:  0
Max Rain: 8,6 on day 15
Days of Rain: 11 (>= 0,2 mm)  6 (>= 2,0 mm)  0 (>= 20,0 mm)
Heat Base: 15,5  Cool Base: 15,5  Method: Integration