Raporty NOAA



Report for 2014 Cze
                   Monthly Climatological Summary for cze 2014

Name: Pogoda w Radlinie   City: Radlin   State: Woj. slaskie
Elevation: 285 m  Lat: N 50° 02' 43"   Lon: E 018° 29' 36"

                  Temperature (°C), Rain (mm), Wind Speed (km/h)

                                      Heat  Cool        Avg
    Mean                              Deg   Deg         Wind                 Dom
Day Temp  High   Time   Low    Time   Days  Days  Rain  Speed High   Time    Dir
----------------------------------------------------------------------------------
 1  14,6  18,3   14:29  11,0   05:07   1,5   0,6   0,4  13,2  31,7   14:29     N
 2  12,0  14,7   12:20   9,6   23:55   3,5   0,0   2,5  12,5  29,5   14:30   NNW
 3  11,2  12,9   18:14   9,5   00:16   4,3   0,0   5,5   4,7  18,4   12:28     W
 4  15,5  21,6   19:07  11,2   04:29   1,5   1,5   0,0   4,6  17,3   13:13    SE
 5  18,0  23,3   14:46  11,9   04:37   0,7   3,3   0,0   8,6  29,5   13:17    SW
 6  17,9  23,5   18:51  13,4   01:20   0,5   2,9   1,2   6,9  25,6   00:00   NNW
 7  19,8  27,4   19:07  11,4   05:07   0,7   4,9   0,0   3,6  14,8   10:16   ENE
 8  22,5  30,5   19:21  14,1   05:08   0,1   7,1   0,0   4,1  12,2   14:35   SSE
 9  25,0  32,5   19:09  16,7   05:23   0,0   9,5   0,0   4,7  14,8   13:49     S
10  24,4  32,2   14:34  17,6   04:58   0,0   8,9   0,4   6,3  34,2   15:15    SE
11  24,2  29,6   16:57  17,0   05:53   0,0   8,7   0,0   4,0  18,4   17:31    NE
12  20,5  25,0   17:27  16,9   23:56   0,0   5,0   0,0  12,0  31,7   06:09   NNW
13  16,9  21,5   15:17  13,2   05:13   0,5   1,9   0,1  10,1  34,2   18:24   NNW
14  14,1  18,5   17:33  11,5   23:34   1,7   0,3   3,1  10,3  31,7   12:55    NW
15  12,7  17,3   18:20  10,2   04:49   3,0   0,2   0,0   6,9  22,0   07:51   NNW
16  15,6  21,4   15:58   8,2   04:50   1,9   2,0   0,0   3,8  19,4   14:22   NNW
17  16,7  22,0   17:28  10,0   04:35   1,2   2,4   0,0   5,4  31,7   15:46     N
18  17,7  23,8   18:59  10,8   04:14   0,9   3,2   0,0   5,9  20,9   13:36   NNW
19  17,9  24,9   18:11  10,3   04:55   1,0   3,4   0,1   7,6  30,6   21:53    NW
20  15,1  17,2   12:24  13,3   23:54   0,7   0,2   0,0  10,2  30,6   08:14    NW
21  14,7  18,1   17:26  11,9   02:29   1,3   0,5   0,0   9,0  28,1   15:18   WNW
22  15,9  19,8   14:57  12,6   06:12   0,8   1,2   0,4   9,1  27,0   14:41     W
23  16,6  22,1   17:42  10,8   05:42   1,1   2,2   0,0   7,2  24,5   14:10    NW
24  16,2  21,3   16:12  10,4   04:07   1,3   2,0   0,0   5,3  24,5   16:22   NNW
25  13,9  17,2   08:59  10,8   05:09   1,8   0,2  12,0   6,9  25,6   11:34   NNE
26  13,7  18,1   15:47   9,9   07:42   2,3   0,5  27,2  10,5  31,7   03:13     N
27  17,2  23,0   17:46   9,1   05:00   1,3   2,9   0,0   4,9  15,8   12:35    SE
28  19,4  26,4   14:54  13,7   06:10   0,2   4,1   5,2  11,7  36,7   10:42     S
29  20,5  27,2   14:07  15,9   02:30   0,0   5,0  11,5   9,7  33,1   10:22    SW
30  14,3  16,2   00:00  13,3   22:38   1,3   0,1  19,5   8,7  24,5   11:41   NNW
----------------------------------------------------------------------------------
    17,2  32,5     9     8,2    16    35,1  84,7  89,1   7,6  36,7    28      NW

Max >=  25,0:  8
Max <=  15,0:  2
Min <=  10,0:  6
Min <= -10,0:  0
Max Rain: 27,2 on day 26
Days of Rain: 12 (>= 0,2 mm)  8 (>= 2,0 mm)  1 (>= 20,0 mm)
Heat Base: 15,5  Cool Base: 15,5  Method: Integration