Raporty NOAA



Report for 2014 Maj
                   Monthly Climatological Summary for maj 2014

Name: Pogoda w Radlinie   City: Radlin   State: Woj. slaskie
Elevation: 285 m  Lat: N 50° 02' 43"   Lon: E 018° 29' 36"

                  Temperature (°C), Rain (mm), Wind Speed (km/h)

                                      Heat  Cool        Avg
    Mean                              Deg   Deg         Wind                 Dom
Day Temp  High   Time   Low    Time   Days  Days  Rain  Speed High   Time    Dir
----------------------------------------------------------------------------------
 1  15,7  21,7   15:29   8,5   05:28   1,8   2,0   0,0   5,0  22,0   14:59     N
 2  13,4  18,3   11:57   8,7   05:37   2,6   0,6   0,0   8,6  25,6   15:17     N
 3   6,3   9,3   00:00   4,2   20:07   9,2   0,0   1,0  10,8  25,6   14:26     N
 4   8,0  13,7   15:32   2,9   05:36   7,5   0,0   0,0  13,1  39,2   19:12     N
 5   8,1  13,6   18:11   2,9   05:19   7,4   0,0   0,0   5,9  22,0   03:44     N
 6  12,3  20,0   15:55   2,7   05:34   4,2   1,0   0,0   8,9  25,6   11:10   SSW
 7  15,0  20,6   12:11  11,3   04:20   1,5   1,0   1,2   9,3  27,0   11:56   SSW
 8  14,5  20,4   16:43  10,8   06:17   1,9   1,0   0,1   8,7  29,5   18:39    SW
 9  15,6  21,2   18:17   9,0   05:33   1,7   1,8   0,0  12,4  35,6   13:24   SSW
10  15,5  19,1   18:28  11,8   06:33   0,8   0,8   0,5  10,7  33,1   10:45     W
11  13,0  17,0   11:17   9,8   23:40   2,6   0,1   2,0  13,2  34,2   15:44   SSW
12  11,4  15,4   17:07   8,1   04:29   4,1   0,0   4,2   9,3  29,5   13:53    SW
13  11,2  15,5   13:19   8,0   04:49   4,3   0,0   3,8  10,1  36,7   17:17    SW
14   9,0  10,4   13:44   7,4   06:49   6,5   0,0   5,1  12,0  34,2   23:12   NNW
15   9,3  13,2   13:57   6,6   04:45   6,2   0,0  10,0  23,7  50,0   22:29     N
16   8,9  10,6   00:00   7,9   07:35   6,6   0,0  20,9  17,6  47,9   02:44     N
17   9,5  10,7   06:21   8,3   12:28   6,0   0,0   5,1  11,4  27,0   12:58     N
18  10,5  15,3   19:42   9,0   12:27   6,4   0,0   0,0   5,7  13,3   18:57    SE
19  17,1  24,4   18:59  10,0   03:13   1,6   3,2   0,0   8,8  28,1   10:33   SSE
20  19,6  25,4   16:50  12,2   05:07   0,5   4,6   0,0   6,9  18,4   10:57     S
21  20,6  26,4   15:26  14,0   04:16   0,2   5,3   0,0   7,1  24,5   10:52   SSE
22  22,4  28,1   17:27  15,5   04:19   0,0   6,9   0,0  10,3  31,7   12:36   SSE
23  23,6  28,7   15:48  17,3   04:31   0,0   8,1   0,0  11,4  33,1   10:19   SSE
24  20,9  27,5   12:16  15,9   23:58   0,0   5,4   3,9   6,5  34,2   13:08     S
25  18,5  23,7   18:43  13,6   05:38   0,2   3,2   0,2   6,4  24,5   15:32     N
26  18,5  24,5   16:30  13,0   05:15   0,4   3,4  12,6   6,2  30,6   17:28    NE
27  17,6  22,2   13:15  14,7   04:08   0,1   2,2   0,8   4,1  20,9   13:53     S
28  17,6  21,6   13:39  13,9   04:57   0,2   2,4  11,9   7,5  29,5   12:22    SW
29  10,6  15,0   00:00   7,9   20:07   4,9   0,0   2,9  10,3  25,6   06:51   NNW
30   9,7  12,7   17:09   7,5   03:29   5,8   0,0   0,8   6,5  23,4   11:59   NNE
31  13,5  19,1   16:49   6,7   05:07   2,9   1,0   0,0   8,8  29,5   16:37     N
----------------------------------------------------------------------------------
    14,1  28,7    23     2,7     6    98,1  54,0  87,0   9,7  50,0    15      NW

Max >=  25,0:  5
Max <=  15,0:  9
Min <=  10,0: 19
Min <= -10,0:  0
Max Rain: 20,9 on day 16
Days of Rain: 17 (>= 0,2 mm)  11 (>= 2,0 mm)  1 (>= 20,0 mm)
Heat Base: 15,5  Cool Base: 15,5  Method: Integration