Raporty NOAA


Wybierz miesiac lub rok

Report for 2014 Kwi
                   Monthly Climatological Summary for kwi 2014

Name: Pogoda w Radlinie   City: Radlin   State: Woj. slaskie
Elevation: 285 m  Lat: N 50° 02' 43"   Lon: E 018° 29' 36"

                  Temperature (°C), Rain (mm), Wind Speed (km/h)

                                      Heat  Cool        Avg
    Mean                              Deg   Deg         Wind                 Dom
Day Temp  High   Time   Low    Time   Days  Days  Rain  Speed High   Time    Dir
----------------------------------------------------------------------------------
 1  10,5  15,7   15:46   4,9   05:58   5,0   0,0   0,0   8,4  25,6   13:43   NNW
 2   8,9  14,7   16:57   2,5   06:38   6,6   0,0   0,0   9,0  19,4   00:23     E
 3  13,6  22,0   15:41   4,5   05:24   3,7   1,8   0,0   9,3  46,4   11:33    SW
 4  13,9  20,1   15:07   7,7   06:40   2,6   0,9   0,0   9,8  33,1   21:58   ENE
 5   9,3  12,1   15:35   6,5   06:37   6,2   0,0   0,3  11,7  25,6   00:42     E
 6   9,3  15,0   16:36   7,8   00:58   6,2   0,0   0,0   4,4  19,4   14:50   NNW
 7  13,1  20,1   16:53   5,7   06:15   3,6   1,2   0,0   6,5  17,3   13:48    SW
 8  15,3  22,6   15:26   9,7   06:35   2,1   1,9   6,8  12,3  41,8   13:18   SSW
 9   8,1  11,1   00:00   5,8   08:22   7,4   0,0   0,8  13,1  39,2   06:15    NW
10   5,5   7,7   17:21   4,0   23:51  10,0   0,0   4,4  11,0  25,6   11:58   WNW
11   7,3  13,3   16:31   3,7   00:26   8,2   0,0   0,0   6,0  15,8   02:21   NNE
12   7,7  14,1   14:48   1,7   05:48   7,7   0,0   0,0   6,2  20,9   13:46     E
13   8,2  13,0   12:42   2,1   05:41   7,3   0,0   0,1   8,7  19,4   09:16   SSW
14   8,2  11,9   13:47   5,0   23:31   7,3   0,0   1,3  13,5  43,9   13:15   WSW
15   4,5   7,5   16:45   2,9   12:43  11,0   0,0   6,1  12,3  29,5   03:07    NW
16   4,3   6,8   17:50   1,7   23:44  11,2   0,0   0,1  13,0  31,7   07:09     N
17   4,9  13,3   14:31   0,5   13:26  10,6   0,0   0,0   5,7  23,4   15:11   ENE
18   9,9  17,8   16:07   1,2   05:45   5,9   0,3   1,5   7,5  22,0   12:28    SW
19  11,3  19,9   13:19   6,5   02:43   4,7   0,4   0,4  15,3  57,6   16:22    NE
20  13,3  18,9   14:48   9,4   05:30   2,9   0,6   0,0  12,9  31,7   12:46     E
21  13,5  19,7   17:11   5,5   06:07   3,1   1,1   0,0   6,9  25,6   13:11    SE
22  15,8  23,6   13:49  11,3   06:09   1,5   1,8   0,0   7,5  30,6   16:46   SSE
23  14,4  21,1   15:35  10,9   06:15   2,0   0,9   0,7   3,6  27,0   16:09    NE
24  15,4  22,2   14:28   8,6   06:24   2,1   2,0   0,1   7,9  31,7   14:43   ENE
25  15,1  19,4   15:11  10,5   06:00   1,5   1,1   0,9   8,7  22,0   02:28     E
26  14,9  20,1   14:42  12,4   02:59   1,3   0,7   0,2   8,4  24,5   17:30   SSW
27  16,3  22,5   15:48  11,2   05:09   1,3   2,1   1,2   6,8  23,4   11:47     S
28  15,4  20,7   12:28  12,0   06:00   1,3   1,2   1,3   4,8  23,4   14:47   ENE
29  14,8  20,3   16:05  10,3   06:10   1,9   1,2   0,1   6,3  27,0   15:27     N
30  15,2  21,0   15:09   9,7   06:07   2,0   1,7   0,0   6,1  20,9   11:23     N
----------------------------------------------------------------------------------
    11,3  23,6    22     0,5    17   148,2  20,9  26,3   8,8  57,6    19      NE

Max >=  25,0:  0
Max <=  15,0: 12
Min <=  10,0: 23
Min <= -10,0:  0
Max Rain: 6,8 on day 8
Days of Rain: 13 (>= 0,2 mm)  3 (>= 2,0 mm)  0 (>= 20,0 mm)
Heat Base: 15,5  Cool Base: 15,5  Method: Integration