Raporty NOAA


Wybierz miesiac lub rok

Report for 2014 Marz
                   Monthly Climatological Summary for mar 2014

Name: Pogoda w Radlinie   City: Radlin   State: Woj. slaskie
Elevation: 285 m  Lat: N 50° 02' 43"   Lon: E 018° 29' 36"

                  Temperature (°C), Rain (mm), Wind Speed (km/h)

                                      Heat  Cool        Avg
    Mean                              Deg   Deg         Wind                 Dom
Day Temp  High   Time   Low    Time   Days  Days  Rain  Speed High   Time    Dir
----------------------------------------------------------------------------------
 1   6,4  12,8   13:06   0,8   06:44   9,1   0,0   0,0   7,0  23,4   12:57   SSE
 2   4,7  13,0   13:19  -0,5   06:35  10,8   0,0   0,0   9,1  29,5   19:45     E
 3   4,1   8,9   12:52  -1,0   06:59  11,4   0,0   0,0   9,6  23,4   18:07   ESE
 4   5,1   8,5   13:40   2,5   03:54  10,4   0,0   0,0   8,6  19,4   05:11     E
 5   5,3   8,5   14:54   3,5   04:18  10,2   0,0   0,0   5,9  19,4   15:12    NE
 6   4,8   7,7   12:23   3,0   06:45  10,7   0,0   0,0   9,9  27,0   11:35   NNE
 7   4,1   5,9   11:17   1,4   23:18  11,4   0,0   0,0   8,8  23,4   14:21   ENE
 8   3,6   9,8   14:49  -0,5   03:23  11,9   0,0   0,0   5,0  19,4   15:12   ENE
 9   5,5  12,6   14:43  -1,2   06:22  10,0   0,0   0,0  10,1  28,1   09:36   ENE
10   6,7  14,7   14:56  -0,1   06:22   8,8   0,0   0,0   5,0  18,4   03:19   ESE
11   6,4  14,7   15:11  -2,2   06:44   9,1   0,0   0,0   5,4  22,0   12:23   NNE
12   6,6  13,0   15:19   0,6   06:49   8,9   0,0   0,0   6,5  22,0   11:52   NNE
13   8,0  16,8   14:42  -0,9   06:33   7,6   0,1   0,0   6,5  19,4   11:49   SSW
14   9,4  16,5   14:53   3,0   06:21   6,1   0,1   0,0   7,9  24,5   23:27    SW
15   6,7   9,7   08:12   4,0   21:59   8,8   0,0   6,5  18,7  47,9   16:34     W
16   6,8  10,4   13:52   3,3   03:41   8,7   0,0   9,4  22,7  60,1   15:17   WNW
17  10,4  13,6   11:45   7,7   00:00   5,1   0,0   0,7  15,3  46,4   11:53     W
18  10,8  14,6   14:28   7,7   05:45   4,6   0,0   2,4  11,6  34,2   12:36   WSW
19   8,8  10,1   11:32   6,3   09:29   6,7   0,0   3,1  13,9  36,7   11:41   WSW
20  11,5  18,3   14:29   6,9   04:48   4,3   0,4   0,0  14,9  36,7   13:50   SSW
21  14,9  21,2   13:07   7,6   00:07   2,2   1,6   0,0  17,9  47,9   10:51   SSW
22  15,1  21,5   14:52   8,8   05:38   1,9   1,6   0,0  10,0  28,1   22:35     S
23  10,5  13,9   00:00   5,1   23:56   5,0   0,0   3,9   7,6  30,6   22:58   NNW
24   4,4   5,5   12:56   3,3   04:44  11,1   0,0   0,4   8,3  22,0   15:54    NW
25   4,1   6,7   16:12   0,5   16:09  11,5   0,0   0,0   3,0  13,3   17:47   NNW
26   5,2  12,1   13:54  -1,8   05:46  10,3   0,0   0,1   8,2  25,6   15:30   ENE
27   7,4  13,9   13:37   1,3   05:52   8,1   0,0   0,0   9,1  27,0   10:28   ENE
28   9,4  14,5   15:45   5,9   00:00   6,1   0,0   0,0   9,9  27,0   11:29   ENE
29   9,4  16,6   15:21   6,3   01:35   6,1   0,1   0,0   5,9  18,4   00:17    NE
30  10,0  18,6   16:07   0,7   05:19   5,8   0,5   0,0   4,0  15,8   14:07   NNE
31  10,5  17,8   14:10   3,9   05:29   5,2   0,3   0,0   7,9  30,6   15:51    NW
----------------------------------------------------------------------------------
     7,6  21,5    22    -2,2    11   247,9   4,7  26,5   9,6  60,1    16      NW

Max >=  25,0:  0
Max <=  15,0: 23
Min <=  10,0: 31
Min <= -10,0:  0
Max Rain: 9,4 on day 16
Days of Rain: 7 (>= 0,2 mm)  5 (>= 2,0 mm)  0 (>= 20,0 mm)
Heat Base: 15,5  Cool Base: 15,5  Method: Integration