Raporty NOAA



Report for 2014 Lut
                   Monthly Climatological Summary for lut 2014

Name: Pogoda w Radlinie   City: Radlin   State: Woj. slaskie
Elevation: 285 m  Lat: N 50° 02' 43"   Lon: E 018° 29' 36"

                  Temperature (°C), Rain (mm), Wind Speed (km/h)

                                      Heat  Cool        Avg
    Mean                              Deg   Deg         Wind                 Dom
Day Temp  High   Time   Low    Time   Days  Days  Rain  Speed High   Time    Dir
----------------------------------------------------------------------------------
 1   4,6   9,2   14:22   1,8   05:37  10,9   0,0   0,0  10,0  20,9   04:07     S
 2   3,2   5,4   12:37   1,6   23:52  12,3   0,0   0,4   6,9  20,9   09:37   SSW
 3   1,5   7,0   13:22  -2,3   06:37  14,0   0,0   0,0   5,5  15,8   17:07   SSE
 4   2,8  10,9   14:22  -1,7   02:37  12,7   0,0   0,0   8,1  15,8   17:37   SSW
 5   3,1  10,5   13:53  -3,5   07:17  12,3   0,0   0,0   9,1  36,7   14:57     S
 6   3,0   5,1   13:16   0,8   23:01  12,5   0,0   0,0  16,7  35,6   04:46   SSW
 7   3,7   8,7   13:46  -1,0   04:46  11,8   0,0   0,0  11,9  33,1   23:16   SSW
 8   6,3  10,5   13:16   3,0   07:46   9,2   0,0   0,0  11,9  24,5   00:16   SSW
 9   6,2  11,2   12:46   2,3   23:31   9,3   0,0   2,0  10,2  23,4   02:46   WSW
10   4,0   8,2   14:16   0,8   08:31  11,4   0,0   0,3  13,2  27,0   14:01     S
11   5,7   7,2   12:46   2,4   23:46   9,8   0,0   4,2  10,7  24,5   00:31   SSW
12   0,6   2,4   00:01  -0,4   23:16  14,8   0,0   4,8   4,8   9,7   09:01   SSW
13   1,1   5,5   14:22  -2,6   07:18  14,3   0,0   0,9   9,1  30,6   14:09     S
14   3,9   7,6   12:49  -0,3   23:37  11,6   0,0   0,0  10,1  29,5   12:08   WSW
15   4,6  10,9   14:13  -0,8   03:23  10,9   0,0   0,0   9,0  24,5   13:53     S
16   5,2   7,3   15:27   2,3   00:41  10,3   0,0   0,0  15,1  34,2   19:26   SSW
17   5,6  10,8   13:20   1,2   23:58   9,9   0,0   0,0   7,3  22,0   00:00    SW
18   4,3   9,8   12:05   0,5   05:59  11,2   0,0   0,0   8,3  23,4   09:12     S
19   5,8   9,0   11:38   3,7   07:26   9,7   0,0   1,3  10,5  27,0   03:09    SW
20   5,4  11,1   13:50   1,4   23:44  10,1   0,0   0,0   8,5  23,4   16:50   SSW
21   5,4   9,6   13:08   0,7   01:58  10,1   0,0   0,0  11,6  36,7   12:20   SSW
22   5,6   7,4   14:11   4,1   21:14   9,9   0,0   2,2   5,0  22,0   00:25     W
23   4,8  10,0   13:59   0,4   23:58  10,6   0,0   0,0   4,7  18,4   12:48   NNE
24   3,1   9,0   14:08  -1,1   05:08  12,4   0,0   0,0  10,4  30,6   11:25     E
25   3,2  10,8   13:49  -1,2   04:46  12,3   0,0   0,0   5,6  15,8   13:46   ESE
26   5,9  12,3   13:53   0,0   07:17   9,6   0,0   0,0   6,7  23,4   14:52   ESE
27   5,7  11,9   12:45   1,0   06:37   9,8   0,0   0,0   3,2  17,3   12:42     W
28   6,1  13,0   13:28   0,2   04:50   9,4   0,0   0,0   6,6  27,0   14:11   SSW
----------------------------------------------------------------------------------
     4,3  13,0    28    -3,5     5   313,1   0,0  16,1   8,3  36,7     5     SSW

Max >=  25,0:  0
Max <=  15,0: 28
Min <=  10,0: 28
Min <= -10,0:  0
Max Rain: 4,8 on day 12
Days of Rain: 8 (>= 0,2 mm)  4 (>= 2,0 mm)  0 (>= 20,0 mm)
Heat Base: 15,5  Cool Base: 15,5  Method: Integration