Raporty NOAA



Report for 2014 Sty
                   Monthly Climatological Summary for sty 2014

Name: Pogoda w Radlinie   City: Radlin   State: Woj. slaskie
Elevation: 285 m  Lat: N 50° 02' 43"   Lon: E 018° 29' 36"

                  Temperature (°C), Rain (mm), Wind Speed (km/h)

                                      Heat  Cool        Avg
    Mean                              Deg   Deg         Wind                 Dom
Day Temp  High   Time   Low    Time   Days  Days  Rain  Speed High   Time    Dir
----------------------------------------------------------------------------------
 1   2,2   4,1   14:15  -0,1   03:27  13,3   0,0   0,1   9,8  30,6   15:49   SSW
 2   2,4   6,2   14:26  -2,0   04:35  13,1   0,0   0,0   8,8  33,1   16:48   SSW
 3   4,8   9,0   13:32   2,8   17:39  10,7   0,0   0,8  13,7  34,2   00:13   SSW
 4   5,8   8,1   23:58   3,6   00:09   9,7   0,0   1,6  13,0  33,1   04:26     S
 5   9,6  11,6   14:06   5,3   23:59   5,9   0,0   1,8  11,8  36,7   01:38    SW
 6   4,8   8,7   13:39   1,2   08:25  10,7   0,0   1,3   9,9  28,1   14:35   SSW
 7   5,9   8,8   12:29   3,4   02:27   9,6   0,0   0,0  17,8  42,8   09:34   SSW
 8   6,2   8,5   13:07   4,8   23:45   9,3   0,0   0,0  22,1  47,9   11:54   SSW
 9   5,5   7,2   19:56   3,9   07:41  10,0   0,0   1,2  18,5  36,7   16:53   SSW
10   5,6   7,5   11:20   3,2   23:54   9,9   0,0   0,4  18,1  37,8   11:25    SW
11   4,4   7,0   12:13   2,4   00:43  11,1   0,0   0,0  16,0  36,7   18:26   SSW
12   4,1   5,3   02:05   1,3   22:44  11,5   0,0   0,0  14,4  36,7   15:12   WNW
13   0,6   4,5   13:10  -2,1   06:27  14,9   0,0   0,0   7,2  19,4   00:17     S
14   1,3   3,7   16:07  -2,8   03:19  14,2   0,0   0,1   3,9  13,3   08:11     E
15   2,1   4,6   01:50   0,6   21:33  13,4   0,0   1,0   7,9  28,1   04:39     W
16   2,7   6,0   13:36  -0,3   08:20  12,8   0,0   0,0   5,7  18,4   20:34     S
17   4,1   7,3   14:28   0,9   02:17  11,3   0,0   1,0   9,0  27,0   12:48    SW
18   2,8   5,0   21:52  -0,5   09:27  12,7   0,0   0,5   7,9  23,4   21:58   ESE
19   5,3   6,9   13:41   4,5   08:30  10,2   0,0   0,4  13,8  27,0   22:09     E
20   2,6   4,7   00:00   0,5   23:56  12,9   0,0   7,1  15,0  28,1   00:50     E
21  -0,2   0,5   00:00  -1,9   23:48  15,7   0,0   5,1   1,9  15,8   01:19   ENE
22  -4,0  -1,9   00:00  -5,5   23:07  19,5   0,0   0,1   0,0   0,0   00:00   ---
23  -5,7  -4,3   13:15  -7,0   19:46  21,2   0,0   0,0   0,0   0,0   00:00   ---
24  -7,6  -6,4   13:52 -11,0   23:32  23,1   0,0   0,0   0,0   0,0   00:00   ---
25 -12,5 -10,9   00:05 -14,2   07:42  28,0   0,0   0,0   0,0   1,1   02:15    NE
26 -11,0  -7,3   14:07 -13,1   02:18  26,5   0,0   0,0   0,0   2,5   11:21    NE
27  -8,4  -4,0   13:35 -13,0   02:26  23,9   0,0   0,0   0,0   1,1   00:19    NE
28  -7,5  -6,5   10:48  -8,3   16:48  23,0   0,0   0,0   0,0   1,1   00:55    NE
29  -6,8  -4,5   12:39  -8,3   00:26  22,3   0,0   0,0   0,0   1,1   09:16    NE
30  -6,4  -4,2   13:32  -9,4   07:21  21,9   0,0   0,0   1,7  23,4   21:18    NE
31  -0,6   5,9   14:12  -7,5   07:25  16,1   0,0   2,6  11,6  27,0   03:37   ESE
----------------------------------------------------------------------------------
     0,4  11,6     5   -14,2    25   468,4   0,0  25,1   8,3  47,9     8     SSW

Max >=  25,0:  0
Max <=  15,0: 31
Min <=  10,0: 31
Min <= -10,0:  4
Max Rain: 7,1 on day 20
Days of Rain: 13 (>= 0,2 mm)  3 (>= 2,0 mm)  0 (>= 20,0 mm)
Heat Base: 15,5  Cool Base: 15,5  Method: Integration