Raporty NOAA


Wybierz miesiac lub rok

Report for 2014
                   Annual Climatological Summary for 2014

Name: Pogoda w Radlinie   City: Radlin   State: Woj. slaskie
Elevation: 285 m  Lat: N 50° 02' 43"   Lon: E 018° 29' 36"

                  Temperature (°C), Heat Base: 15,5  Cool Base: 15,5
                          Dep.  Heat  Cool                       Max  Max  Min  Min
        Mean  Mean        From  Deg   Deg                        >=   <=   <=   <=
 YR MO  Max   Min   Mean  Norm  Days  Days  Hi  Date  Low  Date 25,0 15,0 10,0 -10,0
------------------------------------------------------------------------------------
 14  1   2,9  -2,2   0,4   2,5   468     0  11,6   5 -14,2   25    0   31   31    4
 14  2   9,0   0,5   4,3   5,3   313     0  13,0  28  -3,5    5    0   28   28    0
 14  3  13,0   2,8   7,6   4,6   247     4  21,5  22  -2,2   11    0   23   31    0
 14  4  16,9   6,5  11,3   3,6   148    20  23,6  22   0,5   17    0   12   23    0
 14  5  18,9   9,7  14,1   0,8    98    54  28,7  23   2,7    6    5    9   19    0
 14  6  22,3  12,2  17,2   1,1    35    84  32,5   9   8,2   16    8    2    6    0
 14  7  26,5  16,3  21,0   3,0     5   176  31,8  20  10,4    2   21    0    0    0
 14  8  22,3  14,1  17,7   0,9    23    92  31,2   2   7,8   25    6    1    3    0
 14  9  21,2  13,8  17,3   4,0     5    30  26,4   8  11,7   13    3    0    0    0
 14 10
 14 11   9,7   4,8   7,0   3,9   240     3  20,1   5  -3,8   29    0   21   27    0
 14 12   4,0  -0,6   1,8   2,0   425     0  11,9  19 -11,6   30    0   31   31    3
------------------------------------------------------------------------------------
        15,2   7,1  10,9   2,9  2011   466  32,5 cze -14,2  sty   43  158  199    7

                                Precipitation (mm)

              Dep.   Max        Days of Rain
              From   Obs.           >=
 YR MO Total  Norm   Day Date  0,2  2,0 20,0
---------------------------------------------
 14  1  25,1  -8,9   7,1  20    13    3    0
 14  2  16,1  -9,9   4,8  12     8    4    0
 14  3  26,5 -22,5   9,4  16     7    5    0
 14  4  26,3 -18,7   6,8   8    13    3    0
 14  5  87,0 -56,0  20,9  16    17   11    1
 14  6  89,1  -3,9  27,2  26    12    8    1
 14  7  37,5-141,5   8,6  15    11    6    0
 14  8 134,2  20,2  23,7  11    18   15    1
 14  9  40,6 -17,4  20,8   2     6    4    1
 14 10
 14 11  26,4  -0,6  12,6   8    10    3    0
 14 12  24,2  -0,8   4,8  19    15    7    0
---------------------------------------------
       533,0-260,0  27,2  cze  130   69    4

                                Wind Speed (km/h)
                          Dom
 YR MO   Avg.  Hi   Date  Dir
------------------------------
 14  1  14,2  47,9    8    SW
 14  2   8,3  36,7    5     S
 14  3   9,6  60,1   16   SSE
 14  4   8,8  57,6   19    NE
 14  5   9,7  50,0   15   NNW
 14  6   7,6  36,7   28    NW
 14  7   7,1  40,3    8   ESE
 14  8   7,6  50,0   18   SSW
 14  9   6,0  36,7    4   ENE
 14 10
 14 11   9,3  57,6    4    SE
 14 12  13,0  56,2   12    SW
------------------------------
         9,2  60,1  mar     S