Raporty NOAA


Wybierz miesiac lub rok

Report for 2013 Gru
                   Monthly Climatological Summary for gru 2013

Name: Pogoda w Radlinie   City: Radlin   State: Woj. slaskie
Elevation: 285 m  Lat: N 50° 02' 43"   Lon: E 018° 29' 36"

                  Temperature (°C), Rain (mm), Wind Speed (km/h)

                                      Heat  Cool        Avg
    Mean                              Deg   Deg         Wind                 Dom
Day Temp  High   Time   Low    Time   Days  Days  Rain  Speed High   Time    Dir
----------------------------------------------------------------------------------
 1   3,7   6,5   13:41   2,5   03:55  11,8   0,0   0,2  11,4  30,6   13:55    SW
 2   2,4   5,5   12:49  -2,9   23:56  13,0   0,0   0,0   7,9  27,0   03:07     N
 3  -0,2   3,6   12:07  -3,8   05:58  15,7   0,0   0,1  14,8  39,2   19:12   SSW
 4   0,8   3,2   12:36  -0,3   23:21  14,7   0,0   0,0  21,7  47,9   11:10    SW
 5   2,7   5,8   12:20   0,0   00:00  12,7   0,0   0,3  20,2  63,7   22:12    SW
 6   1,3   3,2   02:07  -0,8   07:47  14,2   0,0   0,4  26,5  58,7   02:34     W
 7   0,2   1,4   13:39  -1,4   21:07  15,2   0,0   0,0  21,7  66,2   01:54    NW
 8  -0,1   3,1   23:59  -2,9   07:56  15,6   0,0   0,2  13,0  39,2   23:49    SW
 9   4,3   6,6   14:58   1,2   23:49  11,2   0,0   9,4  15,8  42,8   00:07   WSW
10   0,2   4,5   11:57  -2,1   07:51  15,3   0,0   0,0   5,8  22,0   23:19   ESE
11   2,8   4,7   14:52  -0,1   00:00  12,7   0,0   0,0  18,8  37,8   10:07   SSW
12   1,5   3,1   00:00  -0,7   23:39  14,0   0,0   0,0  15,4  28,1   05:15   SSW
13  -0,5   4,1   13:13  -1,6   21:49  16,0   0,0   0,0  12,6  27,0   00:51   SSW
14  -0,8   0,8   16:13  -1,8   07:40  16,3   0,0   0,0  15,4  34,2   12:24   SSW
15   2,4   5,3   13:31   0,6   00:00  13,1   0,0   0,0  14,6  33,1   19:29   SSW
16   3,1   7,1   11:52   0,2   23:57  12,4   0,0   0,0  20,7  52,6   23:39   SSW
17   1,1   4,9   13:14  -0,5   01:54  14,4   0,0   0,0  26,6  54,0   21:52   SSW
18  -0,7   0,3   10:44  -1,9   23:12  16,2   0,0   0,0  25,2  46,4   13:44    SW
19  -1,2   1,0   12:52  -2,7   07:26  16,7   0,0   0,0  24,5  50,0   19:23   SSW
20   0,0   1,3   11:57  -0,8   00:00  15,5   0,0   0,0  21,1  42,8   00:41   SSW
21   2,0   4,6   13:15  -0,3   00:04  14,4   0,0   0,6  19,3  36,7   11:37    SW
22   3,8   6,0   13:40   2,4   02:41  11,7   0,0   0,2  18,6  40,3   08:57    SW
23   4,6   8,4   13:14   1,6   23:17  10,9   0,0   0,1  15,6  47,9   09:49   SSW
24   7,2  12,8   13:38   1,4   00:38   8,3   0,0   0,0  13,8  49,0   12:14     S
25  10,0  11,5   20:54   8,2   01:43   5,5   0,0   0,0  26,4  56,2   11:30     S
26  11,2  12,4   11:40   9,6   19:07   4,3   0,0   0,0  17,2  51,5   05:10     S
27   6,4  10,4   00:00   1,9   22:13   9,1   0,0   1,4   8,2  25,6   09:54   SSW
28   7,7  14,8   12:48   3,3   00:00   7,8   0,0   0,1  11,3  35,6   12:54     S
29   6,2   7,7   13:23   3,8   23:42   9,3   0,0   0,0  11,1  40,3   07:45    SW
30   2,4   5,9   13:24  -1,0   21:57  13,1   0,0   0,0   3,9  11,2   00:37   ESE
31   0,7   2,3   14:23  -1,2   07:07  14,8   0,0   0,7   3,5  12,2   00:09    SE
----------------------------------------------------------------------------------
     2,7  14,8    28    -3,8     3   395,9   0,0  13,7  16,1  66,2     7      SW

Max >=  25,0:  0
Max <=  15,0: 31
Min <=  10,0: 31
Min <= -10,0:  0
Max Rain: 9,4 on day 9
Days of Rain: 9 (>= 0,2 mm)  1 (>= 2,0 mm)  0 (>= 20,0 mm)
Heat Base: 15,5  Cool Base: 15,5  Method: Integration