Raporty NOAA


Wybierz miesiac lub rok

Report for 2013 Lis
                   Monthly Climatological Summary for lis 2013

Name: Pogoda w Radlinie   City: Radlin   State: Woj. slaskie
Elevation: 285 m  Lat: N 50° 02' 43"   Lon: E 018° 29' 36"

                  Temperature (°C), Rain (mm), Wind Speed (km/h)

                                      Heat  Cool        Avg
    Mean                              Deg   Deg         Wind                 Dom
Day Temp  High   Time   Low    Time   Days  Days  Rain  Speed High   Time    Dir
----------------------------------------------------------------------------------
 1   9,3  14,5   12:18   4,0   04:51   6,2   0,0   0,0  12,3  47,9   12:54    SW
 2  10,9  14,8   12:46   6,4   04:21   4,6   0,0   0,3  12,5  34,2   21:44   SSW
 3  10,6  13,8   11:29   6,7   23:51   4,9   0,0  15,3  13,2  31,7   00:57    SW
 4   8,7  12,2   13:35   5,1   06:52   6,8   0,0   0,1  17,2  49,0   16:56   SSW
 5   7,8  10,6   00:24   4,1   23:59   7,7   0,0   3,3   9,7  27,0   06:36    SW
 6   5,4   9,7   12:39   2,7   03:43  10,1   0,0   1,7  14,1  37,8   07:24    SW
 7  10,3  13,5   17:44   5,9   04:33   5,2   0,0   1,3  16,4  36,7   10:39   SSW
 8  13,6  17,6   13:27  11,2   23:50   2,1   0,3   0,0  14,4  39,2   12:31   SSW
 9  10,3  13,5   10:51   8,0   23:45   5,2   0,0   7,9   8,0  20,9   01:18   SSW
10   8,0  12,2   13:38   5,6   07:09   7,5   0,0   0,1   6,1  23,4   13:15   SSW
11   4,9   6,8   00:27   0,8   23:48  10,6   0,0   0,7  12,4  27,0   12:45     N
12   2,5   7,7   13:41  -1,0   04:57  13,0   0,0   0,0   5,4  20,9   11:32     E
13   4,1   6,2   13:53  -0,1   00:11  11,4   0,0   0,1   5,8  18,4   15:29   NNW
14   4,0   7,8   13:20   1,2   05:21  11,5   0,0   0,0   6,4  20,9   12:14     E
15   5,0   8,5   13:51   3,0   05:57  10,5   0,0   0,0   2,8  14,8   22:44   ENE
16   3,4   5,2   13:28   1,1   06:38  12,1   0,0   0,0   4,9  12,2   18:39   WSW
17   3,5   7,0   13:14   2,1   21:20  12,0   0,0   0,1   5,8  31,7   12:33   ENE
18   4,9   7,8   12:29   2,8   07:19  10,6   0,0   0,0   9,5  36,7   21:44    SE
19   7,0   9,9   10:56   3,1   07:20   8,5   0,0   0,0   7,0  34,2   00:18     S
20   6,6   9,0   13:59   4,4   00:27   8,9   0,0   5,6   8,1  25,6   16:08   SSW
21   6,3   8,4   13:07   4,9   06:57   9,2   0,0   2,0   7,7  24,5   17:59     E
22   6,4   7,0   17:22   5,6   08:32   9,1   0,0   0,1   4,1  15,8   00:24   ENE
23   6,5   7,5   14:08   5,3   06:09   9,0   0,0   0,2   7,4  18,4   18:39   NNE
24   6,1   8,0   09:50   2,0   23:46   9,4   0,0   1,2  15,0  41,8   16:53     N
25   0,1   2,0   00:01  -1,3   05:48  15,5   0,0   0,2  21,5  43,9   01:41   NNW
26   0,0   0,6   13:38  -0,7   05:49  15,5   0,0   0,1  12,7  30,6   00:59     N
27  -1,8  -0,5   00:00  -3,5   22:13  17,2   0,0   0,0   9,0  25,6   23:35   NNW
28  -1,0   2,1   23:46  -2,9   00:27  16,5   0,0   0,0  20,5  40,3   06:16   SSW
29   2,9   4,7   13:31   1,9   06:07  12,6   0,0   0,6  12,6  39,2   23:32   WSW
30   2,8   5,1   12:11   1,8   05:32  12,6   0,0   1,1  16,8  43,9   03:34   SSW
----------------------------------------------------------------------------------
     5,6  17,6     8    -3,5    27   296,0   0,3  42,0  10,6  49,0     4      SW

Max >=  25,0:  0
Max <=  15,0: 29
Min <=  10,0: 29
Min <= -10,0:  0
Max Rain: 15,3 on day 3
Days of Rain: 14 (>= 0,2 mm)  5 (>= 2,0 mm)  0 (>= 20,0 mm)
Heat Base: 15,5  Cool Base: 15,5  Method: Integration