Raporty NOAA



Report for 2013 Paz
                   Monthly Climatological Summary for paź 2013

Name: Pogoda w Radlinie   City: Radlin   State: Woj. slaskie
Elevation: 285 m  Lat: N 50° 02' 43"   Lon: E 018° 29' 36"

                  Temperature (°C), Rain (mm), Wind Speed (km/h)

                                      Heat  Cool        Avg
    Mean                              Deg   Deg         Wind                 Dom
Day Temp  High   Time   Low    Time   Days  Days  Rain  Speed High   Time    Dir
----------------------------------------------------------------------------------
 1   6,7  12,0   13:47   1,5   06:50   8,8   0,0   0,0  10,1  33,1   14:11   ENE
 2   6,6  10,2   11:07   3,4   23:59   8,9   0,0   0,0   6,3  22,0   11:33    NE
 3   4,4   9,9   12:50  -0,5   06:43  11,1   0,0   0,0   9,8  33,1   13:43     E
 4   5,3  13,4   15:22  -1,8   05:44  10,2   0,0   0,0   6,3  19,4   19:40    SE
 5   7,9  16,5   15:41  -0,2   07:21   7,6   0,1   0,0   6,0  20,9   13:16     S
 6  10,3  13,3   13:12   6,6   00:56   5,2   0,0   0,0   6,6  24,5   13:47   SSW
 7   9,7  15,7   15:36   3,9   06:08   5,8   0,0   0,0   3,1  12,2   09:26   ENE
 8  12,1  17,8   15:34   6,7   01:09   3,8   0,4   0,0   6,4  18,4   11:24   ESE
 9  11,5  17,3   12:13   5,6   05:44   4,1   0,1   0,0   8,4  30,6   12:19   SSW
10  13,8  17,6   15:07  11,2   07:20   1,9   0,2   0,0   8,8  27,0   03:49     S
11  15,0  20,0   15:40  11,8   06:42   1,2   0,8   0,5   9,4  19,4   00:56   ESE
12  14,9  19,3   14:38  11,7   07:53   1,3   0,8   4,9   9,1  24,5   21:15   ESE
13  13,8  21,1   12:57   9,5   23:00   2,5   0,8   0,0   6,3  28,1   14:47     W
14  11,2  15,9   15:16   7,9   23:22   4,3   0,0   0,1   4,7  22,0   12:50     E
15  10,7  15,9   13:39   5,7   06:37   4,8   0,0   0,0   8,8  33,1   13:42   SSW
16   9,2  11,0   00:00   7,9   17:07   6,3   0,0   5,7  12,4  29,5   16:42    NW
17   9,8  13,4   12:57   7,1   06:06   5,7   0,0   0,3  10,7  29,5   23:30    SW
18  10,0  12,6   12:58   7,3   23:58   5,5   0,0   1,2  14,1  33,1   16:27     W
19   7,1  13,9   15:24   1,2   06:56   8,4   0,0   0,1   6,6  19,4   14:20   SSE
20  12,7  17,4   15:37   7,9   03:42   2,9   0,2   0,0  13,6  31,7   14:38   SSW
21  15,0  20,2   14:27  12,0   06:46   1,3   0,8   0,5  13,8  33,1   09:26   SSW
22  15,0  22,0   15:08  10,2   07:25   1,9   1,4   0,0   5,8  13,3   14:11   SSE
23  15,9  23,4   13:52  10,6   07:53   1,7   2,1   0,0   6,5  27,0   16:39   SSW
24  14,9  17,2   14:57  11,3   23:51   0,9   0,3   3,2  10,2  29,5   12:48    SW
25  13,4  20,4   14:08   7,5   06:57   2,9   0,8   0,0   4,2  15,8   11:29   SSE
26  15,1  20,7   14:10  11,3   07:26   1,5   1,1   0,0  15,7  35,6   12:33   SSW
27  16,5  22,2   11:07  11,8   03:21   1,0   2,1   0,0  16,1  49,0   11:47   SSW
28  16,7  21,3   13:48  12,5   05:39   0,7   1,9   0,0  17,1  41,8   17:09   SSW
29  14,6  17,4   11:09  10,9   22:51   1,2   0,4   0,0  11,0  30,6   06:18    SW
30   9,8  12,4   12:58   4,5   23:45   5,7   0,0   0,0   7,8  29,5   13:43   SSW
31   6,6  13,4   13:38   0,7   06:37   8,9   0,0   0,0   6,0  19,4   11:37    SE
----------------------------------------------------------------------------------
    11,5  23,4    23    -1,8     4   138,0  14,3  16,5   9,1  49,0    27     SSW

Max >=  25,0:  0
Max <=  15,0: 11
Min <=  10,0: 20
Min <= -10,0:  0
Max Rain: 5,7 on day 16
Days of Rain: 7 (>= 0,2 mm)  3 (>= 2,0 mm)  0 (>= 20,0 mm)
Heat Base: 15,5  Cool Base: 15,5  Method: Integration