Raporty NOAA



Report for 2013 Wrz
                   Monthly Climatological Summary for wrz 2013

Name: Pogoda w Radlinie   City: Radlin   State: Woj. slaskie
Elevation: 285 m  Lat: N 50° 02' 43"   Lon: E 018° 29' 36"

                  Temperature (°C), Rain (mm), Wind Speed (km/h)

                                      Heat  Cool        Avg
    Mean                              Deg   Deg         Wind                 Dom
Day Temp  High   Time   Low    Time   Days  Days  Rain  Speed High   Time    Dir
----------------------------------------------------------------------------------
 1  14,9  17,3   15:07  12,3   23:11   0,9   0,3   3,7  10,1  35,6   08:40   NNW
 2  13,9  18,7   13:56   9,0   06:10   2,1   0,5   1,3  13,4  39,2   12:25   WSW
 3  15,4  20,7   16:51  10,8   23:54   1,3   1,3   9,4  11,9  31,7   12:35    NW
 4  15,5  21,3   14:30  10,6   01:22   1,7   1,7   0,0   2,7  18,4   14:24    NW
 5  17,2  22,6   15:29  13,1   23:30   0,7   2,3   0,0   4,4  17,3   15:32     E
 6  15,8  22,2   16:32   9,0   06:19   1,9   2,1   0,0   9,0  34,2   13:07     E
 7  16,2  24,0   16:11   8,7   02:59   2,0   2,7   0,0   5,2  14,8   13:08     E
 8  17,6  26,0   14:52   9,8   06:24   1,5   3,6   0,0   8,3  22,0   17:52   ESE
 9  15,4  20,2   12:08  12,9   22:54   0,6   0,6   4,8   8,7  36,7   12:28   SSE
10  16,1  22,9   15:56   8,9   05:00   1,9   2,5   0,1   5,6  28,1   23:56     S
11  11,9  16,7   00:00   9,2   23:55   3,7   0,0   9,1   6,4  36,7   00:01   WSW
12  12,9  19,1   13:47   7,8   02:20   3,1   0,5   0,3   6,2  22,0   13:11     S
13  11,9  15,4   15:14   9,5   04:57   3,6   0,0  10,0   6,1  15,8   07:41   WSW
14  13,0  15,7   16:40  10,6   03:44   2,5   0,0   4,7   7,8  29,5   03:55   WSW
15  15,5  19,1   15:28  11,1   06:55   1,0   1,0   0,0   9,1  27,0   15:44   SSW
16  16,3  20,7   15:12  13,3   23:52   0,4   1,2   4,3   8,2  28,1   15:31    SW
17  10,3  13,7   01:58   7,3   23:20   5,2   0,0  11,6  11,2  41,8   10:00    NW
18  10,6  15,3   14:00   5,8   06:18   4,8   0,0   1,1  10,9  29,5   12:15   SSW
19  10,6  13,7   16:42   8,5   06:36   4,9   0,0   0,7  10,1  29,5   11:26    NW
20  11,3  15,4   13:52   8,1   06:34   4,2   0,0   0,1   9,1  25,6   12:47    SW
21  12,5  15,5   14:56  10,7   22:55   3,0   0,0   0,8   7,4  20,9   15:15   NNW
22  12,6  16,5   15:07   8,2   05:42   3,0   0,0   0,0   7,0  18,4   12:35   WSW
23  14,0  16,9   12:31  12,6   00:11   1,6   0,1   2,5  15,1  40,3   10:57   WNW
24  11,3  13,4   00:01   9,2   23:46   4,2   0,0  12,8   9,7  30,6   22:33   WNW
25  10,4  13,5   14:24   7,1   05:24   5,1   0,0   0,4   4,2  13,3   00:12   ESE
26  10,9  14,8   13:42   6,3   23:58   4,6   0,0   5,3  12,0  50,0   13:44     W
27   8,6  12,8   14:24   6,1   00:11   6,9   0,0   0,0   5,3  15,8   07:28   NNW
28   8,5  14,4   15:51   3,9   05:44   7,0   0,0   0,0   5,4  15,8   13:53   WSW
29   8,4  15,2   14:12   2,8   06:45   7,1   0,0   0,0   7,3  24,5   16:17   ENE
30   7,9  13,5   15:10   4,2   05:28   7,6   0,0   0,0  13,9  47,9   11:50   ENE
----------------------------------------------------------------------------------
    12,9  26,0     8     2,8    29    98,1  20,4  83,0   8,4  50,0    26       W

Max >=  25,0:  1
Max <=  15,0:  8
Min <=  10,0: 20
Min <= -10,0:  0
Max Rain: 12,8 on day 24
Days of Rain: 17 (>= 0,2 mm)  11 (>= 2,0 mm)  0 (>= 20,0 mm)
Heat Base: 15,5  Cool Base: 15,5  Method: Integration