Raporty NOAA



Report for 2013 Sie
                   Monthly Climatological Summary for sie 2013

Name: Pogoda w Radlinie   City: Radlin   State: Woj. slaskie
Elevation: 285 m  Lat: N 50° 02' 43"   Lon: E 018° 29' 36"

                  Temperature (°C), Rain (mm), Wind Speed (km/h)

                                      Heat  Cool        Avg
    Mean                              Deg   Deg         Wind                 Dom
Day Temp  High   Time   Low    Time   Days  Days  Rain  Speed High   Time    Dir
----------------------------------------------------------------------------------
 1  21,8  27,0   16:32  15,8   05:30   0,0   6,3   0,0   4,4  17,3   14:31    NW
 2  24,1  31,3   17:17  15,8   05:38   0,0   8,6   0,0   4,7  19,4   17:18     E
 3  25,9  33,1   16:44  17,8   05:07   0,0  10,5   0,0   4,6  20,9   15:16   ENE
 4  24,5  29,5   17:35  19,1   06:11   0,0   9,0   2,2   7,5  30,6   22:47   NNE
 5  23,1  29,5   17:57  17,0   04:55   0,0   7,6   0,3   4,7  31,7   00:29   SSE
 6  26,3  33,3   16:19  18,1   05:33   0,0  10,8   0,0   5,2  17,3   15:46    SE
 7  27,3  34,0   16:27  20,6   06:08   0,0  11,8   0,0   7,1  30,6   05:07   SSW
 8  29,6  36,6   16:37  23,0   03:11   0,0  14,1   0,0  10,5  37,8   12:08     S
 9  23,5  28,3   16:19  17,6   23:39   0,0   8,0   0,0  12,2  36,7   21:51   NNW
10  15,9  19,2   19:08  13,1   08:50   0,6   1,0  10,5   8,8  28,1   03:28   WNW
11  19,0  25,3   17:08  12,3   05:22   0,6   4,1   0,0   6,7  19,4   21:40    SE
12  19,9  25,1   17:48  15,0   05:07   0,0   4,4   0,0   5,3  25,6   17:51    SW
13  18,5  22,0   14:22  14,0   23:27   0,1   3,1   6,6   8,8  28,1   10:22   WSW
14  16,3  20,8   16:08  12,3   23:45   0,8   1,6   0,0   5,8  20,9   12:12    NW
15  16,2  22,4   16:56   9,4   05:24   1,6   2,2   0,0   4,0  18,4   15:26    NE
16  18,0  25,0   17:20   9,4   05:39   1,4   3,9   0,0   4,8  17,3   10:52     E
17  20,8  28,5   16:42  11,8   05:58   0,5   5,8   0,0   6,3  24,5   13:16     S
18  23,4  31,2   16:14  14,9   04:47   0,0   8,0   0,0   9,1  30,6   14:09   SSW
19  22,6  28,9   14:47  17,3   23:32   0,0   7,1   3,0   7,6  45,4   23:55     N
20  16,0  17,3   00:00  14,8   23:23   0,1   0,6   6,5   9,1  28,1   13:31   NNW
21  15,7  19,5   17:51  12,9   23:50   0,6   0,8   0,4   7,3  22,0   09:41     N
22  15,6  21,0   17:11  10,7   05:21   1,5   1,6   0,0   3,5  15,8   12:55   NNE
23  16,5  22,1   13:42  10,7   04:46   1,3   2,3   0,0   4,7  18,4   16:11    NE
24  17,1  23,1   14:22  11,9   05:15   0,9   2,5   0,0   7,4  25,6   14:12     E
25  17,7  23,7   14:51  11,2   05:42   1,0   3,3   0,0  12,6  40,3   11:07     E
26  16,9  21,6   13:26  12,4   05:46   0,4   1,8   1,6  12,6  37,8   10:40     E
27  15,6  18,7   11:07  12,7   06:13   0,7   0,8   0,0  12,0  33,1   10:44     E
28  16,3  20,3   13:42  12,0   04:31   0,9   1,8   0,0   5,4  23,4   11:48    NE
29  15,7  21,0   12:43  11,9   07:11   0,8   1,0   0,1   6,6  20,9   12:59     N
30  16,8  23,9   15:27  10,7   06:23   1,4   2,7   0,0   4,6  20,9   14:37    NW
31  16,8  24,3   13:11  11,8   06:20   1,1   2,4   1,0   7,7  29,5   13:53     S
----------------------------------------------------------------------------------
    19,8  36,6     8     9,4    15    16,3 149,5  32,2   7,1  45,4    19      NE

Max >=  25,0: 15
Max <=  15,0:  0
Min <=  10,0:  2
Min <= -10,0:  0
Max Rain: 10,5 on day 10
Days of Rain: 9 (>= 0,2 mm)  5 (>= 2,0 mm)  0 (>= 20,0 mm)
Heat Base: 15,5  Cool Base: 15,5  Method: Integration