Raporty NOAA



Report for 2013 Lip
                   Monthly Climatological Summary for lip 2013

Name: Pogoda w Radlinie   City: Radlin   State: Woj. slaskie
Elevation: 285 m  Lat: N 50° 02' 43"   Lon: E 018° 29' 36"

                  Temperature (°C), Rain (mm), Wind Speed (km/h)

                                      Heat  Cool        Avg
    Mean                              Deg   Deg         Wind                 Dom
Day Temp  High   Time   Low    Time   Days  Days  Rain  Speed High   Time    Dir
----------------------------------------------------------------------------------
 1  16,1  23,6   18:12   8,3   03:18   1,8   2,4   0,0   7,9  23,4   17:41   SSW
 2  20,1  26,0   17:07  12,2   04:08   0,5   5,1   0,0   9,3  29,5   13:46     S
 3  22,9  28,4   18:42  15,1   04:32   0,0   7,4   0,0   7,8  20,9   12:52   SSE
 4  23,3  29,1   17:07  15,7   04:44   0,0   7,7   0,0   7,5  25,6   22:14    SW
 5  20,5  24,6   14:14  17,5   05:07   0,0   5,0   1,2  11,0  34,2   14:56   NNW
 6  19,6  24,0   18:19  16,5   05:09   0,0   4,0  12,4   7,6  22,0   04:36     N
 7  20,6  25,2   16:22  16,3   23:54   0,0   5,1   0,0   6,2  23,4   17:39     N
 8  19,8  25,6   16:55  13,3   04:48   0,3   4,6   0,0   5,5  22,0   11:28   NNE
 9  21,5  27,4   17:13  13,8   04:55   0,2   6,2   0,0   4,9  20,9   13:12    NE
10  21,7  27,4   14:53  15,5   05:40   0,0   6,2   0,0   7,9  22,0   20:15    NW
11  17,1  20,5   14:17  13,8   23:21   0,2   1,7   0,1  11,7  29,5   14:55    NW
12  14,8  19,4   15:59  12,9   06:39   1,1   0,4  10,9  10,4  42,8   18:23   WNW
13  14,9  17,7   14:40  11,7   03:28   1,1   0,5   6,4   7,6  24,5   12:14     W
14  18,1  22,8   15:21  12,6   05:23   0,4   3,0   0,0  12,6  33,1   12:25    NW
15  15,4  17,7   15:33  14,4   21:45   0,3   0,2   1,3  10,6  41,8   16:14    NW
16  19,1  25,0   17:47  12,8   05:44   0,4   4,0   0,0   6,4  23,4   17:29    NW
17  20,8  26,9   15:25  13,9   05:15   0,2   5,4   0,0   4,9  17,3   11:43   SSW
18  21,6  27,0   15:11  15,4   04:36   0,0   6,1   0,0   3,8  17,3   14:43     N
19  22,4  27,6   16:43  15,4   05:26   0,0   6,9   0,0   7,4  24,5   15:54    NW
20  19,9  23,8   15:40  15,5   23:53   0,0   4,4   0,0   7,0  29,5   18:12   NNW
21  19,0  25,1   17:46  12,2   05:30   0,5   4,0   0,0   5,5  24,5   10:20     N
22  21,5  28,1   16:57  13,8   04:38   0,2   6,2   0,0   6,9  22,0   17:55   WNW
23  20,6  26,1   15:43  14,0   06:29   0,1   5,2   0,0   6,6  28,1   15:18     N
24  19,7  25,6   16:08  11,6   05:27   0,6   4,8   0,0   6,3  24,5   13:10   NNW
25  20,2  24,0   17:07  13,8   05:43   0,1   4,8   0,0   3,1  15,8   00:16   SSE
26  22,5  29,6   19:08  14,4   05:40   0,1   7,1   0,0   4,4  12,2   13:41    SE
27  25,2  31,4   16:17  17,3   05:19   0,0   9,7   0,0   6,1  15,8   08:46   SSE
28  28,3  35,1   15:51  20,9   05:08   0,0  12,8   0,0   8,5  25,6   14:19   SSE
29  29,4  35,5   15:16  22,9   04:33   0,0  14,0   0,0   6,7  42,8   23:39     S
30  21,0  24,3   15:23  17,9   09:08   0,0   5,5   2,5   9,1  30,6   08:51     W
31  21,0  27,4   15:31  15,1   04:00   0,0   5,5   0,0   7,7  40,3   18:25   WSW
----------------------------------------------------------------------------------
    20,6  35,5    29     8,3     1     8,1 165,9  34,8   7,3  42,8    12     WNW

Max >=  25,0: 20
Max <=  15,0:  0
Min <=  10,0:  1
Min <= -10,0:  0
Max Rain: 12,4 on day 6
Days of Rain: 6 (>= 0,2 mm)  4 (>= 2,0 mm)  0 (>= 20,0 mm)
Heat Base: 15,5  Cool Base: 15,5  Method: Integration