Raporty NOAA



Report for 2013 Cze
                   Monthly Climatological Summary for cze 2013

Name: Pogoda w Radlinie   City: Radlin   State: Woj. slaskie
Elevation: 285 m  Lat: N 50° 02' 43"   Lon: E 018° 29' 36"

                  Temperature (°C), Rain (mm), Wind Speed (km/h)

                                      Heat  Cool        Avg
    Mean                              Deg   Deg         Wind                 Dom
Day Temp  High   Time   Low    Time   Days  Days  Rain  Speed High   Time    Dir
----------------------------------------------------------------------------------
 1  12,4  14,7   12:08  10,4   05:45   3,1   0,0  10,7   9,3  24,5   20:17   SSW
 2  15,4  20,7   17:33  10,2   04:26   1,4   1,4   0,4   6,0  22,0   10:18     E
 3  12,7  15,1   00:00  11,0   18:45   2,8   0,0  14,4  15,8  40,3   16:59    NW
 4  12,1  13,3   23:09  11,3   06:33   3,4   0,0   6,3  16,3  36,7   03:20   NNW
 5  10,7  13,1   00:00   9,8   07:17   4,7   0,0  14,1  10,8  27,0   01:46   NNW
 6  13,0  15,4   16:55  10,3   02:28   2,5   0,0   0,4   6,7  15,8   17:09   NNW
 7  16,7  21,8   16:40  12,8   05:33   0,7   1,9   0,0   5,2  17,3   13:49     N
 8  18,2  24,1   14:14  12,9   05:23   2,7   0,0   7,4   3,8  17,3   14:34     N
 9  19,6  26,1   15:09  13,2   04:58   0,4   4,4   2,6   4,4  29,5   18:22   SSE
10  17,2  22,8   15:05  14,5   04:45   0,1   1,8  11,0   7,9  45,4   15:50    NW
11  13,2  15,7   00:00  11,6   23:09   2,2   0,0  23,9  10,0  33,1   10:21   NNW
12  16,1  21,7   19:12  10,9   03:45   1,4   2,1   0,0   5,3  19,4   13:42   NNE
13  18,8  25,4   18:40  10,5   04:49   1,1   4,4   0,0   5,2  18,4   16:50    SE
14  18,6  22,9   11:30  14,0   04:34   0,1   3,2   0,0  10,9  31,7   16:35    NW
15  20,2  26,2   18:44  14,5   04:12   0,1   4,7   0,2   7,4  22,0   08:29   ESE
16  21,3  26,0   14:13  15,7   04:52   0,0   5,8   2,5   6,7  20,9   15:41   SSW
17  23,1  28,8   18:21  16,5   04:27   0,0   7,6   0,0   4,9  17,3   14:11   NNE
18  25,5  32,0   16:25  19,3   04:50   0,0  10,0   0,0  10,9  29,5   10:53   SSW
19  25,1  29,8   15:16  19,2   05:24   0,0   9,5   0,0   8,4  27,0   23:21     E
20  26,6  33,6   16:40  19,4   04:55   0,0  11,2   0,0   7,7  24,5   18:09   ESE
21  26,3  30,9   10:28  21,6   23:38   0,0  10,7   0,0   8,8  28,1   12:31     W
22  22,4  26,5   15:34  19,4   23:22   0,0   6,9   0,0   8,0  24,5   13:41     N
23  21,7  25,7   17:41  17,5   05:11   0,0   6,2   0,0   5,9  19,4   15:52    NW
24  16,4  18,8   00:00  12,8   22:12   0,4   1,2  29,9  15,8  36,7   22:36    NW
25  13,2  14,6   16:30  11,4   23:54   2,3   0,0   5,6  14,5  37,8   18:22   WNW
26  11,9  13,4   10:08  10,9   23:19   3,7   0,0   9,1   9,6  17,3   18:20     W
27  13,4  17,0   17:53  10,5   04:46   2,2   0,1   0,1   5,4  20,9   16:52    NE
28  13,0  14,5   09:58  11,5   03:44   2,5   0,0   8,0   5,0  14,8   13:55     N
29  16,2  21,7   18:34  12,3   02:56   1,0   1,7   0,1   4,0  14,8   14:16     N
30  13,1  16,4   17:36  11,3   04:31   2,4   0,0   0,3   8,1  28,1   12:14    NW
----------------------------------------------------------------------------------
    17,5  33,6    20     9,8     5    41,2  94,8 147,0   8,3  45,4    10      NW

Max >=  25,0: 11
Max <=  15,0:  6
Min <=  10,0:  1
Min <= -10,0:  0
Max Rain: 29,9 on day 24
Days of Rain: 17 (>= 0,2 mm)  13 (>= 2,0 mm)  2 (>= 20,0 mm)
Heat Base: 15,5  Cool Base: 15,5  Method: Integration