Raporty NOAA



Report for 2013 Maj
                   Monthly Climatological Summary for maj 2013

Name: Pogoda w Radlinie   City: Radlin   State: Woj. slaskie
Elevation: 285 m  Lat: N 50° 02' 43"   Lon: E 018° 29' 36"

                  Temperature (°C), Rain (mm), Wind Speed (km/h)

                                      Heat  Cool        Avg
    Mean                              Deg   Deg         Wind                 Dom
Day Temp  High   Time   Low    Time   Days  Days  Rain  Speed High   Time    Dir
----------------------------------------------------------------------------------
 1  11,2  14,1   15:24   8,6   04:39   4,3   0,0   3,2  11,0  25,6   01:50   NNE
 2  12,3  15,6   17:22   8,4   05:09   3,2   0,0  10,7   7,4  24,5   04:49   ENE
 3  10,9  13,8   00:01   7,7   20:07   4,6   0,0  20,7   9,8  24,5   17:35    NW
 4  10,8  15,5   18:17   8,2   00:09   4,7   0,0   1,2   6,4  20,9   00:17    NW
 5  14,1  20,0   16:41   7,4   05:35   2,6   1,2   0,0   4,2  13,3   17:34     N
 6  17,5  22,8   13:45  11,9   01:09   0,8   2,8   0,0  11,7  33,1   10:51   ENE
 7  18,1  22,7   12:54  14,3   06:32   0,1   2,7   4,2   6,4  25,6   21:24   ESE
 8  19,7  26,2   13:52  13,2   05:17   0,2   4,5   0,1   6,3  29,5   14:29     S
 9  20,1  26,5   15:31  13,3   05:13   0,3   4,8   0,0   7,8  29,5   15:40     S
10  19,6  26,2   14:15  13,0   05:14   0,3   4,4   0,0  10,8  34,2   20:53   SSW
11  12,6  14,4   00:00  10,6   23:54   2,9   0,0  25,5  11,1  28,1   02:41   NNW
12  10,5  11,7   16:19   9,2   04:37   5,0   0,0  17,6   9,4  29,5   03:27   NNW
13  11,4  15,7   15:11   8,2   06:41   4,1   0,0   3,0  11,3  29,5   02:26    NW
14  14,2  20,7   17:41   8,3   05:57   2,4   1,1   0,0   4,8  17,3   13:17    SE
15  16,7  23,0   16:57   7,6   04:54   1,8   3,0   0,0   7,9  23,4   17:17   ESE
16  19,9  26,3   15:35  13,0   02:28   0,5   4,8   0,0   9,8  28,1   14:34    SE
17  19,0  24,0   12:55  15,7   06:41   0,0   3,5   0,1   9,8  23,4   02:40   ESE
18  17,1  22,0   17:08  12,1   23:49   0,3   1,9   0,3  10,9  37,8   11:45   SSW
19  20,1  27,1   17:09  11,4   00:53   0,8   5,4   0,1   9,3  28,1   10:45   SSE
20  18,0  21,1   15:26  12,3   23:54   0,3   2,7   2,2  12,0  37,8   13:55    SW
21  14,3  18,6   15:21  10,5   23:54   1,9   0,6   0,8   7,9  31,7   12:07     S
22  13,6  18,9   17:55   9,8   23:58   2,3   0,5   2,0   8,9  29,5   23:08    SW
23   9,4  12,2   14:37   7,3   04:57   6,1   0,0   0,2   9,6  33,1   00:54   NNW
24   9,7  11,5   15:56   7,8   05:44   5,8   0,0   0,0   6,8  18,4   12:58   NNW
25  11,0  14,4   16:32   8,5   03:37   4,5   0,0   1,1   8,8  24,5   13:45   WSW
26  12,0  17,0   16:07   6,6   05:12   3,6   0,1   0,0  10,7  29,5   14:44   SSW
27   9,8  13,9   14:20   6,4   04:28   5,7   0,0   0,5  13,0  28,1   10:54   SSW
28  11,1  16,4   18:58   8,8   07:55   4,4   0,0  22,7  12,3  35,6   07:27     S
29  17,1  22,3   16:13  10,0   03:17   1,2   2,7   0,4   9,3  37,8   15:09    SE
30  14,4  16,0   17:22  12,8   09:44   1,2   0,0  11,8   4,8  19,4   10:52   NNW
31  14,5  18,7   18:26  10,6   05:56   1,5   0,6   6,9   8,8  30,6   13:36     S
----------------------------------------------------------------------------------
    14,5  27,1    19     6,4    27    77,4  47,3 135,3   9,0  37,8    18       S

Max >=  25,0:  5
Max <=  15,0:  8
Min <=  10,0: 17
Min <= -10,0:  0
Max Rain: 25,5 on day 11
Days of Rain: 19 (>= 0,2 mm)  12 (>= 2,0 mm)  3 (>= 20,0 mm)
Heat Base: 15,5  Cool Base: 15,5  Method: Integration